-- https://www.phpmyadmin.net/
--

START TRANSACTION;



--
-- Database: `EasyUp`
--

-- --------------------------------------------------------

--
-- Table structure for table `activity_log`
--

CREATE TABLE `activity_log` (
  `id` int(11) NOT NULL,
  `user_id` int(11) NOT NULL,
  `action` varchar(255) NOT NULL,
  `message` text NOT NULL,
  `timestamp` timestamp NOT NULL DEFAULT CURRENT_TIMESTAMP ON UPDATE CURRENT_TIMESTAMP
) ENGINE=InnoDB DEFAULT CHARSET=utf8;

--
-- Dumping data for table `activity_log`
--

-- --------------------------------------------------------

--
-- Table structure for table `auth_assignment`
--

CREATE TABLE `auth_assignment` (
  `item_name` varchar(64) NOT NULL,
  `user_id` varchar(64) NOT NULL,
  `created_at` int(11) DEFAULT NULL
) ENGINE=InnoDB DEFAULT CHARSET=latin1;

--
-- Dumping data for table `auth_assignment`
--

INSERT INTO `auth_assignment` (`item_name`, `user_id`, `created_at`) VALUES
('Admin', '1', 1486036625);

-- --------------------------------------------------------

--
-- Table structure for table `auth_item`
--

CREATE TABLE `auth_item` (
  `name` varchar(64) NOT NULL,
  `type` int(11) NOT NULL,
  `description` text,
  `rule_name` varchar(64) DEFAULT NULL,
  `data` text,
  `created_at` int(11) DEFAULT NULL,
  `updated_at` int(11) DEFAULT NULL
) ENGINE=InnoDB DEFAULT CHARSET=latin1;

--
-- Dumping data for table `auth_item`
--

INSERT INTO `auth_item` (`name`, `type`, `description`, `rule_name`, `data`, `created_at`, `updated_at`) VALUES
('/*', 2, '', '', '', 1486032111, 1486032111),
('Admin', 1, '', '', '', 1486031763, 1486031763),
('administration_module', 2, '', '', '', 1486036233, 1678126713),
('blog_create', 2, '', '', '', 1683122734, 1683122734),
('blog_delete', 2, '', '', '', 1683122752, 1683122752),
('blog_list', 2, '', '', '', 1683122758, 1683122758),
('blog_module', 2, '', '', '', 1683122724, 1683122724),
('blog_update', 2, '', '', '', 1683122743, 1683122743),
('category_archive', 2, '', '', '', 1486034662, 1486034662),
('category_create', 2, '', '', '', 1486034642, 1486034642),
('category_delete', 2, '', '', '', 1486034655, 1486034655),
('category_list', 2, '', '', '', 1486034635, 1486034635),
('category_module', 2, '', '', '', 1486034627, 1486034627),
('category_update', 2, '', '', '', 1486034649, 1486034649),
('category_view', 2, '', '', '', 1486034895, 1486034895),
('form_create', 2, '', '', '', 1486628055, 1486628055),
('form_delete', 2, '', '', '', 1486628099, 1486628099),
('form_list', 2, '', '', '', 1486628105, 1486628105),
('form_module', 2, '', '', '', 1486627711, 1486627711),
('form_update', 2, '', '', '', 1486628130, 1486628130),
('form_view', 2, '', '', '', 1486628093, 1486628093),
('gallery_archive', 2, '', '', '', 1486034043, 1486034043),
('gallery_create', 2, '', '', '', 1486034015, 1486034015),
('gallery_delete', 2, '', '', '', 1486034028, 1486034028),
('gallery_list', 2, '', '', '', 1486033867, 1486033867),
('gallery_module', 2, '', '', '', 1486034000, 1486034000),
('gallery_update', 2, '', '', '', 1486034022, 1486034022),
('gallery_view', 2, '', '', '', 1486034036, 1486034036),
('job_create', 2, '', '', '', 1683122627, 1683122627),
('job_delete', 2, '', '', '', 1683122642, 1683122642),
('job_list', 2, '', '', '', 1683122621, 1683122621),
('job_module', 2, '', '', '', 1683122612, 1683122612),
('job_update', 2, '', '', '', 1683122633, 1683122633),
('mail_subscriber', 2, '', '', '', 1683209809, 1683209809),
('menu_module', 2, '', '', '', 1486035475, 1486035475),
('page_archive', 2, '', '', '', 1486033027, 1486033027),
('page_copy', 2, '', '', '', 1486033678, 1486033678),
('page_create', 2, '', '', '', 1486032854, 1486032854),
('page_delete', 2, '', '', '', 1486032868, 1486032868),
('page_list', 2, '', '', '', 1486032881, 1486032881),
('page_module', 2, '', '', '', 1486032846, 1486032846),
('page_update', 2, '', '', '', 1486032860, 1486032860),
('page_view', 2, '', '', '', 1486033501, 1486033501),
('product_archive', 2, '', '', '', 1486035005, 1486035005),
('product_copy', 2, '', '', '', 1486035248, 1486035248),
('product_create', 2, '', '', '', 1486034977, 1486034977),
('product_delete', 2, '', '', '', 1486034992, 1486034992),
('product_list', 2, '', '', '', 1486034970, 1486034970),
('product_module', 2, '', '', '', 1486034960, 1486034960),
('product_update', 2, '', '', '', 1486034984, 1486034984),
('product_view', 2, '', '', '', 1486034998, 1486034998),
('settings_module', 2, '', '', '', 1486036037, 1486036037),
('subscriber_create', 2, '', '', '', 1683209782, 1683209782),
('subscriber_delete', 2, '', '', '', 1683209865, 1683209865),
('subscriber_module', 2, '', '', '', 1683209772, 1683209772),
('tag_archived', 2, '', '', '', 1679143034, 1679143034),
('tag_create', 2, '', '', '', 1679142983, 1679142983),
('tag_list', 2, '', '', '', 1679143007, 1679143007),
('tag_module', 2, '', '', '', 1508393038, 1508393038),
('tag_update', 2, '', '', '', 1679142998, 1679142998),
('tag_view', 2, '', '', '', 1679143016, 1679143016),
('type_create', 2, '', '', '', 1486035653, 1486035653),
('type_delete', 2, '', '', '', 1486035666, 1486035666),
('type_list', 2, '', '', '', 1486035647, 1486035647),
('type_module', 2, '', '', '', 1486035637, 1486035637),
('type_update', 2, '', '', '', 1486035660, 1486035660),
('type_view', 2, '', '', '', 1486035674, 1486035674),
('user_create', 2, '', '', '', 1486032333, 1486032478),
('user_delete', 2, '', '', '', 1486032552, 1486032552),
('user_list', 2, '', '', '', 1486032296, 1486032363),
('user_module', 2, '', '', '', 1486031494, 1486031494),
('user_update', 2, '', '', '', 1486032427, 1486032427),
('variation_create', 2, '', '', '', 1486035284, 1486035284),
('variation_delete', 2, '', '', '', 1486035299, 1486035299),
('variation_module', 2, '', '', '', 1486035355, 1486035355),
('variation_update', 2, '', '', '', 1486035291, 1486035291);

-- --------------------------------------------------------

--
-- Table structure for table `auth_item_child`
--

CREATE TABLE `auth_item_child` (
  `parent` varchar(64) NOT NULL,
  `child` varchar(64) NOT NULL
) ENGINE=InnoDB DEFAULT CHARSET=latin1;

--
-- Dumping data for table `auth_item_child`
--

INSERT INTO `auth_item_child` (`parent`, `child`) VALUES
('Admin', '/*'),
('Admin', 'administration_module'),
('Admin', 'blog_module'),
('Admin', 'category_module'),
('Admin', 'form_module'),
('Admin', 'gallery_module'),
('Admin', 'job_module'),
('Admin', 'menu_module'),
('Admin', 'page_module'),
('Admin', 'product_module'),
('Admin', 'settings_module'),
('Admin', 'subscriber_module'),
('Admin', 'tag_module'),
('Admin', 'type_module'),
('Admin', 'user_module'),
('Admin', 'variation_module'),
('blog_module', 'blog_create'),
('blog_module', 'blog_delete'),
('blog_module', 'blog_list'),
('blog_module', 'blog_update'),
('category_module', 'category_archive'),
('category_module', 'category_create'),
('category_module', 'category_delete'),
('category_module', 'category_list'),
('category_module', 'category_update'),
('category_module', 'category_view'),
('form_module', 'form_create'),
('form_module', 'form_delete'),
('form_module', 'form_list'),
('form_module', 'form_update'),
('form_module', 'form_view'),
('gallery_module', 'gallery_archive'),
('gallery_module', 'gallery_create'),
('gallery_module', 'gallery_delete'),
('gallery_module', 'gallery_list'),
('gallery_module', 'gallery_update'),
('gallery_module', 'gallery_view'),
('job_module', 'job_create'),
('job_module', 'job_delete'),
('job_module', 'job_list'),
('job_module', 'job_update'),
('page_module', 'page_archive'),
('page_module', 'page_copy'),
('page_module', 'page_create'),
('page_module', 'page_delete'),
('page_module', 'page_list'),
('page_module', 'page_update'),
('page_module', 'page_view'),
('product_module', 'product_archive'),
('product_module', 'product_copy'),
('product_module', 'product_create'),
('product_module', 'product_delete'),
('product_module', 'product_list'),
('product_module', 'product_update'),
('product_module', 'product_view'),
('subscriber_module', 'mail_subscriber'),
('subscriber_module', 'subscriber_create'),
('subscriber_module', 'subscriber_delete'),
('tag_module', 'tag_archived'),
('tag_module', 'tag_create'),
('tag_module', 'tag_list'),
('tag_module', 'tag_update'),
('tag_module', 'tag_view'),
('type_module', 'type_create'),
('type_module', 'type_delete'),
('type_module', 'type_list'),
('type_module', 'type_update'),
('type_module', 'type_view'),
('user_module', 'user_create'),
('user_module', 'user_delete'),
('user_module', 'user_list'),
('user_module', 'user_update'),
('variation_module', 'variation_create'),
('variation_module', 'variation_delete'),
('variation_module', 'variation_update');

-- --------------------------------------------------------

--
-- Table structure for table `auth_rule`
--

CREATE TABLE `auth_rule` (
  `name` varchar(64) NOT NULL,
  `data` text,
  `created_at` int(11) DEFAULT NULL,
  `updated_at` int(11) DEFAULT NULL
) ENGINE=InnoDB DEFAULT CHARSET=latin1;

-- --------------------------------------------------------

--
-- Table structure for table `blog`
--

CREATE TABLE `blog` (
  `id` int(11) NOT NULL,
  `category_id` int(11) DEFAULT NULL,
  `title` varchar(255) NOT NULL,
  `slug` varchar(255) NOT NULL,
  `subtitle` text,
  `link` text,
  `date` date DEFAULT NULL,
  `body` longtext,
  `status` int(1) DEFAULT '0',
  `sort_order` int(11) DEFAULT NULL,
  `title_tag` varchar(255) DEFAULT NULL,
  `meta_title` varchar(255) DEFAULT NULL,
  `meta_description` text,
  `og_title` varchar(255) DEFAULT NULL,
  `og_description` text,
  `created_by` int(11) DEFAULT NULL,
  `created_at` datetime DEFAULT NULL,
  `updated_by` int(11) DEFAULT NULL,
  `updated_at` timestamp NULL DEFAULT CURRENT_TIMESTAMP
) ENGINE=InnoDB DEFAULT CHARSET=utf8mb4;

--
-- Dumping data for table `blog`
--

INSERT INTO `blog` (`id`, `category_id`, `title`, `slug`, `subtitle`, `link`, `date`, `body`, `status`, `sort_order`, `title_tag`, `meta_title`, `meta_description`, `og_title`, `og_description`, `created_by`, `created_at`, `updated_by`, `updated_at`) VALUES
(1, 1, '3 Fundamental Components of Web Development', '3-fundamental-components-of-web-development', NULL, '', '2023-05-05', '<div class=\"row upper-text\">\n <div class=\"col-md-12\">\n                     <h4>In the fast-paced and competitive world of software development, delivering high-quality applications is paramount. Quality Assurance (QA) plays a crucial role in ensuring that software meets the highest standards and fulfills user expectations. In this blog post, we will explore the importance of QA in software development and how it contributes to the success of projects.</h4>\n</div>\n                  </div>\n<div class=\"row\">\n<div class=\"col-sm-12\">\n                        <h2>Ensuring User Satisfaction</h2>\n\n                        <p>\n                           Quality assurance is all about delivering software that meets or exceeds user expectations. By conducting thorough testing and validation processes, QA teams identify and address potential issues, bugs, and usability concerns. This ensures that the end product is reliable, user-friendly, and capable of delivering a seamless experience. By consistently meeting user expectations, organizations can build trust, retain customers, and gain a competitive edge in the market.\n                        </p>\n\n                        <h2>Reducing Costs and Saving Time</h2>\n\n                        <p>\n                           While some may perceive QA as an additional expense, it is, in fact, a cost-saving measure in the long run. By identifying and rectifying issues early in the development cycle, QA helps prevent the need for costly rework or expensive bug fixes later. Moreover, efficient QA practices help streamline the development process, optimize resource allocation, and minimize project delays. By investing in QA upfront, organizations can save both time and money while ensuring the timely delivery of high-quality software.\n                        </p>\n\n                        <table>\n                           <tbody><tr>\n                              <th>Importance of QA in Software Development</th>\n                              <th>Examples of QA Activities</th>\n                           </tr>\n                           <tr>\n                              <td>\n                                 Ensuring User Satisfaction\n                              </td>\n                              <td>User acceptance testing, usability testing, and bug identification and fixing</td>\n                           </tr>\n                           <tr>\n                              <td>Reducing Costs and Saving Time</td>\n                              <td>\n                                 Test automation development, early defect detection, and continuous integration and testing\n                              </td>\n                           </tr>\n <tr>\n                              <td>Enhancing Software Reliability</td>\n                              <td>\n                                 Functional testing, performance testing, and security testing\n                              </td>\n                           </tr>\n<tr>\n                              <td>Maintaining Security and Data Integrity</td>\n                              <td>\n                                 Vulnerability assessments, penetration testing, and code reviews\n                              </td>\n                           </tr>\n<tr>\n                              <td>Building Brand Reputation</td>\n                              <td>\n                                 User experience testing, feedback and bug reporting, and regular software updates\n                              </td>\n                           </tr>\n                        </tbody></table>\n\n                        <h2>Gallery</h2>\n\n                        <div class=\"gallery\">\n                           <div class=\"row Light\">\n                              <div class=\"col-md-4\">\n                                 <div class=\"img-wrapper\">\n                                    <a class=\"img\" href=\"https://codecanyon.bestinbd.com/WEBSITE/admin/uploads/editor_image/16845081441064664788_.jpg\">\n                                       <img class=\"img\" src=\"https://codecanyon.bestinbd.com/WEBSITE/admin/uploads/editor_image/16845081441064664788_.jpg\">\n                                    </a>\n\n                                 </div>\n                              </div>\n                              <div class=\"col-md-4\">\n                                 <div class=\"img-wrapper\">\n                                    <a class=\"img\" href=\"https://codecanyon.bestinbd.com/WEBSITE/admin/uploads/editor_image/16845083321937612471_.jpg\">\n                                       <img class=\"img\" src=\"https://codecanyon.bestinbd.com/WEBSITE/admin/uploads/editor_image/16845083321937612471_.jpg\">\n                                    </a>\n                                 </div>\n                              </div>\n                              <div class=\"col-md-4\">\n                                 <div class=\"img-wrapper\">\n                                    <a class=\"img\" href=\"https://codecanyon.bestinbd.com/WEBSITE/admin/uploads/editor_image/16845083452104250121_.jpg\">\n                                       <img class=\"img\" src=\"https://codecanyon.bestinbd.com/WEBSITE/admin/uploads/editor_image/16845083452104250121_.jpg\">\n                                    </a>\n                                 </div>\n                              </div>\n                              <div class=\"col-md-4\">\n                                 <div class=\"img-wrapper\">\n                                    <a class=\"img\" href=\"https://codecanyon.bestinbd.com/WEBSITE/admin/uploads/editor_image/16845083651716239641_.jpg\">\n                                    <img class=\"img\" src=\"https://codecanyon.bestinbd.com/WEBSITE/admin/uploads/editor_image/16845083651716239641_.jpg\" style=\"width: 420px;\">\n                                    </a>\n                                 </div>\n                              </div>\n                              <div class=\"col-md-4\">\n                                 <div class=\"img-wrapper\">\n                                    <a class=\"img\" href=\"https://codecanyon.bestinbd.com/WEBSITE/admin/uploads/editor_image/16845083771443681144_.jpg\">\n                                       <img class=\"img\" src=\"https://codecanyon.bestinbd.com/WEBSITE/admin/uploads/editor_image/16845083771443681144_.jpg\">\n                                    </a>\n                                 </div>\n                              </div>\n\n                              <div class=\"col-md-4\">\n                                 <div class=\"img-wrapper\">\n                                    <a class=\"img\" href=\"https://codecanyon.bestinbd.com/WEBSITE/admin/uploads/editor_image/168450845596812611_.jpg\">\n                                       <img class=\"img\" src=\"https://codecanyon.bestinbd.com/WEBSITE/admin/uploads/editor_image/168450845596812611_.jpg\">\n                                    </a>\n                                 </div>\n                              </div>\n\n\n                           </div>\n                        </div>\n\n                        <h2>Importance of QA in Developing High-end Products</h2>\n\n                        <p>\n                           Quality Assurance is not merely an afterthought or a checkbox to be ticked off during software development; it is an integral and essential part of the process. By investing in QA practices, organizations can ensure user satisfaction, reduce costs, enhance software reliability, maintain security, and build a strong brand reputation. Emphasizing QA from the early stages of development ultimately leads to higher-quality software, increased customer trust, and long-term success in the dynamic world of software development.\n                        </p>\n                     </div>\n\n                     <div class=\"col-md-4\">\n                        <h5>Revamped UI/UX</h5>\n                        <p>\n                           The app’s UI/UX was modernized and refined to reflect the global brand essence for MJL’s\n                           Mobil.\n                        </p>\n                     </div>\n\n                     <div class=\"col-md-4\">\n                        <h5>Seamless Performance</h5>\n                        <p>\n                           The objective of this project was to ensure the implementation of prime performance features\n                           that would enhance the usability.\n                        </p>\n                     </div>\n\n                     <div class=\"col-md-4\">\n                        <h5>Security Seal Repository </h5>\n                        <p>\n                           The app’s UI/UX was modernized and refined to reflect the global brand essence for MJL’s\n                           Mobil.\n                        </p>\n                     </div>\n\n                     <div class=\"col-md-4\">\n                        <h5>Deep Linking</h5>\n                        <p>\n                           The app’s UI/UX was modernized and refined to reflect the global brand essence for MJL’s\n                           Mobil.\n                        </p>\n                     </div>\n\n                     <div class=\"col-md-4\">\n                        <h5>Referral System</h5>\n                        <p>\n                           Implementing the referral system for the app is a significant feature that encourages users\n                           to share the brand with their family and friends, thus, motivating potential customers to\n                           transform into actual users.\n                        </p>\n                     </div>\n\n\n                     <div class=\"col-sm-12 video\">\n                        <div class=\"video-wrapper Light\">\n                           <a href=\"https://www.youtube.com/watch?v=taIqmr_fCD4\"></a>\n\n                           <img class=\"img\" src=\"https://codecanyon.bestinbd.com/WEBSITE/admin/uploads/editor_image/16845092381197661416_.jpg\" alt=\"\">\n\n                           <div class=\"video-icon\">\n                              <div class=\"icon-inner\">\n                                 <svg width=\"60\" height=\"60\" viewBox=\"0 0 60 60\">\n                                    <g id=\"Group_14000\" data-name=\"Group 14000\" transform=\"translate(0.49)\">\n                                       <g id=\"Ellipse_381\" data-name=\"Ellipse 381\" transform=\"translate(-0.49)\" fill=\"#060D34\" stroke=\"none\" stroke-width=\"1\">\n                                          <circle cx=\"30\" cy=\"30\" r=\"30\" stroke=\"none\"></circle>\n                                          <circle class=\"video-hover\" cx=\"30\" cy=\"30\" r=\"30.5\" fill=\"#2BC6EB\"></circle>\n                                       </g>\n                                       <path id=\"Polygon_2\" data-name=\"Polygon 2\" d=\"M8.143,1.429a1,1,0,0,1,1.715,0l7.234,12.056A1,1,0,0,1,16.234,15H1.766a1,1,0,0,1-.857-1.514Z\" transform=\"translate(39.51 21) rotate(90)\" fill=\"#fff\"></path>\n                                    </g>\n                                 </svg>\n                              </div>\n                           </div>\n                        </div>\n                     </div>\n\n           \n\n                     <div class=\"col-md-4 counter\">\n                        <h3 class=\"anim fade-up\">50%</h3>\n                        <p class=\"anim fade-up\">Increase in Development Efficiency</p>\n                     </div>\n\n                     <div class=\"col-md-4 counter\">\n                        <h3 class=\"anim fade-up\">+500</h3>\n                        <p class=\"anim fade-up\">Products Deployed Successfully</p>\n                     </div>\n\n                     <div class=\"col-md-4 counter\">\n                        <h3 class=\"anim fade-up\">24/7</h3>\n                        <p class=\"anim fade-up\">Stability</p>\n                     </div>\n</div>', 1, 3, '', '', '', '', '', 1, '2023-05-07 21:16:22', 1, '2023-05-22 11:21:07'),
(2, 2, 'Why Quality Assurance (QA) is Important in Software Development?', 'why-quality-assurance-qa-is-important-in-software-development', NULL, 'class=\"img\"  ', '2023-05-18', '<div class=\"row upper-text\">\n <div class=\"col-md-12\">\n                     <h4>In the fast-paced and competitive world of software development, delivering high-quality applications is paramount. Quality Assurance (QA) plays a crucial role in ensuring that software meets the highest standards and fulfills user expectations. In this blog post, we will explore the importance of QA in software development and how it contributes to the success of projects.</h4>\n</div>\n                  </div>\n<div class=\"row\">\n<div class=\"col-sm-12\">\n                        <h2>Ensuring User Satisfaction</h2>\n\n                        <p>\n                           Quality assurance is all about delivering software that meets or exceeds user expectations. By conducting thorough testing and validation processes, QA teams identify and address potential issues, bugs, and usability concerns. This ensures that the end product is reliable, user-friendly, and capable of delivering a seamless experience. By consistently meeting user expectations, organizations can build trust, retain customers, and gain a competitive edge in the market.\n                        </p>\n\n                        <h2>Reducing Costs and Saving Time</h2>\n\n                        <p>\n                           While some may perceive QA as an additional expense, it is, in fact, a cost-saving measure in the long run. By identifying and rectifying issues early in the development cycle, QA helps prevent the need for costly rework or expensive bug fixes later. Moreover, efficient QA practices help streamline the development process, optimize resource allocation, and minimize project delays. By investing in QA upfront, organizations can save both time and money while ensuring the timely delivery of high-quality software.\n                        </p>\n\n                        <table>\n                           <tbody><tr>\n                              <th>Importance of QA in Software Development</th>\n                              <th>Examples of QA Activities</th>\n                           </tr>\n                           <tr>\n                              <td>\n                                 Ensuring User Satisfaction\n                              </td>\n                              <td>User acceptance testing, usability testing, and bug identification and fixing</td>\n                           </tr>\n                           <tr>\n                              <td>Reducing Costs and Saving Time</td>\n                              <td>\n                                 Test automation development, early defect detection, and continuous integration and testing\n                              </td>\n                           </tr>\n <tr>\n                              <td>Enhancing Software Reliability</td>\n                              <td>\n                                 Functional testing, performance testing, and security testing\n                              </td>\n                           </tr>\n<tr>\n                              <td>Maintaining Security and Data Integrity</td>\n                              <td>\n                                 Vulnerability assessments, penetration testing, and code reviews\n                              </td>\n                           </tr>\n<tr>\n                              <td>Building Brand Reputation</td>\n                              <td>\n                                 User experience testing, feedback and bug reporting, and regular software updates\n                              </td>\n                           </tr>\n                        </tbody></table>\n\n                        <h2>Gallery</h2>\n\n                        <div class=\"gallery\">\n                           <div class=\"row Light\">\n                              <div class=\"col-md-4\">\n                                 <div class=\"img-wrapper\">\n                                    <a class=\"img\" href=\"https://codecanyon.bestinbd.com/WEBSITE/admin/uploads/editor_image/16845081441064664788_.jpg\">\n                                       <img class=\"img\" src=\"https://codecanyon.bestinbd.com/WEBSITE/admin/uploads/editor_image/16845081441064664788_.jpg\">\n                                    </a>\n\n                                 </div>\n                              </div>\n                              <div class=\"col-md-4\">\n                                 <div class=\"img-wrapper\">\n                                    <a class=\"img\" href=\"https://codecanyon.bestinbd.com/WEBSITE/admin/uploads/editor_image/16845083321937612471_.jpg\">\n                                       <img class=\"img\" src=\"https://codecanyon.bestinbd.com/WEBSITE/admin/uploads/editor_image/16845083321937612471_.jpg\">\n                                    </a>\n                                 </div>\n                              </div>\n                              <div class=\"col-md-4\">\n                                 <div class=\"img-wrapper\">\n                                    <a class=\"img\" href=\"https://codecanyon.bestinbd.com/WEBSITE/admin/uploads/editor_image/16845083452104250121_.jpg\">\n                                       <img class=\"img\" src=\"https://codecanyon.bestinbd.com/WEBSITE/admin/uploads/editor_image/16845083452104250121_.jpg\">\n                                    </a>\n                                 </div>\n                              </div>\n                              <div class=\"col-md-4\">\n                                 <div class=\"img-wrapper\">\n                                    <a class=\"img\" href=\"https://codecanyon.bestinbd.com/WEBSITE/admin/uploads/editor_image/16845083651716239641_.jpg\">\n                                    <img class=\"img\" src=\"https://codecanyon.bestinbd.com/WEBSITE/admin/uploads/editor_image/16845083651716239641_.jpg\" style=\"width: 420px;\">\n                                    </a>\n                                 </div>\n                              </div>\n                              <div class=\"col-md-4\">\n                                 <div class=\"img-wrapper\">\n                                    <a class=\"img\" href=\"https://codecanyon.bestinbd.com/WEBSITE/admin/uploads/editor_image/16845083771443681144_.jpg\">\n                                       <img class=\"img\" src=\"https://codecanyon.bestinbd.com/WEBSITE/admin/uploads/editor_image/16845083771443681144_.jpg\">\n                                    </a>\n                                 </div>\n                              </div>\n\n                              <div class=\"col-md-4\">\n                                 <div class=\"img-wrapper\">\n                                    <a class=\"img\" href=\"https://codecanyon.bestinbd.com/WEBSITE/admin/uploads/editor_image/168450845596812611_.jpg\">\n                                       <img class=\"img\" src=\"https://codecanyon.bestinbd.com/WEBSITE/admin/uploads/editor_image/168450845596812611_.jpg\">\n                                    </a>\n                                 </div>\n                              </div>\n\n\n                           </div>\n                        </div>\n\n                        <h2>Importance of QA in Developing High-end Products</h2>\n\n                        <p>\n                           Quality Assurance is not merely an afterthought or a checkbox to be ticked off during software development; it is an integral and essential part of the process. By investing in QA practices, organizations can ensure user satisfaction, reduce costs, enhance software reliability, maintain security, and build a strong brand reputation. Emphasizing QA from the early stages of development ultimately leads to higher-quality software, increased customer trust, and long-term success in the dynamic world of software development.\n                        </p>\n                     </div>\n\n                     <div class=\"col-md-4\">\n                        <h5>Revamped UI/UX</h5>\n                        <p>\n                           The app’s UI/UX was modernized and refined to reflect the global brand essence for MJL’s\n                           Mobil.\n                        </p>\n                     </div>\n\n                     <div class=\"col-md-4\">\n                        <h5>Seamless Performance</h5>\n                        <p>\n                           The objective of this project was to ensure the implementation of prime performance features\n                           that would enhance the usability.\n                        </p>\n                     </div>\n\n                     <div class=\"col-md-4\">\n                        <h5>Security Seal Repository </h5>\n                        <p>\n                           The app’s UI/UX was modernized and refined to reflect the global brand essence for MJL’s\n                           Mobil.\n                        </p>\n                     </div>\n\n                     <div class=\"col-md-4\">\n                        <h5>Deep Linking</h5>\n                        <p>\n                           The app’s UI/UX was modernized and refined to reflect the global brand essence for MJL’s\n                           Mobil.\n                        </p>\n                     </div>\n\n                     <div class=\"col-md-4\">\n                        <h5>Referral System</h5>\n                        <p>\n                           Implementing the referral system for the app is a significant feature that encourages users\n                           to share the brand with their family and friends, thus, motivating potential customers to\n                           transform into actual users.\n                        </p>\n                     </div>\n\n\n                     <div class=\"col-sm-12 video\">\n                        <div class=\"video-wrapper Light\">\n                           <a href=\"https://www.youtube.com/watch?v=taIqmr_fCD4\"></a>\n\n                           <img class=\"img\" src=\"https://codecanyon.bestinbd.com/WEBSITE/admin/uploads/editor_image/16845092381197661416_.jpg\" alt=\"\">\n\n                           <div class=\"video-icon\">\n                              <div class=\"icon-inner\">\n                                 <svg width=\"60\" height=\"60\" viewBox=\"0 0 60 60\">\n                                    <g id=\"Group_14000\" data-name=\"Group 14000\" transform=\"translate(0.49)\">\n                                       <g id=\"Ellipse_381\" data-name=\"Ellipse 381\" transform=\"translate(-0.49)\" fill=\"#060D34\" stroke=\"none\" stroke-width=\"1\">\n                                          <circle cx=\"30\" cy=\"30\" r=\"30\" stroke=\"none\"></circle>\n                                          <circle class=\"video-hover\" cx=\"30\" cy=\"30\" r=\"30.5\" fill=\"#2BC6EB\"></circle>\n                                       </g>\n                                       <path id=\"Polygon_2\" data-name=\"Polygon 2\" d=\"M8.143,1.429a1,1,0,0,1,1.715,0l7.234,12.056A1,1,0,0,1,16.234,15H1.766a1,1,0,0,1-.857-1.514Z\" transform=\"translate(39.51 21) rotate(90)\" fill=\"#fff\"></path>\n                                    </g>\n                                 </svg>\n                              </div>\n                           </div>\n                        </div>\n                     </div>\n\n           \n\n                     <div class=\"col-md-4 counter\">\n                        <h3 class=\"anim fade-up\">50%</h3>\n                        <p class=\"anim fade-up\">Increase in Development Efficiency</p>\n                     </div>\n\n                     <div class=\"col-md-4 counter\">\n                        <h3 class=\"anim fade-up\">+500</h3>\n                        <p class=\"anim fade-up\">Products Deployed Successfully</p>\n                     </div>\n\n                     <div class=\"col-md-4 counter\">\n                        <h3 class=\"anim fade-up\">24/7</h3>\n                        <p class=\"anim fade-up\">Stability</p>\n                     </div>\n</div>', 1, 1, '', '', '', '', '', 1, '2023-05-08 12:22:51', 1, '2023-05-22 11:21:07'),
(3, 3, '10 Great Tips to Improve Website User Experience', '10-great-tips-to-improve-website-user-experience', NULL, '', '2023-05-16', '<div class=\"row upper-text\">\n <div class=\"col-md-12\">\n                     <h4>In the fast-paced and competitive world of software development, delivering high-quality applications is paramount. Quality Assurance (QA) plays a crucial role in ensuring that software meets the highest standards and fulfills user expectations. In this blog post, we will explore the importance of QA in software development and how it contributes to the success of projects.</h4>\n</div>\n                  </div>\n<div class=\"row\">\n<div class=\"col-sm-12\">\n                        <h2>Ensuring User Satisfaction</h2>\n\n                        <p>\n                           Quality assurance is all about delivering software that meets or exceeds user expectations. By conducting thorough testing and validation processes, QA teams identify and address potential issues, bugs, and usability concerns. This ensures that the end product is reliable, user-friendly, and capable of delivering a seamless experience. By consistently meeting user expectations, organizations can build trust, retain customers, and gain a competitive edge in the market.\n                        </p>\n\n                        <h2>Reducing Costs and Saving Time</h2>\n\n                        <p>\n                           While some may perceive QA as an additional expense, it is, in fact, a cost-saving measure in the long run. By identifying and rectifying issues early in the development cycle, QA helps prevent the need for costly rework or expensive bug fixes later. Moreover, efficient QA practices help streamline the development process, optimize resource allocation, and minimize project delays. By investing in QA upfront, organizations can save both time and money while ensuring the timely delivery of high-quality software.\n                        </p>\n\n                        <table>\n                           <tbody><tr>\n                              <th>Importance of QA in Software Development</th>\n                              <th>Examples of QA Activities</th>\n                           </tr>\n                           <tr>\n                              <td>\n                                 Ensuring User Satisfaction\n                              </td>\n                              <td>User acceptance testing, usability testing, and bug identification and fixing</td>\n                           </tr>\n                           <tr>\n                              <td>Reducing Costs and Saving Time</td>\n                              <td>\n                                 Test automation development, early defect detection, and continuous integration and testing\n                              </td>\n                           </tr>\n <tr>\n                              <td>Enhancing Software Reliability</td>\n                              <td>\n                                 Functional testing, performance testing, and security testing\n                              </td>\n                           </tr>\n<tr>\n                              <td>Maintaining Security and Data Integrity</td>\n                              <td>\n                                 Vulnerability assessments, penetration testing, and code reviews\n                              </td>\n                           </tr>\n<tr>\n                              <td>Building Brand Reputation</td>\n                              <td>\n                                 User experience testing, feedback and bug reporting, and regular software updates\n                              </td>\n                           </tr>\n                        </tbody></table>\n\n                        <h2>Gallery</h2>\n\n                        <div class=\"gallery\">\n                           <div class=\"row Light\">\n                              <div class=\"col-md-4\">\n                                 <div class=\"img-wrapper\">\n                                    <a class=\"img\" href=\"https://codecanyon.bestinbd.com/WEBSITE/admin/uploads/editor_image/16845081441064664788_.jpg\">\n                                       <img class=\"img\" src=\"https://codecanyon.bestinbd.com/WEBSITE/admin/uploads/editor_image/16845081441064664788_.jpg\">\n                                    </a>\n\n                                 </div>\n                              </div>\n                              <div class=\"col-md-4\">\n                                 <div class=\"img-wrapper\">\n                                    <a class=\"img\" href=\"https://codecanyon.bestinbd.com/WEBSITE/admin/uploads/editor_image/16845083321937612471_.jpg\">\n                                       <img class=\"img\" src=\"https://codecanyon.bestinbd.com/WEBSITE/admin/uploads/editor_image/16845083321937612471_.jpg\">\n                                    </a>\n                                 </div>\n                              </div>\n                              <div class=\"col-md-4\">\n                                 <div class=\"img-wrapper\">\n                                    <a class=\"img\" href=\"https://codecanyon.bestinbd.com/WEBSITE/admin/uploads/editor_image/16845083452104250121_.jpg\">\n                                       <img class=\"img\" src=\"https://codecanyon.bestinbd.com/WEBSITE/admin/uploads/editor_image/16845083452104250121_.jpg\">\n                                    </a>\n                                 </div>\n                              </div>\n                              <div class=\"col-md-4\">\n                                 <div class=\"img-wrapper\">\n                                    <a class=\"img\" href=\"https://codecanyon.bestinbd.com/WEBSITE/admin/uploads/editor_image/16845083651716239641_.jpg\">\n                                    <img class=\"img\" src=\"https://codecanyon.bestinbd.com/WEBSITE/admin/uploads/editor_image/16845083651716239641_.jpg\" style=\"width: 420px;\">\n                                    </a>\n                                 </div>\n                              </div>\n                              <div class=\"col-md-4\">\n                                 <div class=\"img-wrapper\">\n                                    <a class=\"img\" href=\"https://codecanyon.bestinbd.com/WEBSITE/admin/uploads/editor_image/16845083771443681144_.jpg\">\n                                       <img class=\"img\" src=\"https://codecanyon.bestinbd.com/WEBSITE/admin/uploads/editor_image/16845083771443681144_.jpg\">\n                                    </a>\n                                 </div>\n                              </div>\n\n                              <div class=\"col-md-4\">\n                                 <div class=\"img-wrapper\">\n                                    <a class=\"img\" href=\"https://codecanyon.bestinbd.com/WEBSITE/admin/uploads/editor_image/168450845596812611_.jpg\">\n                                       <img class=\"img\" src=\"https://codecanyon.bestinbd.com/WEBSITE/admin/uploads/editor_image/168450845596812611_.jpg\">\n                                    </a>\n                                 </div>\n                              </div>\n\n\n                           </div>\n                        </div>\n\n                        <h2>Importance of QA in Developing High-end Products</h2>\n\n                        <p>\n                           Quality Assurance is not merely an afterthought or a checkbox to be ticked off during software development; it is an integral and essential part of the process. By investing in QA practices, organizations can ensure user satisfaction, reduce costs, enhance software reliability, maintain security, and build a strong brand reputation. Emphasizing QA from the early stages of development ultimately leads to higher-quality software, increased customer trust, and long-term success in the dynamic world of software development.\n                        </p>\n                     </div>\n\n                     <div class=\"col-md-4\">\n                        <h5>Revamped UI/UX</h5>\n                        <p>\n                           The app’s UI/UX was modernized and refined to reflect the global brand essence for MJL’s\n                           Mobil.\n                        </p>\n                     </div>\n\n                     <div class=\"col-md-4\">\n                        <h5>Seamless Performance</h5>\n                        <p>\n                           The objective of this project was to ensure the implementation of prime performance features\n                           that would enhance the usability.\n                        </p>\n                     </div>\n\n                     <div class=\"col-md-4\">\n                        <h5>Security Seal Repository </h5>\n                        <p>\n                           The app’s UI/UX was modernized and refined to reflect the global brand essence for MJL’s\n                           Mobil.\n                        </p>\n                     </div>\n\n                     <div class=\"col-md-4\">\n                        <h5>Deep Linking</h5>\n                        <p>\n                           The app’s UI/UX was modernized and refined to reflect the global brand essence for MJL’s\n                           Mobil.\n                        </p>\n                     </div>\n\n                     <div class=\"col-md-4\">\n                        <h5>Referral System</h5>\n                        <p>\n                           Implementing the referral system for the app is a significant feature that encourages users\n                           to share the brand with their family and friends, thus, motivating potential customers to\n                           transform into actual users.\n                        </p>\n                     </div>\n\n\n                     <div class=\"col-sm-12 video\">\n                        <div class=\"video-wrapper Light\">\n                           <a href=\"https://www.youtube.com/watch?v=taIqmr_fCD4\"></a>\n\n                           <img class=\"img\" src=\"https://codecanyon.bestinbd.com/WEBSITE/admin/uploads/editor_image/16845092381197661416_.jpg\" alt=\"\">\n\n                           <div class=\"video-icon\">\n                              <div class=\"icon-inner\">\n                                 <svg width=\"60\" height=\"60\" viewBox=\"0 0 60 60\">\n                                    <g id=\"Group_14000\" data-name=\"Group 14000\" transform=\"translate(0.49)\">\n                                       <g id=\"Ellipse_381\" data-name=\"Ellipse 381\" transform=\"translate(-0.49)\" fill=\"#060D34\" stroke=\"none\" stroke-width=\"1\">\n                                          <circle cx=\"30\" cy=\"30\" r=\"30\" stroke=\"none\"></circle>\n                                          <circle class=\"video-hover\" cx=\"30\" cy=\"30\" r=\"30.5\" fill=\"#2BC6EB\"></circle>\n                                       </g>\n                                       <path id=\"Polygon_2\" data-name=\"Polygon 2\" d=\"M8.143,1.429a1,1,0,0,1,1.715,0l7.234,12.056A1,1,0,0,1,16.234,15H1.766a1,1,0,0,1-.857-1.514Z\" transform=\"translate(39.51 21) rotate(90)\" fill=\"#fff\"></path>\n                                    </g>\n                                 </svg>\n                              </div>\n                           </div>\n                        </div>\n                     </div>\n\n           \n\n                     <div class=\"col-md-4 counter\">\n                        <h3 class=\"anim fade-up\">50%</h3>\n                        <p class=\"anim fade-up\">Increase in Development Efficiency</p>\n                     </div>\n\n                     <div class=\"col-md-4 counter\">\n                        <h3 class=\"anim fade-up\">+500</h3>\n                        <p class=\"anim fade-up\">Products Deployed Successfully</p>\n                     </div>\n\n                     <div class=\"col-md-4 counter\">\n                        <h3 class=\"anim fade-up\">24/7</h3>\n                        <p class=\"anim fade-up\">Stability</p>\n                     </div>\n</div>', 1, 2, '', '', '', '', '', 1, '2023-05-08 12:24:02', 1, '2023-05-22 11:21:07'),
(4, 1, '6 Ways to Minimize Software Development Costs', '6-ways-to-minimize-software-development-costs', NULL, '', '2023-05-04', '<div class=\"row upper-text\">\n <div class=\"col-md-12\">\n                     <h4>In the fast-paced and competitive world of software development, delivering high-quality applications is paramount. Quality Assurance (QA) plays a crucial role in ensuring that software meets the highest standards and fulfills user expectations. In this blog post, we will explore the importance of QA in software development and how it contributes to the success of projects.</h4>\n</div>\n                  </div>\n<div class=\"row\">\n<div class=\"col-sm-12\">\n                        <h2>Ensuring User Satisfaction</h2>\n\n                        <p>\n                           Quality assurance is all about delivering software that meets or exceeds user expectations. By conducting thorough testing and validation processes, QA teams identify and address potential issues, bugs, and usability concerns. This ensures that the end product is reliable, user-friendly, and capable of delivering a seamless experience. By consistently meeting user expectations, organizations can build trust, retain customers, and gain a competitive edge in the market.\n                        </p>\n\n                        <h2>Reducing Costs and Saving Time</h2>\n\n                        <p>\n                           While some may perceive QA as an additional expense, it is, in fact, a cost-saving measure in the long run. By identifying and rectifying issues early in the development cycle, QA helps prevent the need for costly rework or expensive bug fixes later. Moreover, efficient QA practices help streamline the development process, optimize resource allocation, and minimize project delays. By investing in QA upfront, organizations can save both time and money while ensuring the timely delivery of high-quality software.\n                        </p>\n\n                        <table>\n                           <tbody><tr>\n                              <th>Importance of QA in Software Development</th>\n                              <th>Examples of QA Activities</th>\n                           </tr>\n                           <tr>\n                              <td>\n                                 Ensuring User Satisfaction\n                              </td>\n                              <td>User acceptance testing, usability testing, and bug identification and fixing</td>\n                           </tr>\n                           <tr>\n                              <td>Reducing Costs and Saving Time</td>\n                              <td>\n                                 Test automation development, early defect detection, and continuous integration and testing\n                              </td>\n                           </tr>\n <tr>\n                              <td>Enhancing Software Reliability</td>\n                              <td>\n                                 Functional testing, performance testing, and security testing\n                              </td>\n                           </tr>\n<tr>\n                              <td>Maintaining Security and Data Integrity</td>\n                              <td>\n                                 Vulnerability assessments, penetration testing, and code reviews\n                              </td>\n                           </tr>\n<tr>\n                              <td>Building Brand Reputation</td>\n                              <td>\n                                 User experience testing, feedback and bug reporting, and regular software updates\n                              </td>\n                           </tr>\n                        </tbody></table>\n\n                        <h2>Gallery</h2>\n\n                        <div class=\"gallery\">\n                           <div class=\"row Light\">\n                              <div class=\"col-md-4\">\n                                 <div class=\"img-wrapper\">\n                                    <a class=\"img\" href=\"https://codecanyon.bestinbd.com/WEBSITE/admin/uploads/editor_image/16845081441064664788_.jpg\">\n                                       <img class=\"img\" src=\"https://codecanyon.bestinbd.com/WEBSITE/admin/uploads/editor_image/16845081441064664788_.jpg\">\n                                    </a>\n\n                                 </div>\n                              </div>\n                              <div class=\"col-md-4\">\n                                 <div class=\"img-wrapper\">\n                                    <a class=\"img\" href=\"https://codecanyon.bestinbd.com/WEBSITE/admin/uploads/editor_image/16845083321937612471_.jpg\">\n                                       <img class=\"img\" src=\"https://codecanyon.bestinbd.com/WEBSITE/admin/uploads/editor_image/16845083321937612471_.jpg\">\n                                    </a>\n                                 </div>\n                              </div>\n                              <div class=\"col-md-4\">\n                                 <div class=\"img-wrapper\">\n                                    <a class=\"img\" href=\"https://codecanyon.bestinbd.com/WEBSITE/admin/uploads/editor_image/16845083452104250121_.jpg\">\n                                       <img class=\"img\" src=\"https://codecanyon.bestinbd.com/WEBSITE/admin/uploads/editor_image/16845083452104250121_.jpg\">\n                                    </a>\n                                 </div>\n                              </div>\n                              <div class=\"col-md-4\">\n                                 <div class=\"img-wrapper\">\n                                    <a class=\"img\" href=\"https://codecanyon.bestinbd.com/WEBSITE/admin/uploads/editor_image/16845083651716239641_.jpg\">\n                                    <img class=\"img\" src=\"https://codecanyon.bestinbd.com/WEBSITE/admin/uploads/editor_image/16845083651716239641_.jpg\" style=\"width: 420px;\">\n                                    </a>\n                                 </div>\n                              </div>\n                              <div class=\"col-md-4\">\n                                 <div class=\"img-wrapper\">\n                                    <a class=\"img\" href=\"https://codecanyon.bestinbd.com/WEBSITE/admin/uploads/editor_image/16845083771443681144_.jpg\">\n                                       <img class=\"img\" src=\"https://codecanyon.bestinbd.com/WEBSITE/admin/uploads/editor_image/16845083771443681144_.jpg\">\n                                    </a>\n                                 </div>\n                              </div>\n\n                              <div class=\"col-md-4\">\n                                 <div class=\"img-wrapper\">\n                                    <a class=\"img\" href=\"https://codecanyon.bestinbd.com/WEBSITE/admin/uploads/editor_image/168450845596812611_.jpg\">\n                                       <img class=\"img\" src=\"https://codecanyon.bestinbd.com/WEBSITE/admin/uploads/editor_image/168450845596812611_.jpg\">\n                                    </a>\n                                 </div>\n                              </div>\n\n\n                           </div>\n                        </div>\n\n                        <h2>Importance of QA in Developing High-end Products</h2>\n\n                        <p>\n                           Quality Assurance is not merely an afterthought or a checkbox to be ticked off during software development; it is an integral and essential part of the process. By investing in QA practices, organizations can ensure user satisfaction, reduce costs, enhance software reliability, maintain security, and build a strong brand reputation. Emphasizing QA from the early stages of development ultimately leads to higher-quality software, increased customer trust, and long-term success in the dynamic world of software development.\n                        </p>\n                     </div>\n\n                     <div class=\"col-md-4\">\n                        <h5>Revamped UI/UX</h5>\n                        <p>\n                           The app’s UI/UX was modernized and refined to reflect the global brand essence for MJL’s\n                           Mobil.\n                        </p>\n                     </div>\n\n                     <div class=\"col-md-4\">\n                        <h5>Seamless Performance</h5>\n                        <p>\n                           The objective of this project was to ensure the implementation of prime performance features\n                           that would enhance the usability.\n                        </p>\n                     </div>\n\n                     <div class=\"col-md-4\">\n                        <h5>Security Seal Repository </h5>\n                        <p>\n                           The app’s UI/UX was modernized and refined to reflect the global brand essence for MJL’s\n                           Mobil.\n                        </p>\n                     </div>\n\n                     <div class=\"col-md-4\">\n                        <h5>Deep Linking</h5>\n                        <p>\n                           The app’s UI/UX was modernized and refined to reflect the global brand essence for MJL’s\n                           Mobil.\n                        </p>\n                     </div>\n\n                     <div class=\"col-md-4\">\n                        <h5>Referral System</h5>\n                        <p>\n                           Implementing the referral system for the app is a significant feature that encourages users\n                           to share the brand with their family and friends, thus, motivating potential customers to\n                           transform into actual users.\n                        </p>\n                     </div>\n\n\n                     <div class=\"col-sm-12 video\">\n                        <div class=\"video-wrapper Light\">\n                           <a href=\"https://www.youtube.com/watch?v=taIqmr_fCD4\"></a>\n\n                           <img class=\"img\" src=\"https://codecanyon.bestinbd.com/WEBSITE/admin/uploads/editor_image/16845092381197661416_.jpg\" alt=\"\">\n\n                           <div class=\"video-icon\">\n                              <div class=\"icon-inner\">\n                                 <svg width=\"60\" height=\"60\" viewBox=\"0 0 60 60\">\n                                    <g id=\"Group_14000\" data-name=\"Group 14000\" transform=\"translate(0.49)\">\n                                       <g id=\"Ellipse_381\" data-name=\"Ellipse 381\" transform=\"translate(-0.49)\" fill=\"#060D34\" stroke=\"none\" stroke-width=\"1\">\n                                          <circle cx=\"30\" cy=\"30\" r=\"30\" stroke=\"none\"></circle>\n                                          <circle class=\"video-hover\" cx=\"30\" cy=\"30\" r=\"30.5\" fill=\"#2BC6EB\"></circle>\n                                       </g>\n                                       <path id=\"Polygon_2\" data-name=\"Polygon 2\" d=\"M8.143,1.429a1,1,0,0,1,1.715,0l7.234,12.056A1,1,0,0,1,16.234,15H1.766a1,1,0,0,1-.857-1.514Z\" transform=\"translate(39.51 21) rotate(90)\" fill=\"#fff\"></path>\n                                    </g>\n                                 </svg>\n                              </div>\n                           </div>\n                        </div>\n                     </div>\n\n           \n\n                     <div class=\"col-md-4 counter\">\n                        <h3 class=\"anim fade-up\">50%</h3>\n                        <p class=\"anim fade-up\">Increase in Development Efficiency</p>\n                     </div>\n\n                     <div class=\"col-md-4 counter\">\n                        <h3 class=\"anim fade-up\">+500</h3>\n                        <p class=\"anim fade-up\">Products Deployed Successfully</p>\n                     </div>\n\n                     <div class=\"col-md-4 counter\">\n                        <h3 class=\"anim fade-up\">24/7</h3>\n                        <p class=\"anim fade-up\">Stability</p>\n                     </div>\n</div>', 1, 4, '', '', '', '', '', 1, '2023-05-08 12:25:25', 1, '2023-05-22 11:21:07');
INSERT INTO `blog` (`id`, `category_id`, `title`, `slug`, `subtitle`, `link`, `date`, `body`, `status`, `sort_order`, `title_tag`, `meta_title`, `meta_description`, `og_title`, `og_description`, `created_by`, `created_at`, `updated_by`, `updated_at`) VALUES
(5, 4, 'Importance of Design Patterns in Software Development', 'importance-of-design-patterns-in-software-development', NULL, '', '2023-03-16', '<div class=\"row upper-text\">\n <div class=\"col-md-12\">\n                     <h4>In the fast-paced and competitive world of software development, delivering high-quality applications is paramount. Quality Assurance (QA) plays a crucial role in ensuring that software meets the highest standards and fulfills user expectations. In this blog post, we will explore the importance of QA in software development and how it contributes to the success of projects.</h4>\n</div>\n                  </div>\n<div class=\"row\">\n<div class=\"col-sm-12\">\n                        <h2>Ensuring User Satisfaction</h2>\n\n                        <p>\n                           Quality assurance is all about delivering software that meets or exceeds user expectations. By conducting thorough testing and validation processes, QA teams identify and address potential issues, bugs, and usability concerns. This ensures that the end product is reliable, user-friendly, and capable of delivering a seamless experience. By consistently meeting user expectations, organizations can build trust, retain customers, and gain a competitive edge in the market.\n                        </p>\n\n                        <h2>Reducing Costs and Saving Time</h2>\n\n                        <p>\n                           While some may perceive QA as an additional expense, it is, in fact, a cost-saving measure in the long run. By identifying and rectifying issues early in the development cycle, QA helps prevent the need for costly rework or expensive bug fixes later. Moreover, efficient QA practices help streamline the development process, optimize resource allocation, and minimize project delays. By investing in QA upfront, organizations can save both time and money while ensuring the timely delivery of high-quality software.\n                        </p>\n\n                        <table>\n                           <tbody><tr>\n                              <th>Importance of QA in Software Development</th>\n                              <th>Examples of QA Activities</th>\n                           </tr>\n                           <tr>\n                              <td>\n                                 Ensuring User Satisfaction\n                              </td>\n                              <td>User acceptance testing, usability testing, and bug identification and fixing</td>\n                           </tr>\n                           <tr>\n                              <td>Reducing Costs and Saving Time</td>\n                              <td>\n                                 Test automation development, early defect detection, and continuous integration and testing\n                              </td>\n                           </tr>\n <tr>\n                              <td>Enhancing Software Reliability</td>\n                              <td>\n                                 Functional testing, performance testing, and security testing\n                              </td>\n                           </tr>\n<tr>\n                              <td>Maintaining Security and Data Integrity</td>\n                              <td>\n                                 Vulnerability assessments, penetration testing, and code reviews\n                              </td>\n                           </tr>\n<tr>\n                              <td>Building Brand Reputation</td>\n                              <td>\n                                 User experience testing, feedback and bug reporting, and regular software updates\n                              </td>\n                           </tr>\n                        </tbody></table>\n\n                        <h2>Gallery</h2>\n\n                        <div class=\"gallery\">\n                           <div class=\"row Light\">\n                              <div class=\"col-md-4\">\n                                 <div class=\"img-wrapper\">\n                                    <a class=\"img\" href=\"https://codecanyon.bestinbd.com/WEBSITE/admin/uploads/editor_image/16845081441064664788_.jpg\">\n                                       <img class=\"img\" src=\"https://codecanyon.bestinbd.com/WEBSITE/admin/uploads/editor_image/16845081441064664788_.jpg\">\n                                    </a>\n\n                                 </div>\n                              </div>\n                              <div class=\"col-md-4\">\n                                 <div class=\"img-wrapper\">\n                                    <a class=\"img\" href=\"https://codecanyon.bestinbd.com/WEBSITE/admin/uploads/editor_image/16845083321937612471_.jpg\">\n                                       <img class=\"img\" src=\"https://codecanyon.bestinbd.com/WEBSITE/admin/uploads/editor_image/16845083321937612471_.jpg\">\n                                    </a>\n                                 </div>\n                              </div>\n                              <div class=\"col-md-4\">\n                                 <div class=\"img-wrapper\">\n                                    <a class=\"img\" href=\"https://codecanyon.bestinbd.com/WEBSITE/admin/uploads/editor_image/16845083452104250121_.jpg\">\n                                       <img class=\"img\" src=\"https://codecanyon.bestinbd.com/WEBSITE/admin/uploads/editor_image/16845083452104250121_.jpg\">\n                                    </a>\n                                 </div>\n                              </div>\n                              <div class=\"col-md-4\">\n                                 <div class=\"img-wrapper\">\n                                    <a class=\"img\" href=\"https://codecanyon.bestinbd.com/WEBSITE/admin/uploads/editor_image/16845083651716239641_.jpg\">\n                                    <img class=\"img\" src=\"https://codecanyon.bestinbd.com/WEBSITE/admin/uploads/editor_image/16845083651716239641_.jpg\" style=\"width: 420px;\">\n                                    </a>\n                                 </div>\n                              </div>\n                              <div class=\"col-md-4\">\n                                 <div class=\"img-wrapper\">\n                                    <a class=\"img\" href=\"https://codecanyon.bestinbd.com/WEBSITE/admin/uploads/editor_image/16845083771443681144_.jpg\">\n                                       <img class=\"img\" src=\"https://codecanyon.bestinbd.com/WEBSITE/admin/uploads/editor_image/16845083771443681144_.jpg\">\n                                    </a>\n                                 </div>\n                              </div>\n\n                              <div class=\"col-md-4\">\n                                 <div class=\"img-wrapper\">\n                                    <a class=\"img\" href=\"https://codecanyon.bestinbd.com/WEBSITE/admin/uploads/editor_image/168450845596812611_.jpg\">\n                                       <img class=\"img\" src=\"https://codecanyon.bestinbd.com/WEBSITE/admin/uploads/editor_image/168450845596812611_.jpg\">\n                                    </a>\n                                 </div>\n                              </div>\n\n\n                           </div>\n                        </div>\n\n                        <h2>Importance of QA in Developing High-end Products</h2>\n\n                        <p>\n                           Quality Assurance is not merely an afterthought or a checkbox to be ticked off during software development; it is an integral and essential part of the process. By investing in QA practices, organizations can ensure user satisfaction, reduce costs, enhance software reliability, maintain security, and build a strong brand reputation. Emphasizing QA from the early stages of development ultimately leads to higher-quality software, increased customer trust, and long-term success in the dynamic world of software development.\n                        </p>\n                     </div>\n\n                     <div class=\"col-md-4\">\n                        <h5>Revamped UI/UX</h5>\n                        <p>\n                           The app’s UI/UX was modernized and refined to reflect the global brand essence for MJL’s\n                           Mobil.\n                        </p>\n                     </div>\n\n                     <div class=\"col-md-4\">\n                        <h5>Seamless Performance</h5>\n                        <p>\n                           The objective of this project was to ensure the implementation of prime performance features\n                           that would enhance the usability.\n                        </p>\n                     </div>\n\n                     <div class=\"col-md-4\">\n                        <h5>Security Seal Repository </h5>\n                        <p>\n                           The app’s UI/UX was modernized and refined to reflect the global brand essence for MJL’s\n                           Mobil.\n                        </p>\n                     </div>\n\n                     <div class=\"col-md-4\">\n                        <h5>Deep Linking</h5>\n                        <p>\n                           The app’s UI/UX was modernized and refined to reflect the global brand essence for MJL’s\n                           Mobil.\n                        </p>\n                     </div>\n\n                     <div class=\"col-md-4\">\n                        <h5>Referral System</h5>\n                        <p>\n                           Implementing the referral system for the app is a significant feature that encourages users\n                           to share the brand with their family and friends, thus, motivating potential customers to\n                           transform into actual users.\n                        </p>\n                     </div>\n\n\n                     <div class=\"col-sm-12 video\">\n                        <div class=\"video-wrapper Light\">\n                           <a href=\"https://www.youtube.com/watch?v=taIqmr_fCD4\"></a>\n\n                           <img class=\"img\" src=\"https://codecanyon.bestinbd.com/WEBSITE/admin/uploads/editor_image/16845092381197661416_.jpg\" alt=\"\">\n\n                           <div class=\"video-icon\">\n                              <div class=\"icon-inner\">\n                                 <svg width=\"60\" height=\"60\" viewBox=\"0 0 60 60\">\n                                    <g id=\"Group_14000\" data-name=\"Group 14000\" transform=\"translate(0.49)\">\n                                       <g id=\"Ellipse_381\" data-name=\"Ellipse 381\" transform=\"translate(-0.49)\" fill=\"#060D34\" stroke=\"none\" stroke-width=\"1\">\n                                          <circle cx=\"30\" cy=\"30\" r=\"30\" stroke=\"none\"></circle>\n                                          <circle class=\"video-hover\" cx=\"30\" cy=\"30\" r=\"30.5\" fill=\"#2BC6EB\"></circle>\n                                       </g>\n                                       <path id=\"Polygon_2\" data-name=\"Polygon 2\" d=\"M8.143,1.429a1,1,0,0,1,1.715,0l7.234,12.056A1,1,0,0,1,16.234,15H1.766a1,1,0,0,1-.857-1.514Z\" transform=\"translate(39.51 21) rotate(90)\" fill=\"#fff\"></path>\n                                    </g>\n                                 </svg>\n                              </div>\n                           </div>\n                        </div>\n                     </div>\n\n           \n\n                     <div class=\"col-md-4 counter\">\n                        <h3 class=\"anim fade-up\">50%</h3>\n                        <p class=\"anim fade-up\">Increase in Development Efficiency</p>\n                     </div>\n\n                     <div class=\"col-md-4 counter\">\n                        <h3 class=\"anim fade-up\">+500</h3>\n                        <p class=\"anim fade-up\">Products Deployed Successfully</p>\n                     </div>\n\n                     <div class=\"col-md-4 counter\">\n                        <h3 class=\"anim fade-up\">24/7</h3>\n                        <p class=\"anim fade-up\">Stability</p>\n                     </div>\n</div>', 1, 5, '', '', '', '', '', 1, '2023-05-22 17:12:37', 1, '2023-05-22 11:21:07'),
(6, 1, 'What are The Most Popular Software Development Tools', 'what-are-the-most-popular-software-development-tools', NULL, '', '2023-04-05', '<div class=\"row upper-text\">\n <div class=\"col-md-12\">\n                     <h4>In the fast-paced and competitive world of software development, delivering high-quality applications is paramount. Quality Assurance (QA) plays a crucial role in ensuring that software meets the highest standards and fulfills user expectations. In this blog post, we will explore the importance of QA in software development and how it contributes to the success of projects.</h4>\n</div>\n                  </div>\n<div class=\"row\">\n<div class=\"col-sm-12\">\n                        <h2>Ensuring User Satisfaction</h2>\n\n                        <p>\n                           Quality assurance is all about delivering software that meets or exceeds user expectations. By conducting thorough testing and validation processes, QA teams identify and address potential issues, bugs, and usability concerns. This ensures that the end product is reliable, user-friendly, and capable of delivering a seamless experience. By consistently meeting user expectations, organizations can build trust, retain customers, and gain a competitive edge in the market.\n                        </p>\n\n                        <h2>Reducing Costs and Saving Time</h2>\n\n                        <p>\n                           While some may perceive QA as an additional expense, it is, in fact, a cost-saving measure in the long run. By identifying and rectifying issues early in the development cycle, QA helps prevent the need for costly rework or expensive bug fixes later. Moreover, efficient QA practices help streamline the development process, optimize resource allocation, and minimize project delays. By investing in QA upfront, organizations can save both time and money while ensuring the timely delivery of high-quality software.\n                        </p>\n\n                        <table>\n                           <tbody><tr>\n                              <th>Importance of QA in Software Development</th>\n                              <th>Examples of QA Activities</th>\n                           </tr>\n                           <tr>\n                              <td>\n                                 Ensuring User Satisfaction\n                              </td>\n                              <td>User acceptance testing, usability testing, and bug identification and fixing</td>\n                           </tr>\n                           <tr>\n                              <td>Reducing Costs and Saving Time</td>\n                              <td>\n                                 Test automation development, early defect detection, and continuous integration and testing\n                              </td>\n                           </tr>\n <tr>\n                              <td>Enhancing Software Reliability</td>\n                              <td>\n                                 Functional testing, performance testing, and security testing\n                              </td>\n                           </tr>\n<tr>\n                              <td>Maintaining Security and Data Integrity</td>\n                              <td>\n                                 Vulnerability assessments, penetration testing, and code reviews\n                              </td>\n                           </tr>\n<tr>\n                              <td>Building Brand Reputation</td>\n                              <td>\n                                 User experience testing, feedback and bug reporting, and regular software updates\n                              </td>\n                           </tr>\n                        </tbody></table>\n\n                        <h2>Gallery</h2>\n\n                        <div class=\"gallery\">\n                           <div class=\"row Light\">\n                              <div class=\"col-md-4\">\n                                 <div class=\"img-wrapper\">\n                                    <a class=\"img\" href=\"https://codecanyon.bestinbd.com/WEBSITE/admin/uploads/editor_image/16845081441064664788_.jpg\">\n                                       <img class=\"img\" src=\"https://codecanyon.bestinbd.com/WEBSITE/admin/uploads/editor_image/16845081441064664788_.jpg\">\n                                    </a>\n\n                                 </div>\n                              </div>\n                              <div class=\"col-md-4\">\n                                 <div class=\"img-wrapper\">\n                                    <a class=\"img\" href=\"https://codecanyon.bestinbd.com/WEBSITE/admin/uploads/editor_image/16845083321937612471_.jpg\">\n                                       <img class=\"img\" src=\"https://codecanyon.bestinbd.com/WEBSITE/admin/uploads/editor_image/16845083321937612471_.jpg\">\n                                    </a>\n                                 </div>\n                              </div>\n                              <div class=\"col-md-4\">\n                                 <div class=\"img-wrapper\">\n                                    <a class=\"img\" href=\"https://codecanyon.bestinbd.com/WEBSITE/admin/uploads/editor_image/16845083452104250121_.jpg\">\n                                       <img class=\"img\" src=\"https://codecanyon.bestinbd.com/WEBSITE/admin/uploads/editor_image/16845083452104250121_.jpg\">\n                                    </a>\n                                 </div>\n                              </div>\n                              <div class=\"col-md-4\">\n                                 <div class=\"img-wrapper\">\n                                    <a class=\"img\" href=\"https://codecanyon.bestinbd.com/WEBSITE/admin/uploads/editor_image/16845083651716239641_.jpg\">\n                                    <img class=\"img\" src=\"https://codecanyon.bestinbd.com/WEBSITE/admin/uploads/editor_image/16845083651716239641_.jpg\" style=\"width: 420px;\">\n                                    </a>\n                                 </div>\n                              </div>\n                              <div class=\"col-md-4\">\n                                 <div class=\"img-wrapper\">\n                                    <a class=\"img\" href=\"https://codecanyon.bestinbd.com/WEBSITE/admin/uploads/editor_image/16845083771443681144_.jpg\">\n                                       <img class=\"img\" src=\"https://codecanyon.bestinbd.com/WEBSITE/admin/uploads/editor_image/16845083771443681144_.jpg\">\n                                    </a>\n                                 </div>\n                              </div>\n\n                              <div class=\"col-md-4\">\n                                 <div class=\"img-wrapper\">\n                                    <a class=\"img\" href=\"https://codecanyon.bestinbd.com/WEBSITE/admin/uploads/editor_image/168450845596812611_.jpg\">\n                                       <img class=\"img\" src=\"https://codecanyon.bestinbd.com/WEBSITE/admin/uploads/editor_image/168450845596812611_.jpg\">\n                                    </a>\n                                 </div>\n                              </div>\n\n\n                           </div>\n                        </div>\n\n                        <h2>Importance of QA in Developing High-end Products</h2>\n\n                        <p>\n                           Quality Assurance is not merely an afterthought or a checkbox to be ticked off during software development; it is an integral and essential part of the process. By investing in QA practices, organizations can ensure user satisfaction, reduce costs, enhance software reliability, maintain security, and build a strong brand reputation. Emphasizing QA from the early stages of development ultimately leads to higher-quality software, increased customer trust, and long-term success in the dynamic world of software development.\n                        </p>\n                     </div>\n\n                     <div class=\"col-md-4\">\n                        <h5>Revamped UI/UX</h5>\n                        <p>\n                           The app’s UI/UX was modernized and refined to reflect the global brand essence for MJL’s\n                           Mobil.\n                        </p>\n                     </div>\n\n                     <div class=\"col-md-4\">\n                        <h5>Seamless Performance</h5>\n                        <p>\n                           The objective of this project was to ensure the implementation of prime performance features\n                           that would enhance the usability.\n                        </p>\n                     </div>\n\n                     <div class=\"col-md-4\">\n                        <h5>Security Seal Repository </h5>\n                        <p>\n                           The app’s UI/UX was modernized and refined to reflect the global brand essence for MJL’s\n                           Mobil.\n                        </p>\n                     </div>\n\n                     <div class=\"col-md-4\">\n                        <h5>Deep Linking</h5>\n                        <p>\n                           The app’s UI/UX was modernized and refined to reflect the global brand essence for MJL’s\n                           Mobil.\n                        </p>\n                     </div>\n\n                     <div class=\"col-md-4\">\n                        <h5>Referral System</h5>\n                        <p>\n                           Implementing the referral system for the app is a significant feature that encourages users\n                           to share the brand with their family and friends, thus, motivating potential customers to\n                           transform into actual users.\n                        </p>\n                     </div>\n\n\n                     <div class=\"col-sm-12 video\">\n                        <div class=\"video-wrapper Light\">\n                           <a href=\"https://www.youtube.com/watch?v=taIqmr_fCD4\"></a>\n\n                           <img class=\"img\" src=\"https://codecanyon.bestinbd.com/WEBSITE/admin/uploads/editor_image/16845092381197661416_.jpg\" alt=\"\">\n\n                           <div class=\"video-icon\">\n                              <div class=\"icon-inner\">\n                                 <svg width=\"60\" height=\"60\" viewBox=\"0 0 60 60\">\n                                    <g id=\"Group_14000\" data-name=\"Group 14000\" transform=\"translate(0.49)\">\n                                       <g id=\"Ellipse_381\" data-name=\"Ellipse 381\" transform=\"translate(-0.49)\" fill=\"#060D34\" stroke=\"none\" stroke-width=\"1\">\n                                          <circle cx=\"30\" cy=\"30\" r=\"30\" stroke=\"none\"></circle>\n                                          <circle class=\"video-hover\" cx=\"30\" cy=\"30\" r=\"30.5\" fill=\"#2BC6EB\"></circle>\n                                       </g>\n                                       <path id=\"Polygon_2\" data-name=\"Polygon 2\" d=\"M8.143,1.429a1,1,0,0,1,1.715,0l7.234,12.056A1,1,0,0,1,16.234,15H1.766a1,1,0,0,1-.857-1.514Z\" transform=\"translate(39.51 21) rotate(90)\" fill=\"#fff\"></path>\n                                    </g>\n                                 </svg>\n                              </div>\n                           </div>\n                        </div>\n                     </div>\n\n           \n\n                     <div class=\"col-md-4 counter\">\n                        <h3 class=\"anim fade-up\">50%</h3>\n                        <p class=\"anim fade-up\">Increase in Development Efficiency</p>\n                     </div>\n\n                     <div class=\"col-md-4 counter\">\n                        <h3 class=\"anim fade-up\">+500</h3>\n                        <p class=\"anim fade-up\">Products Deployed Successfully</p>\n                     </div>\n\n                     <div class=\"col-md-4 counter\">\n                        <h3 class=\"anim fade-up\">24/7</h3>\n                        <p class=\"anim fade-up\">Stability</p>\n                     </div>\n</div>', 1, 6, '', '', '', '', '', 1, '2023-05-22 17:13:58', 1, '2023-05-22 11:23:06');

-- --------------------------------------------------------

--
-- Table structure for table `category`
--

CREATE TABLE `category` (
  `id` int(11) NOT NULL,
  `type` int(2) DEFAULT NULL,
  `title` varchar(255) DEFAULT NULL,
  `slug` varchar(255) DEFAULT NULL,
  `is_featured` varchar(255) DEFAULT NULL,
  `sort_order` int(11) DEFAULT '0',
  `description` text,
  `image_size` varchar(255) DEFAULT NULL,
  `status` tinyint(1) DEFAULT '1',
  `is_archived` tinyint(1) DEFAULT '0',
  `title_tag` varchar(255) DEFAULT NULL,
  `meta_title` varchar(255) DEFAULT NULL,
  `meta_description` text,
  `og_title` varchar(255) DEFAULT NULL,
  `og_description` text,
  `created_at` datetime DEFAULT NULL,
  `updated_at` timestamp NULL DEFAULT CURRENT_TIMESTAMP ON UPDATE CURRENT_TIMESTAMP,
  `created_by` int(11) DEFAULT NULL,
  `updated_by` int(11) DEFAULT NULL,
  `identifier` varchar(255) DEFAULT NULL
) ENGINE=InnoDB DEFAULT CHARSET=utf8;

--
-- Dumping data for table `category`
--

INSERT INTO `category` (`id`, `type`, `title`, `slug`, `is_featured`, `sort_order`, `description`, `image_size`, `status`, `is_archived`, `title_tag`, `meta_title`, `meta_description`, `og_title`, `og_description`, `created_at`, `updated_at`, `created_by`, `updated_by`, `identifier`) VALUES
(1, 1, 'Web Development', 'web-development', '', 0, '', '', 1, 0, '', '', '', '', '', '2023-05-09 17:47:47', '2023-05-09 11:49:25', 1, 1, 'development'),
(2, 1, 'Quality Assurance', 'quality-assurance', '', 0, '', '', 1, 0, NULL, NULL, NULL, NULL, NULL, '2023-05-09 17:48:29', '2023-05-09 11:48:29', 1, 1, 'quality-assurance'),
(3, 1, 'UI/UX', 'uiux', '', 0, '', '', 1, 0, NULL, NULL, NULL, NULL, NULL, '2023-05-09 17:49:14', '2023-05-09 11:49:14', 1, 1, 'uiux'),
(4, 1, 'Mobile Applications', 'mobile-applications', '', 0, '', '', 1, 0, NULL, NULL, NULL, NULL, NULL, '2023-05-09 17:49:39', '2023-05-09 11:49:39', 1, 1, 'mobile-applications'),
(5, 3, 'Development', 'development', '', 0, '', '', 1, 0, NULL, NULL, NULL, NULL, NULL, '2023-05-22 17:04:02', '2023-05-22 11:04:02', 1, 1, 'development'),
(6, 3, 'Support', 'support', '', 0, '', '', 1, 0, NULL, NULL, NULL, NULL, NULL, '2023-05-22 17:04:23', '2023-05-22 11:04:23', 1, 1, 'support'),
(7, 2, 'Manager', 'manager', '', 0, '', '', 1, 0, NULL, NULL, NULL, NULL, NULL, '2023-05-27 09:23:45', '2023-05-27 03:23:45', 1, 1, 'manager'),
(8, 2, 'Executive', 'executive', '', 0, '', '', 1, 0, NULL, NULL, NULL, NULL, NULL, '2023-05-27 09:23:56', '2023-05-27 03:23:56', 1, 1, 'executive');

-- --------------------------------------------------------

--
-- Table structure for table `category_self_rel`
--

CREATE TABLE `category_self_rel` (
  `id` int(11) NOT NULL,
  `category_id` int(11) NOT NULL,
  `parent_category_id` int(11) NOT NULL
) ENGINE=InnoDB DEFAULT CHARSET=utf8;

--
-- Dumping data for table `category_self_rel`
--

INSERT INTO `category_self_rel` (`id`, `category_id`, `parent_category_id`) VALUES
(1, 1, 0),
(2, 2, 0),
(3, 3, 0),
(4, 4, 0),
(5, 5, 0),
(6, 6, 0),
(7, 7, 0),
(8, 8, 0);

-- --------------------------------------------------------

--
-- Table structure for table `extra_field`
--

CREATE TABLE `extra_field` (
  `id` int(11) NOT NULL,
  `group` varchar(255) DEFAULT NULL,
  `page_id` varchar(255) DEFAULT NULL,
  `section_id` varchar(255) DEFAULT NULL,
  `product_id` varchar(255) DEFAULT NULL,
  `parent_page_id` int(11) DEFAULT NULL,
  `item_key` varchar(255) DEFAULT NULL,
  `item_value` text,
  `label` varchar(255) DEFAULT NULL,
  `hint` varchar(255) DEFAULT NULL,
  `field_type` varchar(255) DEFAULT NULL,
  `options` text,
  `order` int(11) DEFAULT '0',
  `status` tinyint(4) DEFAULT '0',
  `updated_at` timestamp NOT NULL DEFAULT CURRENT_TIMESTAMP,
  `updated_by` int(11) DEFAULT NULL
) ENGINE=InnoDB DEFAULT CHARSET=utf8mb4;

--
-- Dumping data for table `extra_field`
--

INSERT INTO `extra_field` (`id`, `group`, `page_id`, `section_id`, `product_id`, `parent_page_id`, `item_key`, `item_value`, `label`, `hint`, `field_type`, `options`, `order`, `status`, `updated_at`, `updated_by`) VALUES
(1, 'Page', '', '', '', NULL, 'external_url', '', 'External URL', '', 'textInput', '', 0, 1, '2023-05-27 03:48:37', 1),
(2, 'PagePost', '', '', '', NULL, 'location', '', 'Location', '', 'textInput', '', 0, 1, '2023-05-27 03:49:11', 1),
(3, 'Product', '', '', '', NULL, 'other_information', '', 'Others Information', '', 'textInput', '', 0, 1, '2023-05-27 03:50:14', 1);

-- --------------------------------------------------------

--
-- Table structure for table `extra_field_values`
--

CREATE TABLE `extra_field_values` (
  `id` int(11) NOT NULL,
  `identifier_type` varchar(255) DEFAULT NULL,
  `identifier_id` int(11) DEFAULT NULL,
  `field_key` varchar(255) DEFAULT NULL,
  `field_value` text,
  `trans_type` varchar(100) DEFAULT NULL
) ENGINE=InnoDB DEFAULT CHARSET=utf8;

-- --------------------------------------------------------

--
-- Table structure for table `form_fields`
--

CREATE TABLE `form_fields` (
  `id` int(11) NOT NULL,
  `form_id` int(11) DEFAULT NULL,
  `field_key` varchar(255) DEFAULT NULL,
  `label` varchar(255) DEFAULT NULL,
  `placeholder` varchar(255) DEFAULT NULL,
  `hint` varchar(255) DEFAULT NULL,
  `field_type` varchar(255) DEFAULT NULL,
  `options` text,
  `validators` text,
  `template` text,
  `sort_order` int(11) DEFAULT '0'
) ENGINE=InnoDB DEFAULT CHARSET=utf8;

--
-- Dumping data for table `form_fields`
--

INSERT INTO `form_fields` (`id`, `form_id`, `field_key`, `label`, `placeholder`, `hint`, `field_type`, `options`, `validators`, `template`, `sort_order`) VALUES
(6, 1, 'first_name', 'Name', 'First Name', '', 'textInput', '', 'required, string', '<div class=\"form-row\">\r\n                        <div class=\"form-group col-md-6 anim fade-up\">\r\n                           <input type=\"text\" class=\"form-control\" placeholder=\" {{placeholder}}\" name=\"Dynamicform[{{name}}]\" />\r\n                        </div>', 1),
(7, 1, 'email', 'Email Address', 'Email', '', 'textInput', '', 'required, email', '\r\n<div class=\"form-group col-md-6 anim fade-up\">\r\n                           <input\r\n                              type=\"email\"\r\n                              class=\"form-control\"\r\n                              placeholder=\" {{placeholder}}\" name=\"Dynamicform[{{name}}]\"\r\n                           />\r\n                        </div>', 3),
(8, 1, 'phone', 'Phone Number', 'Phone Number', '', 'textInput', '', 'string,required', ' <div class=\"form-group col-md-6 anim fade-up\">\r\n                           <input\r\n                              type=\"number\"\r\n                              class=\"form-control\"\r\n                             placeholder=\" {{placeholder}}\" name=\"Dynamicform[{{name}}]\"\r\n                           />\r\n                        </div>', 4),
(9, 1, 'message', 'Message', 'Your Message', '', 'textArea', '', 'string', '<div class=\"form-group col-sm-12 anim fade-up\">\r\n                           <textarea\r\n                              class=\"form-control form-control \"\r\n                             placeholder=\" {{placeholder}}\" name=\"Dynamicform[{{name}}]\"\r\n                              id=\"\"\r\n                              cols=\"30\"\r\n                              rows=\"5\"\r\n                           ></textarea>\r\n                        </div>', 6),
(11, 2, 'first_name', 'Name', 'Name', '', 'textInput', '', 'required, string', '<div class=\"form-row\">\r\n                        <div class=\"form-group col-md-6 anim fade-up\">\r\n                           <input type=\"text\" class=\"form-control\" placeholder=\" {{placeholder}}\" name=\"Dynamicform[{{name}}]\" />\r\n                        </div>', 1),
(12, 2, 'email', 'Email Address', 'Email', '', 'textInput', '', 'required, email', '<div class=\"form-group col-md-6 anim fade-up\">\r\n                           <input\r\n                              type=\"email\"\r\n                              class=\"form-control\"\r\n                              placeholder=\" {{placeholder}}\" name=\"Dynamicform[{{name}}]\"\r\n                           />\r\n                        </div>', 3),
(13, 2, 'phone', 'Phone', 'Phone Number', '', 'textInput', '', 'string,required', ' <div class=\"form-group col-md-6 anim fade-up\">\r\n                           <input\r\n                              type=\"number\"\r\n                              class=\"form-control form-control\"\r\n                             placeholder=\" {{placeholder}}\" name=\"Dynamicform[{{name}}]\"\r\n                           />\r\n                        </div>', 4),
(14, 2, 'position', 'Position', 'Position', '', 'textInput', '', 'string,required', '<div class=\"form-group col-sm-12 anim fade-up\">\r\n                           <input type=\"text\" class=\"form-control job-position\" placeholder=\" {{placeholder}}\" name=\"Dynamicform[{{name}}]\" />\r\n                        </div>', 5),
(15, 2, 'file', 'CV', '', '', 'fileInput', '', 'string', '<div class=\"modal-butons\">\r\n                                 <div class=\"form-group upload_cv_inner\" data-text=\"Attach CV\">\r\n                                    <input\r\n                                       type=\"file\"\r\n                                       class=\"form-control file-input file-upload-field\"\r\n                                       name=\"file\"\r\n                                       placeholder=\"{{placeholder}}\"\r\n                                    />\r\n                                 </div>', 7),
(16, 1, 'last_name', 'Last Name', 'Last Name', '', 'textInput', '', 'string, required', '<div class=\"form-group col-md-6 anim fade-up\">\r\n                           <input type=\"text\" class=\"form-control\" placeholder=\" {{placeholder}}\" name=\"Dynamicform[{{name}}]\" />\r\n                        </div>', 2),
(17, 1, 'reason', 'Contact Reason', 'Contact Reason', '', 'dropDownList', ':Your Reason for Contacting,Meeting:Meeting,Visit Office:Visit Office,Project Discussion:Project Discussion', 'string', '<div class=\"Select form-group col-sm-12 anim fade-up\">\r\n                           <select class=\"form-control\" name=\"Dynamicform[{{name}}]\">\r\n                              {{options}}\r\n                           </select>\r\n                        </div>', 5),
(18, 2, 'last_name', 'Last Name', 'Last Name', '', 'textInput', '', 'string, required', '<div class=\"form-group col-md-6 anim fade-up\">\r\n                           <input type=\"text\" class=\"form-control\" placeholder=\" {{placeholder}}\" name=\"Dynamicform[{{name}}]\" />\r\n                        </div>', 2),
(19, 2, 'message', 'Message', 'Your Message', '', 'textArea', '', 'string', '<div class=\"form-group col-sm-12 anim fade-up\">\r\n                           <textarea\r\n                              class=\"form-control form-control \"\r\n                             placeholder=\" {{placeholder}}\" name=\"Dynamicform[{{name}}]\"\r\n                              id=\"\"\r\n                              cols=\"30\"\r\n                              rows=\"5\"\r\n                           ></textarea>\r\n                        </div>', 6),
(20, 6, 'name', 'Name', 'Name', '', 'textInput', '', 'required, string', '<div class=\"form-row\">\r\n                        <div class=\"form-group col-md-6 anim fade-up\">\r\n                           <input type=\"text\" class=\"form-control\" placeholder=\" {{placeholder}}\" name=\"Dynamicform[{{name}}]\" />\r\n                        </div>', 1),
(22, 6, 'email', 'Email Address', 'Email', '', 'textInput', '', 'required, email', '\r\n<div class=\"form-group col-md-6 anim fade-up\">\r\n                           <input\r\n                              type=\"email\"\r\n                              class=\"form-control\"\r\n                              placeholder=\" {{placeholder}}\" name=\"Dynamicform[{{name}}]\"\r\n                           />\r\n                        </div>', 3),
(23, 6, 'phone', 'Phone Number', 'Phone Number', '', 'textInput', '', 'string,required', ' <div class=\"form-group col-md-6 anim fade-up\">\r\n                           <input\r\n                              type=\"number\"\r\n                              class=\"form-control\"\r\n                             placeholder=\" {{placeholder}}\" name=\"Dynamicform[{{name}}]\"\r\n                           />\r\n                        </div>', 4),
(25, 6, 'message', 'Message', 'Your Message', '', 'textArea', '', 'string', '<div class=\"form-group col-sm-12 anim fade-up\">\r\n                           <textarea\r\n                              class=\"form-control form-control \"\r\n                             placeholder=\" {{placeholder}}\" name=\"Dynamicform[{{name}}]\"\r\n                              id=\"\"\r\n                              cols=\"30\"\r\n                              rows=\"5\"\r\n                           ></textarea>\r\n                        </div>', 6);

-- --------------------------------------------------------

--
-- Table structure for table `form_list`
--

CREATE TABLE `form_list` (
  `id` int(11) NOT NULL,
  `form_name` varchar(255) NOT NULL,
  `form_id` varchar(255) DEFAULT NULL,
  `send_to` text,
  `cc` text,
  `bcc` text,
  `subject` varchar(255) DEFAULT NULL,
  `from_name` varchar(255) DEFAULT NULL,
  `from_email` varchar(255) DEFAULT NULL,
  `reply_mail` int(11) DEFAULT '0',
  `form_class` varchar(255) DEFAULT NULL,
  `button_class` varchar(255) DEFAULT NULL,
  `submit_button_template` text,
  `submit_button_inner_template` text,
  `success_template` text,
  `error_template` text,
  `success_error_position` varchar(255) DEFAULT NULL,
  `created_at` datetime DEFAULT NULL,
  `updated_at` timestamp NOT NULL DEFAULT CURRENT_TIMESTAMP ON UPDATE CURRENT_TIMESTAMP,
  `created_by` int(11) DEFAULT NULL,
  `updated_by` int(11) DEFAULT NULL
) ENGINE=InnoDB DEFAULT CHARSET=utf8;

--
-- Dumping data for table `form_list`
--

INSERT INTO `form_list` (`id`, `form_name`, `form_id`, `send_to`, `cc`, `bcc`, `subject`, `from_name`, `from_email`, `reply_mail`, `form_class`, `button_class`, `submit_button_template`, `submit_button_inner_template`, `success_template`, `error_template`, `success_error_position`, `created_at`, `updated_at`, `created_by`, `updated_by`) VALUES
(1, 'Contact Form', 'contact-form', 'demo@dcastalia.com', '', '', 'Contact Form ', 'Dcastalia Limited', 'info@testdomian.com', 1, '', 'dc-btn anim fade-up', '<div class=\"btn-section\">\r\n                           {{button}}\r\n                        </div>\r\n                     </div>', '<span>\r\nSubmit Message\r\n</span>', '<div class=\"form-message-container\">\r\n  <div class=\"form-message-body\">\r\n  </div>\r\n</div>', '<div class=\"form-message-container\">\r\n  <div class=\"form-message-body\">\r\n  </div>\r\n</div>', 'top', '2023-02-20 14:29:17', '2023-05-08 08:00:51', 1, 1),
(2, 'Career Form', 'career-form', 'info@testdomian.com', '', '', 'Contact Form ', 'Dcastalia Limited', 'info@testdomian.com', 1, '', 'dc-btn anim fade-up', '                        {{button}}\r\n                    </div>\r\n</div>', '<span>Submit</span>', '<div class=\"form-message-container  {{wrapper_class}}\">\r\n  <div class=\"form-message-body\">\r\n  </div>\r\n</div>', '<div class=\"form-message-container {{wrapper_class}}\">\r\n  <div class=\"form-message-body\">\r\n  </div>\r\n</div>', 'top', '2023-03-13 23:36:34', '2023-05-08 13:41:33', 1, 1),
(6, 'General Form', 'general-form', 'user@mail.com', '', '', 'Contact Form ', 'EasyUp CMS', 'info@mail.com', 1, '', 'dc-btn anim fade-up', '<div class=\"btn-section\">\r\n                           {{button}}\r\n                        </div>\r\n                     </div>', '<span>\r\nSubmit Message\r\n</span>', '<div class=\"form-message-container\">\r\n  <div class=\"form-message-body\">\r\n  </div>\r\n</div>', '<div class=\"form-message-container\">\r\n  <div class=\"form-message-body\">\r\n  </div>\r\n</div>', 'top', '2023-05-27 09:53:40', '2023-05-27 03:54:41', 1, 1);

-- --------------------------------------------------------

--
-- Table structure for table `form_submitted`
--

CREATE TABLE `form_submitted` (
  `id` int(11) NOT NULL,
  `form_id` varchar(255) DEFAULT NULL,
  `form_name` varchar(255) DEFAULT NULL,
  `form_actual_id` int(11) DEFAULT NULL,
  `form_subject` varchar(255) DEFAULT NULL,
  `sent_to` text,
  `sent_options` text,
  `sent_data` text,
  `attachment` text,
  `is_seen` tinyint(4) DEFAULT '0',
  `created_at` timestamp NULL DEFAULT CURRENT_TIMESTAMP ON UPDATE CURRENT_TIMESTAMP
) ENGINE=InnoDB DEFAULT CHARSET=utf8;

--
-- Dumping data for table `form_submitted`
--

INSERT INTO `form_submitted` (`id`, `form_id`, `form_name`, `form_actual_id`, `form_subject`, `sent_to`, `sent_options`, `sent_data`, `attachment`, `is_seen`, `created_at`) VALUES
(1, 'career-form', 'Career Form', 2, 'Contact Form ', 'mail@testdomian.com', '{\"cc\":\"\",\"bcc\":\"\",\"from_name\":\"Dcastalia Limited\",\"from_email\":\"info@testdomian.com\"}', '{\"first_name\":\"Taposhi\",\"last_name\":\"Rabea\",\"email\":\"taspohi@dcastalia.com\",\"phone\":\"01681398858\",\"position\":\"Business Development Manager\",\"message\":\"Test CV upload\",\"file\":\"data found\"}', '/uploads/form_files/1685166406.pdf', 0, '2023-05-27 05:46:46'),
(2, 'contact-form', 'Contact Form', 1, 'Contact Form ', 'demo@dcastalia.com', '{\"cc\":\"\",\"bcc\":\"\",\"from_name\":\"Dcastalia Limited\",\"from_email\":\"info@testdomian.com\"}', '{\"first_name\":\"Taposhi\",\"last_name\":\"Rabea\",\"email\":\"taspohi@dcastalia.com\",\"phone\":\"01681398858\",\"reason\":\"Meeting\",\"message\":\"Test message \"}', '', 0, '2023-05-27 05:49:31');

-- --------------------------------------------------------

--
-- Table structure for table `gallery`
--

CREATE TABLE `gallery` (
  `id` int(11) NOT NULL,
  `title` varchar(255) DEFAULT NULL,
  `slug` varchar(255) DEFAULT NULL,
  `type` varchar(255) DEFAULT NULL,
  `identifier` varchar(255) DEFAULT NULL,
  `template` varchar(255) DEFAULT NULL,
  `image_size` varchar(255) DEFAULT NULL,
  `status` int(11) DEFAULT '1',
  `is_archived` tinyint(1) DEFAULT '0',
  `created_by` int(11) DEFAULT NULL,
  `updated_by` int(11) DEFAULT NULL,
  `created_at` datetime DEFAULT NULL,
  `updated_at` timestamp NULL DEFAULT CURRENT_TIMESTAMP ON UPDATE CURRENT_TIMESTAMP
) ENGINE=InnoDB DEFAULT CHARSET=utf8;

--
-- Dumping data for table `gallery`
--

INSERT INTO `gallery` (`id`, `title`, `slug`, `type`, `identifier`, `template`, `image_size`, `status`, `is_archived`, `created_by`, `updated_by`, `created_at`, `updated_at`) VALUES
(1, 'A Team You Can Trust', 'a-team-you-can-trust', '1', 'a-day-at-the-beach', '', '', 1, 0, 1, 1, '2023-05-08 20:13:16', '2023-05-14 20:52:14'),
(2, 'A comprehensive daily activity', 'a-comprehensive-daily-activity', '2', 'a-comprehensive-daily-activity', '', '', 1, 0, 1, 1, '2023-05-08 22:32:33', '2023-05-10 10:10:36'),
(5, 'Annual Day 2022', 'annual-day-2022', '1', 'annual-day-2022', '', '', 1, 0, 1, 1, '2023-05-22 17:28:33', '2023-05-22 14:59:28'),
(6, 'Software Gallery', 'software-gallery', '', 'software-gallery', NULL, '', 1, 0, 1, 1, '2023-05-27 09:34:09', '2023-05-27 03:36:32');

-- --------------------------------------------------------

--
-- Table structure for table `global_settings`
--

CREATE TABLE `global_settings` (
  `id` int(11) NOT NULL,
  `order` int(11) DEFAULT NULL,
  `item_key` varchar(255) DEFAULT NULL,
  `item_value` text,
  `label` varchar(255) DEFAULT NULL,
  `hint` varchar(255) DEFAULT NULL,
  `field_type` varchar(255) DEFAULT NULL,
  `options` text,
  `input_type` varchar(100) DEFAULT NULL,
  `pattern` varchar(100) DEFAULT NULL,
  `group` varchar(255) DEFAULT NULL,
  `updated_at` timestamp NULL DEFAULT CURRENT_TIMESTAMP ON UPDATE CURRENT_TIMESTAMP,
  `updated_by` int(11) DEFAULT NULL
) ENGINE=InnoDB DEFAULT CHARSET=utf8;

--
-- Dumping data for table `global_settings`
--

INSERT INTO `global_settings` (`id`, `order`, `item_key`, `item_value`, `label`, `hint`, `field_type`, `options`, `input_type`, `pattern`, `group`, `updated_at`, `updated_by`) VALUES
(1, 1, 'site_title', 'EasyUp Multipurpose Website CMS & API', 'Site Title', '', 'textInput', '', NULL, NULL, 'General Settings', '2023-06-10 11:41:17', 0),
(2, 2, 'slogan', '', 'Company Slogan', '', 'textInput', '', NULL, NULL, 'General Settings', '2023-04-20 06:12:45', 0),
(3, 3, 'info_email', '', 'Info Email', 'Enter valid email address', 'textInput', '', 'email', NULL, 'General Settings', '2023-06-11 13:18:30', 0),
(4, 4, 'career_email', '', 'Career Email', 'Enter valid email address', 'textInput', '', 'email', NULL, 'General Settings', '2023-06-11 13:18:32', 0),
(5, 5, 'contact_email', 'info@testdomian.com', 'Contact Email', 'Enter valid email address', 'textInput', '', 'email', NULL, 'General Settings', '2023-06-11 13:18:34', 0),
(6, 6, 'office_location', 'House 91, Road 04, Block B, Banani, Dhaka 1213, Bangladesh', 'Office Location Address', '', 'textInput', '', NULL, NULL, 'General Settings', '2023-05-08 10:17:37', 0),
(7, 7, 'office_phone', '+880 1400 999 666', 'Office Phone', 'Example: +880 1200 000 001, +880 1200 000 002', 'textInput', '', NULL, '[0-9+\\- ,]+', 'General Settings', '2023-06-11 13:19:19', 0),
(8, 8, 'office_fax', '', 'Office Fax', 'Example: +1-907-555-1234, +1-907-555-4567', 'textInput', '', NULL, '[0-9+\\- ,]+', 'General Settings', '2023-06-11 13:19:28', 0),
(9, 9, 'logo_light', '', 'Logo Light', '', 'fileInput', '', NULL, NULL, 'General Settings', '2023-06-10 13:41:40', 0),
(10, 9, 'logo_dark', '', 'Logo Light', '', 'fileInput', '', NULL, NULL, 'General Settings', '2023-05-26 08:19:55', 0),
(11, 10, 'favicon', '', 'FAV Icon', '', 'fileInput', '', NULL, NULL, 'General Settings', '2023-05-23 13:34:17', 0),
(12, 11, 'brochure', NULL, 'Company Brochure', '', 'fileInput', '', NULL, NULL, 'Documents', '2023-06-10 13:40:24', 0),
(13, 12, 'copyright_text', '© 2023 EasyUp is Proudly Powered by', 'Copyright Text', '', 'textInput', '', NULL, NULL, 'General Settings', '2023-06-11 11:36:10', 0),
(14, 1, 'facebook', 'https://www.facebook.com', 'Facebook Link', 'Enter valid URL', 'textInput', '', 'url', NULL, 'Social Settings', '2023-06-11 13:24:31', 0),
(15, 1, 'youtube', 'https://www.youtube.com', 'Youtube Link', 'Enter valid URL', 'textInput', '', 'url', NULL, 'Social Settings', '2023-06-11 13:19:44', 0),
(16, 1, 'linkedin', 'https://www.linkedin.com', 'Linked In Link', 'Enter valid URL', 'textInput', '', 'url', NULL, 'Social Settings', '2023-06-11 13:19:47', 0),
(17, 1, 'instagram', 'https://www.instagram.com', 'Instagram Link', 'Enter valid URL', 'textInput', '', 'url', NULL, 'Social Settings', '2023-06-11 13:19:49', 0),
(18, 1, 'twitter', 'https://twitter.com', 'Twitter Link', 'Enter valid URL', 'textInput', '', 'url', NULL, 'Social Settings', '2023-06-11 13:19:51', 0),
(19, 1, 'image_size', '[\"Actual size\"]', 'Image sizes', '', 'checkBox', '', NULL, NULL, 'Image Settings', '0000-00-00 00:00:00', 0),
(20, 1, 'images_sizes', '[{\"label\":\"Banner\",\"width\":\"100\",\"height\":\"100\"},{\"label\":\"Thumb\",\"width\":\"200\",\"height\":\"200\"},{\"label\":\"Background\",\"width\":\"300\",\"height\":\"300\"}]', 'Images sizes', '', 'textInput', '', NULL, NULL, 'Image sizes settings', '2022-09-16 03:27:02', 0),
(21, 1, 'compression_ratio', '100', 'Image compresion rate', 'in %', 'textInput', '', 'number', NULL, 'Image settings', '2023-06-11 13:14:00', 0),
(22, 11, 'image_weight', '1', 'Max Image Size', 'Unit : MB', 'textInput', '', 'number', NULL, 'Image Settings', '2023-06-11 13:27:30', 0),
(23, 11, 'image_ext', 'png,svg,jpg,pdf,jpeg', 'Image Extensions', 'Example: jpg,png,pdf', 'textInput', '', NULL, '[a-zA-Z,\\s]+', 'Image Settings', '2023-06-11 13:20:10', 0),
(24, 0, 'thumb', '', 'Thumb', '', 'checkBox', '', NULL, NULL, 'All Image/Files Fields', '2023-03-13 08:45:30', 2),
(25, 0, 'banner', '', 'Banner', '', 'checkBox', '', NULL, NULL, 'All Image/Files Fields', '2023-03-13 08:45:30', 2),
(26, 0, 'background', '', 'Background', '', 'checkBox', '', NULL, NULL, 'All Image/Files Fields', '2023-03-13 08:45:30', 2),
(27, 11, 'manual', '', 'Manual', '', 'fileInput', '', NULL, NULL, 'Documents', '2023-06-10 13:40:01', 0),
(28, 11, 'sitemap', '', 'Sitemap', '', 'fileInput', '', NULL, NULL, 'Documents', '2023-06-10 13:39:57', 0),
(29, 11, 'robots', '', 'Robots.txt', '', 'fileInput', '', NULL, NULL, 'Documents', '2023-04-20 06:11:40', 0),
(30, 11, 'google_map', '', 'Google Map Key', '', 'textInput', '', NULL, NULL, 'API', '2023-04-20 06:11:03', 0),
(31, 0, 'default_template', '', 'Default Templete', '', 'fileInput', '', NULL, NULL, 'Page Templates', '2022-03-17 07:00:52', 2),
(32, NULL, 'front_theme', 'website', 'Frontend Theme', '', 'radio', '{\"website\":\"Website\"}', NULL, NULL, 'Theme settings', '2023-05-04 08:19:00', NULL),
(33, 11, 'recaptcha_site_key', '', 'Google reCAPTCHA - Site Key', '', 'textInput', '', NULL, NULL, 'API', '2024-07-15 11:29:05', 0),
(34, 11, 'recaptcha_secret_key', '', 'Google reCAPTCHA - Secret Key', '', 'textInput', '', NULL, NULL, 'API', '2024-07-15 11:29:05', 0);

-- --------------------------------------------------------

--
-- Table structure for table `jobs`
--

CREATE TABLE `jobs` (
  `id` int(11) NOT NULL,
  `category_id` int(11) DEFAULT NULL,
  `title` varchar(255) DEFAULT NULL,
  `overview` text,
  `description` longtext,
  `date` date DEFAULT NULL,
  `status` int(2) DEFAULT NULL,
  `sort_order` int(11) DEFAULT '0',
  `created_by` int(11) DEFAULT NULL,
  `created_at` datetime DEFAULT NULL,
  `updated_by` int(11) DEFAULT NULL,
  `updated_at` datetime DEFAULT NULL
) ENGINE=InnoDB DEFAULT CHARSET=utf8mb4;

--
-- Dumping data for table `jobs`
--

INSERT INTO `jobs` (`id`, `category_id`, `title`, `overview`, `description`, `date`, `status`, `sort_order`, `created_by`, `created_at`, `updated_by`, `updated_at`) VALUES
(1, 7, 'Business Development Manager', 'Lorem Ipsum is simply dummy text of the printing and typesetting industry. Lorem Ipsum has been the industry\'s standard dummy text ever since the 1500s, when an unknown printer took a galley of type and scrambled it to make a type specimen book. It has survived not only five centuries, but also the leap into electronic typesetting, remaining essentially unchanged. It was popularised in the 1960s with the release of Letraset sheets containing Lorem Ipsum passages, and more recently with desktop publishing software like Aldus PageMaker including versions of Lorem Ipsum.', '<h2>Job Responsibilities</h2>\r\n\r\n                        <ul>\r\n                           <li>Easy-to-understand CMS</li>\r\n                           <li>Pixel perfect design</li>\r\n                           <li>Convenient and multipurpose development</li>\r\n                           <li>Unlimited power with endless possibilities</li>\r\n                        </ul>\r\n\r\n                        <h2>Requirements</h2>\r\n                        <ul>\r\n                           <li>Easy-to-understand CMS</li>\r\n                           <li>Pixel perfect design</li>\r\n                           <li>Convenient and multipurpose development</li>\r\n                        </ul>', '2023-06-15', 1, 0, 1, '2023-05-08 18:20:10', 1, '2023-05-27 09:37:58'),
(2, 7, 'Regional Program Manager', 'Lorem Ipsum is simply dummy text of the printing and typesetting industry. Lorem Ipsum has been the industry\'s standard dummy text ever since the 1500s, when an unknown printer took a galley of type and scrambled it to make a type specimen book. It has survived not only five centuries, but also the leap into electronic typesetting, remaining essentially unchanged. It was popularised in the 1960s with the release of Letraset sheets containing Lorem Ipsum passages, and more recently with desktop publishing software like Aldus PageMaker including versions of Lorem Ipsum.', '<h2>Job Responsibilities</h2>\r\n\r\n                        <ul>\r\n                           <li>Easy-to-understand CMS</li>\r\n                           <li>Pixel perfect design</li>\r\n                           <li>Convenient and multipurpose development</li>\r\n                           <li>Unlimited power with endless possibilities</li>\r\n                        </ul>\r\n\r\n                        <h2>Requirements</h2>\r\n                        <ul>\r\n                           <li>Easy-to-understand CMS</li>\r\n                           <li>Pixel perfect design</li>\r\n                           <li>Convenient and multipurpose development</li>\r\n                        </ul>', '2023-06-10', 1, 0, 1, '2023-05-08 18:21:31', 1, '2023-05-27 09:38:03'),
(3, 7, 'Senior Executive - CSR & Sustainable Development ', 'Lorem Ipsum is simply dummy text of the printing and typesetting industry. Lorem Ipsum has been the industry\'s standard dummy text ever since the 1500s, when an unknown printer took a galley of type and scrambled it to make a type specimen book. It has survived not only five centuries, but also the leap into electronic typesetting, remaining essentially unchanged. It was popularised in the 1960s with the release of Letraset sheets containing Lorem Ipsum passages, and more recently with desktop publishing software like Aldus PageMaker including versions of Lorem Ipsum.', '<h2>Job Responsibilities</h2>\r\n\r\n                        <ul>\r\n                           <li>Easy-to-understand CMS</li>\r\n                           <li>Pixel perfect design</li>\r\n                           <li>Convenient and multipurpose development</li>\r\n                           <li>Unlimited power with endless possibilities</li>\r\n                        </ul>\r\n\r\n                        <h2>Requirements</h2>\r\n                        <ul>\r\n                           <li>Easy-to-understand CMS</li>\r\n                           <li>Pixel perfect design</li>\r\n                           <li>Convenient and multipurpose development</li>\r\n                        </ul>', '2023-06-10', 1, 0, 1, '2023-05-08 18:23:30', 1, '2023-05-27 09:38:07'),
(4, 7, 'Senior Executive', 'Lorem Ipsum is simply dummy text of the printing and typesetting industry. Lorem Ipsum has been the industry\'s standard dummy text ever since the 1500s, when an unknown printer took a galley of type and scrambled it to make a type specimen book. It has survived not only five centuries, but also the leap into electronic typesetting, remaining essentially unchanged. It was popularised in the 1960s with the release of Letraset sheets containing Lorem Ipsum passages, and more recently with desktop publishing software like Aldus PageMaker including versions of Lorem Ipsum.', '<h2>Job Responsibilities</h2>\r\n\r\n                        <ul>\r\n                           <li>Easy-to-understand CMS</li>\r\n                           <li>Pixel perfect design</li>\r\n                           <li>Convenient and multipurpose development</li>\r\n                           <li>Unlimited power with endless possibilities</li>\r\n                        </ul>\r\n\r\n                        <h2>Requirements</h2>\r\n                        <ul>\r\n                           <li>Easy-to-understand CMS</li>\r\n                           <li>Pixel perfect design</li>\r\n                           <li>Convenient and multipurpose development</li>\r\n                        </ul>', '2023-06-23', 1, 0, 1, '2023-05-08 18:24:18', 1, '2023-05-27 09:38:11');

-- --------------------------------------------------------

--
-- Table structure for table `mailing_queue`
--

CREATE TABLE `mailing_queue` (
  `id` int(11) NOT NULL,
  `email` text,
  `subject` text,
  `body` longtext,
  `status` tinyint(2) DEFAULT '1',
  `created_at` datetime DEFAULT NULL
) ENGINE=InnoDB DEFAULT CHARSET=utf8mb4;

-- --------------------------------------------------------

--
-- Table structure for table `media`
--

CREATE TABLE `media` (
  `id` int(11) NOT NULL,
  `identifier_type` varchar(255) DEFAULT NULL,
  `identifier_id` int(11) DEFAULT NULL,
  `short_title` varchar(255) DEFAULT NULL,
  `short_desc` text,
  `img_alt` text,
  `color_code` varchar(255) DEFAULT NULL,
  `path` varchar(255) DEFAULT NULL,
  `cloud_path` varchar(255) DEFAULT NULL,
  `img_name` varchar(255) DEFAULT NULL,
  `ext` varchar(255) DEFAULT NULL,
  `available_sizes` text,
  `size` varchar(255) DEFAULT NULL,
  `dimension` varchar(255) DEFAULT NULL,
  `sort_order` int(11) DEFAULT NULL,
  `created_at` datetime DEFAULT NULL,
  `updated_at` timestamp NULL DEFAULT CURRENT_TIMESTAMP ON UPDATE CURRENT_TIMESTAMP,
  `created_by` int(11) DEFAULT NULL,
  `updated_by` int(11) DEFAULT NULL
) ENGINE=InnoDB DEFAULT CHARSET=utf8;

--
-- Dumping data for table `media`
--

INSERT INTO `media` (`id`, `identifier_type`, `identifier_id`, `short_title`, `short_desc`, `img_alt`, `color_code`, `path`, `cloud_path`, `img_name`, `ext`, `available_sizes`, `size`, `dimension`, `sort_order`, `created_at`, `updated_at`, `created_by`, `updated_by`) VALUES
(21, 'Gallery', 1, 'A Team You Can Trust', '', '', 'N/A', 'uploads/gallery/a-day-at-the-beach/', '', '1683713891qeS3r.jpg', 'jpg', '[\"Actual size\"]', '52.61 KB', '790x585', 0, '2023-05-10 16:18:11', '2023-05-14 20:51:30', 1, 1),
(24, 'Gallery', 2, 'Industry Leaders', 'https://youtu.be/wT3cpXL7HiE', '', 'N/A', 'uploads/gallery/a-comprehensive-daily-activity/', '', '1683714984ikylE.jpg', 'jpg', '[\"Actual size\"]', '33.72 KB', '790x585', 0, '2023-05-10 16:36:24', '2023-05-14 20:50:27', 1, 1),
(25, 'Gallery', 2, 'Dedicated to Provide Premium Services', 'https://www.youtube.com/watch?v=taIqmr_fCD4', '', 'N/A', 'uploads/gallery/a-comprehensive-daily-activity/', '', '1683715344hCoZo.jpg', 'jpg', '[\"Actual size\"]', '46.01 KB', '790x585', 0, '2023-05-10 16:42:24', '2023-05-14 20:50:53', 1, 1),
(30, 'PageFile', 16, '', '', NULL, 'N/A', 'uploads/page/about-us/', '', '1683794192ny8xq.pdf', 'pdf', '[\"Actual size\"]', '75.32 KB', 'x', 0, '2023-05-11 14:36:32', '2023-05-11 08:36:32', 1, 1),
(34, 'ProductPost', 5, '<h3 class=\"anim fade-up\">John Smith</h3><h4 class=\"anim fade-up\">CEO</h4>', 'Our company has been using this CMS for over a year, and it has truly transformed how we manage our website. Before, making updates to our site was a time-consuming and often frustrating process. But with this CMS, we are able to make changes quickly and easily, saving us valuable time and resources. The platform\'s intuitive interface has also made it easy for our team members to learn and use, even those with little to no technical experience.<br><br>\r\nWe also appreciate the level of support provided by the CMS team. Whenever we have questions or concerns, they have responded quickly and provided solutions. They truly go above and beyond to ensure that we are satisfied with the platform and are able to achieve our website goals.<br><br>\r\nOverall, we highly recommend this CMS to any business looking to streamline its website management process and improve its online presence.', '', 'N/A', 'uploads/product/software-development/', '', '1683803035W3aot.jpg', 'jpg', '[\"Actual size\"]', '20.33 KB', '550x550', 1, '2023-05-11 17:03:55', '2023-05-18 12:47:42', 1, 1),
(39, 'Product', 3, '', '', '', 'N/A', 'uploads/product/ecommerce-develoment/', '', '1683828035ZiDnA.jpg', 'jpg', '[\"Actual size\"]', '99.12 KB', '2049x840', 0, '2023-05-12 00:00:35', '2023-05-11 18:00:47', 1, 1),
(40, 'Product', 2, '', '', '', 'N/A', 'uploads/product/website-development/', '', '1683828082itoXW.jpg', 'jpg', '[\"Actual size\"]', '99.12 KB', '2049x840', 0, '2023-05-12 00:01:22', '2023-05-11 18:01:28', 1, 1),
(41, 'Product', 4, '', '', '', 'N/A', 'uploads/product/mobile-application/', '', '1683828101UZCjy.jpg', 'jpg', '[\"Actual size\"]', '99.12 KB', '2049x840', 0, '2023-05-12 00:01:41', '2023-05-11 18:01:45', 1, 1),
(42, 'Product', 5, '', '', '', 'N/A', 'uploads/product/technical-support/', '', '16838281133OdwX.jpg', 'jpg', '[\"Actual size\"]', '99.12 KB', '2049x840', 0, '2023-05-12 00:01:53', '2023-05-11 18:01:58', 1, 1),
(43, 'Product', 6, '', '', '', 'N/A', 'uploads/product/devops-solution/', '', '16838281276jxVH.jpg', 'jpg', '[\"Actual size\"]', '99.12 KB', '2049x840', 0, '2023-05-12 00:02:07', '2023-05-11 18:02:12', 1, 1),
(45, 'Page', 8, '', '', '', 'N/A', 'uploads/page/testimonial/', '', '1683829797B8uza.jpg', 'jpg', '[\"Actual size\"]', '69.64 KB', '1920x790', 10, '2023-05-12 00:29:57', '2023-05-14 21:36:06', 1, 1),
(47, 'Page', 2, 'Crafted <br>with Care', 'We design unique and thoughtful products with your success in mind.', '', 'N/A', 'uploads/page/home/', '', '1684076232CcY2u.jpg', 'jpg', '[\"Actual size\",\"x\",\"100x100\",\"300x300\"]', '201.76 KB', '1920x1080', 1, '2023-05-14 20:57:13', '2023-05-27 06:00:42', 1, 1),
(48, 'Page', 2, 'We Build Success', 'Quality is at the heart of everything we do.', '', 'N/A', 'uploads/page/home/', '', '1684076232KibbB.jpg', 'jpg', '[\"Actual size\"]', '111.15 KB', '1920x1080', 2, '2023-05-14 20:57:13', '2023-05-26 17:28:18', 1, 1),
(50, 'PagePost', 1, '', '', NULL, 'N/A', 'uploads/page/home/', '', '1684078225BM9qW.svg', 'svg', '[\"Actual size\"]', '1.79 KB', 'x', 0, '2023-05-14 21:30:25', '2023-05-14 15:30:25', 1, 1),
(51, 'PagePost', 2, '', '', NULL, 'N/A', 'uploads/page/home/', '', '1684078239t3m7E.svg', 'svg', '[\"Actual size\"]', '5.07 KB', 'x', 0, '2023-05-14 21:30:39', '2023-05-14 15:30:39', 1, 1),
(52, 'PagePost', 4, '', '', NULL, 'N/A', 'uploads/page/home/', '', '1684078248xVGzv.svg', 'svg', '[\"Actual size\"]', '2.59 KB', 'x', 0, '2023-05-14 21:30:48', '2023-05-14 15:30:48', 1, 1),
(53, 'PagePost', 3, '', '', NULL, 'N/A', 'uploads/page/home/', '', '1684078262XJ64q.svg', 'svg', '[\"Actual size\"]', '1.99 KB', 'x', 0, '2023-05-14 21:31:02', '2023-05-14 15:31:02', 1, 1),
(54, 'Page', 5, '', '', '', 'N/A', 'uploads/page/home/', '', '1684078584FYBl4.jpg', 'jpg', '[\"Actual size\"]', '79.88 KB', '1200x1020', 0, '2023-05-14 21:36:24', '2023-05-14 17:06:35', 1, 1),
(55, 'Page', 6, '', '', '', 'N/A', 'uploads/page/home/', '', '1684080948ihciB.jpg', 'jpg', '[\"Actual size\"]', '50.45 KB', '1920x580', 0, '2023-05-14 22:15:48', '2023-05-14 17:06:07', 1, 1),
(56, 'Page', 7, 'https://youtu.be/wT3cpXL7HiE', '', '', 'N/A', 'uploads/page/home/', '', '1684081694DZmSu.jpg', 'jpg', '[\"Actual size\"]', '71.79 KB', '820x880', 0, '2023-05-14 22:28:14', '2023-05-26 05:59:31', 1, 1),
(59, 'PagePost', 10, '', '', '', 'N/A', 'uploads/page/testimonial/', '', '1684090971mbUAX.jpg', 'jpg', '[\"Actual size\"]', '20.33 KB', '550x550', 0, '2023-05-15 01:02:51', '2023-05-14 19:02:55', 1, 1),
(60, 'PagePost', 7, '', '', '', 'N/A', 'uploads/page/testimonial/', '', '16840911271pPvd.jpg', 'jpg', '[\"Actual size\"]', '26.49 KB', '550x550', 0, '2023-05-15 01:05:27', '2023-05-14 19:05:31', 1, 1),
(61, 'PagePost', 8, '', '', '', 'N/A', 'uploads/page/testimonial/', '', '16840912398gEoY.jpg', 'jpg', '[\"Actual size\"]', '30.51 KB', '550x550', 0, '2023-05-15 01:07:19', '2023-05-14 19:07:22', 1, 1),
(62, 'PagePost', 9, '', '', '', 'N/A', 'uploads/page/testimonial/', '', '16840913025My4r.jpg', 'jpg', '[\"Actual size\"]', '34.70 KB', '550x550', 0, '2023-05-15 01:08:22', '2023-05-14 19:08:26', 1, 1),
(72, 'Page', 8, 'Cha-Walah', '', '', 'N/A', 'uploads/page/testimonial/', '', '1684092400IokyF.svg', 'svg', '[\"Actual size\"]', '14.60 KB', 'x', 4, '2023-05-15 01:26:40', '2023-05-14 19:28:20', 1, 1),
(73, 'Page', 8, 'Concord', '', '', 'N/A', 'uploads/page/testimonial/', '', '168409240061fix.svg', 'svg', '[\"Actual size\"]', '7.32 KB', 'x', 3, '2023-05-15 01:26:40', '2023-05-14 19:28:20', 1, 1),
(74, 'Page', 8, 'Eastern Housing Limited', '', '', 'N/A', 'uploads/page/testimonial/', '', '1684092400RktbT.svg', 'svg', '[\"Actual size\"]', '10.40 KB', 'x', 6, '2023-05-15 01:26:40', '2023-05-14 19:28:20', 1, 1),
(75, 'Page', 8, 'Foodpeon', '', '', 'N/A', 'uploads/page/testimonial/', '', '1684092400pTWE0.svg', 'svg', '[\"Actual size\"]', '6.81 KB', 'x', 8, '2023-05-15 01:26:40', '2023-05-14 19:28:20', 1, 1),
(76, 'Page', 8, 'InnStar', '', '', 'N/A', 'uploads/page/testimonial/', '', '1684092400lSBLR.svg', 'svg', '[\"Actual size\"]', '11.47 KB', 'x', 5, '2023-05-15 01:26:40', '2023-05-14 19:28:20', 1, 1),
(77, 'Page', 8, 'Shanta Holdings', '', '', 'N/A', 'uploads/page/testimonial/', '', '1684092409okSxx.svg', 'svg', '[\"Actual size\"]', '5.05 KB', 'x', 1, '2023-05-15 01:26:49', '2023-05-14 19:28:20', 1, 1),
(78, 'Page', 8, 'United Group', '', '', 'N/A', 'uploads/page/testimonial/', '', '1684092409z5IbK.svg', 'svg', '[\"Actual size\"]', '10.49 KB', 'x', 2, '2023-05-15 01:26:49', '2023-05-14 19:28:20', 1, 1),
(79, 'Page', 8, 'United Hospital', '', '', 'N/A', 'uploads/page/testimonial/', '', '1684092409x7S3l.svg', 'svg', '[\"Actual size\"]', '9.96 KB', 'x', 7, '2023-05-15 01:26:49', '2023-05-14 19:28:20', 1, 1),
(80, 'Page', 8, 'Ventura Properties', '', '', 'N/A', 'uploads/page/testimonial/', '', '1684092409vnIvi.svg', 'svg', '[\"Actual size\"]', '13.59 KB', 'x', 9, '2023-05-15 01:26:49', '2023-05-14 19:28:20', 1, 1),
(81, 'Page', 17, '', '', '', 'N/A', 'uploads/page/about-us/', '', '1684092654mLTzk.jpg', 'jpg', '[\"Actual size\"]', '67.76 KB', '780x780', 0, '2023-05-15 01:30:54', '2023-05-14 19:30:59', 1, 1),
(82, 'PagePost', 16, '', '', '', 'N/A', 'uploads/page/about-us/', '', '16840934939AAdv.jpg', 'jpg', '[\"Actual size\"]', '53.02 KB', '780x620', 0, '2023-05-15 01:44:53', '2023-05-14 19:45:02', 1, 1),
(83, 'PagePost', 17, '', '', '', 'N/A', 'uploads/page/about-us/', '', '1684093515a4061.jpg', 'jpg', '[\"Actual size\"]', '92.37 KB', '780x620', 0, '2023-05-15 01:45:15', '2023-05-14 19:45:18', 1, 1),
(84, 'PagePost', 18, '', '', '', 'N/A', 'uploads/page/about-us/', '', '1684093527gAe1s.jpg', 'jpg', '[\"Actual size\"]', '60.84 KB', '780x620', 0, '2023-05-15 01:45:27', '2023-05-14 19:45:30', 1, 1),
(85, 'PagePost', 19, '', '', '', 'N/A', 'uploads/page/about-us/', '', '1684093540AmZXN.jpg', 'jpg', '[\"Actual size\"]', '67.87 KB', '780x620', 0, '2023-05-15 01:45:40', '2023-05-14 19:45:43', 1, 1),
(86, 'Page', 18, '', '', '', 'N/A', 'uploads/page/about-us/', '', '1684093767KFueY.jpg', 'jpg', '[\"Actual size\"]', '43.86 KB', '530x710', 0, '2023-05-15 01:49:27', '2023-05-14 19:49:32', 1, 1),
(91, 'PagePost', 20, '', '', '', 'N/A', 'uploads/page/about-us/', '', '1684094487brsml.jpg', 'jpg', '[\"Actual size\"]', '21.85 KB', '380x450', 0, '2023-05-15 02:01:27', '2023-05-14 20:01:32', 1, 1),
(92, 'PagePost', 21, '', '', '', 'N/A', 'uploads/page/about-us/', '', '1684094508IrCEC.jpg', 'jpg', '[\"Actual size\"]', '18.64 KB', '380x450', 0, '2023-05-15 02:01:48', '2023-05-14 20:01:52', 1, 1),
(93, 'PagePost', 22, '', '', '', 'N/A', 'uploads/page/about-us/', '', '1684094632btu0q.jpg', 'jpg', '[\"Actual size\"]', '17.76 KB', '380x450', 0, '2023-05-15 02:03:52', '2023-05-14 20:03:57', 1, 1),
(94, 'PagePost', 23, '', '', '', 'N/A', 'uploads/page/about-us/', '', '1684094733GP6ng.jpg', 'jpg', '[\"Actual size\"]', '20.97 KB', '380x450', 0, '2023-05-15 02:05:33', '2023-05-14 20:05:38', 1, 1),
(98, 'Page', 13, '', '', '', 'N/A', 'uploads/page/gallery/', '', '1684096532cmgNx.jpg', 'jpg', '[\"Actual size\"]', '44.25 KB', '1920x790', 0, '2023-05-15 02:35:32', '2023-05-14 20:35:35', 1, 1),
(99, 'Gallery', 1, '', '', NULL, 'N/A', 'uploads/gallery/a-day-at-the-beach/', '', '1684097524PMjvb.jpg', 'jpg', '[\"Actual size\"]', '124.70 KB', '1548x1032', 0, '2023-05-15 02:52:04', '2023-05-14 20:52:04', 1, 1),
(100, 'Gallery', 1, '', '', NULL, 'N/A', 'uploads/gallery/a-day-at-the-beach/', '', '1684097524crAbT.jpg', 'jpg', '[\"Actual size\"]', '101.21 KB', '1382x922', 0, '2023-05-15 02:52:04', '2023-05-14 20:52:04', 1, 1),
(101, 'Gallery', 1, '', '', NULL, 'N/A', 'uploads/gallery/a-day-at-the-beach/', '', '16840975248nE7h.jpg', 'jpg', '[\"Actual size\"]', '167.23 KB', '2617x1746', 0, '2023-05-15 02:52:04', '2023-05-14 20:52:04', 1, 1),
(102, 'Gallery', 1, '', '', NULL, 'N/A', 'uploads/gallery/a-day-at-the-beach/', '', '16840975243jes1.jpg', 'jpg', '[\"Actual size\"]', '209.25 KB', '1872x1247', 0, '2023-05-15 02:52:04', '2023-05-14 20:52:04', 1, 1),
(103, 'Page', 12, '', '', '', 'N/A', 'uploads/page/career/', '', '1684097886twJFA.jpg', 'jpg', '[\"Actual size\"]', '116.45 KB', '1920x790', 0, '2023-05-15 02:58:06', '2023-05-14 20:58:09', 1, 1),
(105, 'Page', 11, '', '', '', 'N/A', 'uploads/page/contact/', '', '1684098307G2BZ4.jpg', 'jpg', '[\"Actual size\"]', '63.01 KB', '1920x790', 0, '2023-05-15 03:05:07', '2023-05-14 21:05:12', 1, 1),
(107, 'PagePost', 13, '', '', '', 'N/A', 'uploads/page/contact/', '', '168409919367ZRp.jpg', 'jpg', '[\"Actual size\"]', '90.77 KB', '1600x765', 0, '2023-05-15 03:19:53', '2023-05-14 21:19:56', 1, 1),
(108, 'PagePost', 14, '', '', '', 'N/A', 'uploads/page/contact/', '', '1684099207rc6ha.jpg', 'jpg', '[\"Actual size\"]', '54.61 KB', '1600x765', 0, '2023-05-15 03:20:07', '2023-05-14 21:20:10', 1, 1),
(109, 'PagePost', 15, '', '', '', 'N/A', 'uploads/page/contact/', '', '1684099219FisiM.jpg', 'jpg', '[\"Actual size\"]', '102.87 KB', '1600x765', 0, '2023-05-15 03:20:19', '2023-05-14 21:20:22', 1, 1),
(110, 'Page', 15, '', '', '', 'N/A', 'uploads/page/services/', '', '1684099698bY56E.jpg', 'jpg', '[\"Actual size\"]', '116.77 KB', '1920x790', 0, '2023-05-15 03:28:18', '2023-05-14 21:28:22', 1, 1),
(111, 'PagePost', 28, '', '', '', 'N/A', 'uploads/page/testimonial/', '', '1684100367PJ8rN.jpg', 'jpg', '[\"Actual size\"]', '28.41 KB', '550x550', 0, '2023-05-15 03:39:27', '2023-05-14 21:39:30', 1, 1),
(115, 'ProductPost', 5, '<h3 class=\"anim fade-up\">Natalie Thompson</h3><h4 class=\"anim fade-up\">CTO</h4>', 'As the CTO of a growing business, I know how important it is to have a website that is both functional and visually appealing. That\'s why we chose this CMS to manage our website, and we couldn\'t be happier with the results.<br><br>\r\nWe also appreciate the level of customization offered by the CMS. We have been able to create a website that is unique to our brand and that truly reflects our values and mission. Additionally, the platform\'s SEO tools have helped us to improve our search engine rankings, resulting in increased website traffic and revenue.<br><br>\r\nOverall, I highly recommend this CMS to any business looking for a comprehensive website management solution that can help them to achieve their online goals.<br>', '', 'N/A', 'uploads/product/software-development/', '', '1684332601IKlCt.jpg', 'jpg', '[\"Actual size\"]', '34.70 KB', '550x550', 4, '2023-05-17 20:10:01', '2023-05-18 12:47:42', 1, 1),
(116, 'ProductPost', 5, '<h3 class=\"anim fade-up\">Brad Simmons</h3><h4 class=\"anim fade-up\">IT Director</h4>', '  Before we switched to this CMS, managing our website was a nightmare. We had to rely on external developers to make even the smallest changes, and the process was slow and expensive. But since we started using this CMS, we have been able to manage our website in-house, saving us both time and money.<br><br>\r\nThe platform\'s automated workflows and approval processes have also helped us to streamline our content creation process. We are now able to get new content up on our site much faster than before, which has helped us to stay ahead of the competition.<br><br>\r\nOverall, we highly recommend this CMS to any business looking to improve its website management process and achieve better online results.<br>', '', 'N/A', 'uploads/product/software-development/', '', '1684332601F6Oqy.jpg', 'jpg', '[\"Actual size\"]', '30.51 KB', '550x550', 3, '2023-05-17 20:10:01', '2023-05-18 12:47:42', 1, 1),
(117, 'ProductPost', 5, '<h3 class=\"anim fade-up\">Sarah Johnson</h3><h4 class=\"anim fade-up\">Content Manager</h4>', 'As a large corporation with multiple websites, we needed a CMS that could handle a high volume of content and traffic. After researching various options, we decided to go with this CMS, and we couldn\'t be happier with our decision. The platform\'s robust features and scalability have allowed us to easily manage all of our websites from one central location.<br><br>\r\nOne of the things we appreciate most about this CMS is its flexibility. We have been able to customize our website to meet our specific needs, and the platform\'s API has allowed us to integrate with other tools and applications seamlessly. Additionally, the CMS\'s analytics and reporting features have provided us with valuable insights into our website\'s performance, allowing us to make data-driven decisions.<br><br>\r\nOverall, we highly recommend this CMS to any business looking for a reliable, enterprise-level solution for their website management needs', '', 'N/A', 'uploads/product/software-development/', '', '1684332601wdyMH.jpg', 'jpg', '[\"Actual size\"]', '26.49 KB', '550x550', 2, '2023-05-17 20:10:01', '2023-05-18 12:47:42', 1, 1),
(118, 'ProductPost', 9, '<h3 class=\"anim fade-up\">John Smith</h3><h4 class=\"anim fade-up\">CEO</h4>', 'Our company has been using this CMS for over a year, and it has truly transformed how we manage our website. Before, making updates to our site was a time-consuming and often frustrating process. But with this CMS, we are able to make changes quickly and easily, saving us valuable time and resources. The platform\'s intuitive interface has also made it easy for our team members to learn and use, even those with little to no technical experience.<br><br>\r\nWe also appreciate the level of support provided by the CMS team. Whenever we have questions or concerns, they have responded quickly and provided solutions. They truly go above and beyond to ensure that we are satisfied with the platform and are able to achieve our website goals.<br><br>\r\nOverall, we highly recommend this CMS to any business looking to streamline its website management process and improve its online presence.', '', 'N/A', 'uploads/product/software-development/', '', '1683803035W3aot.jpg', 'jpg', '[\"Actual size\"]', '20.33 KB', '550x550', 0, '2023-05-11 17:03:55', '2023-05-17 14:08:31', 1, 1),
(121, 'ProductPost', 9, '<h3 class=\"anim fade-up\">Natalie Thompson</h3><h4 class=\"anim fade-up\">CTO</h4>', 'As the CTO of a growing business, I know how important it is to have a website that is both functional and visually appealing. That\'s why we chose this CMS to manage our website, and we couldn\'t be happier with the results.<br><br>\r\nWe also appreciate the level of customization offered by the CMS. We have been able to create a website that is unique to our brand and that truly reflects our values and mission. Additionally, the platform\'s SEO tools have helped us to improve our search engine rankings, resulting in increased website traffic and revenue.<br><br>\r\nOverall, I highly recommend this CMS to any business looking for a comprehensive website management solution that can help them to achieve their online goals.<br>', '', 'N/A', 'uploads/product/software-development/', '', '1684332601IKlCt.jpg', 'jpg', '[\"Actual size\"]', '34.70 KB', '550x550', 0, '2023-05-17 20:10:01', '2023-05-17 14:11:07', 1, 1),
(122, 'ProductPost', 9, '<h3 class=\"anim fade-up\">Brad Simmons</h3><h4 class=\"anim fade-up\">IT Director</h4>', '  Before we switched to this CMS, managing our website was a nightmare. We had to rely on external developers to make even the smallest changes, and the process was slow and expensive. But since we started using this CMS, we have been able to manage our website in-house, saving us both time and money.<br><br>\r\nThe platform\'s automated workflows and approval processes have also helped us to streamline our content creation process. We are now able to get new content up on our site much faster than before, which has helped us to stay ahead of the competition.<br><br>\r\nOverall, we highly recommend this CMS to any business looking to improve its website management process and achieve better online results.<br>', '', 'N/A', 'uploads/product/software-development/', '', '1684332601F6Oqy.jpg', 'jpg', '[\"Actual size\"]', '30.51 KB', '550x550', 0, '2023-05-17 20:10:01', '2023-05-17 14:34:41', 1, 1),
(123, 'ProductPost', 9, '<h3 class=\"anim fade-up\">Sarah Johnson</h3><h4 class=\"anim fade-up\">Content Manager</h4>', 'As a large corporation with multiple websites, we needed a CMS that could handle a high volume of content and traffic. After researching various options, we decided to go with this CMS, and we couldn\'t be happier with our decision. The platform\'s robust features and scalability have allowed us to easily manage all of our websites from one central location.<br><br>\r\nOne of the things we appreciate most about this CMS is its flexibility. We have been able to customize our website to meet our specific needs, and the platform\'s API has allowed us to integrate with other tools and applications seamlessly. Additionally, the CMS\'s analytics and reporting features have provided us with valuable insights into our website\'s performance, allowing us to make data-driven decisions.<br><br>\r\nOverall, we highly recommend this CMS to any business looking for a reliable, enterprise-level solution for their website management needs', '', 'N/A', 'uploads/product/software-development/', '', '1684332601wdyMH.jpg', 'jpg', '[\"Actual size\"]', '26.49 KB', '550x550', 0, '2023-05-17 20:10:01', '2023-05-17 14:34:38', 1, 1),
(126, 'Product', 1, '', '', '', 'N/A', 'uploads/product/software-development/', '', '1684412549OcH3x.jpg', 'jpg', '[\"Actual size\"]', '96.56 KB', '1920x790', 0, '2023-05-18 18:22:29', '2023-05-18 12:22:32', 1, 1),
(127, 'Product', 1, '', '', '', 'N/A', 'uploads/product/software-development/', '', '1684413743csPV5.jpg', 'jpg', '[\"Actual size\"]', '20.89 KB', '520x300', 0, '2023-05-18 18:42:23', '2023-05-18 12:42:28', 1, 1),
(128, 'ProductPost', 3, '', '', NULL, 'N/A', 'uploads/product/software-development/', '', '16844142896adfa.svg', 'svg', '[\"Actual size\"]', '14.60 KB', 'x', 4, '2023-05-18 18:51:29', '2023-05-18 12:55:34', 1, 1),
(129, 'ProductPost', 3, '', '', NULL, 'N/A', 'uploads/product/software-development/', '', '1684414289RyhdC.svg', 'svg', '[\"Actual size\"]', '7.32 KB', 'x', 3, '2023-05-18 18:51:29', '2023-05-18 12:55:34', 1, 1),
(130, 'ProductPost', 3, '', '', NULL, 'N/A', 'uploads/product/software-development/', '', '1684414289ccZe0.svg', 'svg', '[\"Actual size\"]', '10.40 KB', 'x', 6, '2023-05-18 18:51:29', '2023-05-18 12:55:34', 1, 1),
(131, 'ProductPost', 3, '', '', NULL, 'N/A', 'uploads/product/software-development/', '', '1684414289lmzvR.svg', 'svg', '[\"Actual size\"]', '6.81 KB', 'x', 8, '2023-05-18 18:51:29', '2023-05-18 12:55:34', 1, 1),
(132, 'ProductPost', 3, '', '', NULL, 'N/A', 'uploads/product/software-development/', '', '1684414289NZJQg.svg', 'svg', '[\"Actual size\"]', '11.47 KB', 'x', 5, '2023-05-18 18:51:29', '2023-05-18 12:55:34', 1, 1),
(133, 'ProductPost', 3, '', '', NULL, 'N/A', 'uploads/product/software-development/', '', '1684414298f75Cg.svg', 'svg', '[\"Actual size\"]', '5.05 KB', 'x', 1, '2023-05-18 18:51:38', '2023-05-18 12:55:34', 1, 1),
(134, 'ProductPost', 3, '', '', NULL, 'N/A', 'uploads/product/software-development/', '', '1684414298M1tUN.svg', 'svg', '[\"Actual size\"]', '10.49 KB', 'x', 2, '2023-05-18 18:51:38', '2023-05-18 12:55:34', 1, 1),
(135, 'ProductPost', 3, '', '', NULL, 'N/A', 'uploads/product/software-development/', '', '1684414298bOoMg.svg', 'svg', '[\"Actual size\"]', '9.96 KB', 'x', 7, '2023-05-18 18:51:38', '2023-05-18 12:55:34', 1, 1),
(136, 'ProductPost', 3, '', '', NULL, 'N/A', 'uploads/product/software-development/', '', '1684414298XG8Ro.svg', 'svg', '[\"Actual size\"]', '13.59 KB', 'x', 9, '2023-05-18 18:51:38', '2023-05-18 12:55:34', 1, 1),
(137, 'ProductPost', 3, '', '', NULL, 'N/A', 'uploads/product/software-development/', '', '1684414508MSfqL.svg', 'svg', '[\"Actual size\"]', '3.10 KB', 'x', 12, '2023-05-18 18:55:08', '2023-05-18 12:55:34', 1, 1),
(138, 'ProductPost', 3, '', '', NULL, 'N/A', 'uploads/product/software-development/', '', '1684414508PV8Sp.svg', 'svg', '[\"Actual size\"]', '3.34 KB', 'x', 11, '2023-05-18 18:55:08', '2023-05-18 12:55:34', 1, 1),
(139, 'ProductPost', 3, '', '', NULL, 'N/A', 'uploads/product/software-development/', '', '1684414508hJQq6.svg', 'svg', '[\"Actual size\"]', '5.47 KB', 'x', 10, '2023-05-18 18:55:08', '2023-05-18 12:55:34', 1, 1),
(140, 'ProductPost', 4, 'https://youtu.be/wT3cpXL7HiE', '', '', 'N/A', 'uploads/product/software-development/', '', '1684414659CkOFQ.jpg', 'jpg', '[\"Actual size\"]', '72.96 KB', '820x880', 0, '2023-05-18 18:57:39', '2023-05-20 13:27:18', 1, 1),
(141, 'Product', 2, '', '', '', 'N/A', 'uploads/product/website-development/', '', '1684414979LHgLX.jpg', 'jpg', '[\"Actual size\"]', '34.09 KB', '520x300', 0, '2023-05-18 19:02:59', '2023-05-18 13:03:03', 1, 1),
(142, 'Product', 3, '', '', '', 'N/A', 'uploads/product/ecommerce-develoment/', '', '1684415054yjQlx.jpg', 'jpg', '[\"Actual size\"]', '21.39 KB', '520x300', 0, '2023-05-18 19:04:14', '2023-05-18 13:04:18', 1, 1),
(143, 'Product', 4, '', '', '', 'N/A', 'uploads/product/mobile-application/', '', '1684415171IvyzP.jpg', 'jpg', '[\"Actual size\"]', '16.86 KB', '520x300', 0, '2023-05-18 19:06:11', '2023-05-18 13:06:22', 1, 1),
(144, 'Product', 5, '', '', '', 'N/A', 'uploads/product/technical-support/', '', '16844153561JR5w.jpg', 'jpg', '[\"Actual size\"]', '19.40 KB', '520x300', 0, '2023-05-18 19:09:16', '2023-05-18 13:09:31', 1, 1),
(145, 'Product', 6, '', '', '', 'N/A', 'uploads/product/devops-solution/', '', '1684415365MZ3vM.jpg', 'jpg', '[\"Actual size\"]', '26.29 KB', '520x300', 0, '2023-05-18 19:09:25', '2023-05-18 13:09:36', 1, 1),
(146, 'Page', 14, '', '', '', 'N/A', 'uploads/page/blog/', '', '1684416469tmuUd.jpg', 'jpg', '[\"Actual size\"]', '61.72 KB', '1920x790', 0, '2023-05-18 19:27:49', '2023-05-18 13:27:52', 1, 1),
(147, 'Blog', 2, '', '', '', 'N/A', 'uploads/blog/2/', '', '1684416787HudCu.jpg', 'jpg', '[\"Actual size\"]', '154.01 KB', '1920x790', 0, '2023-05-18 19:33:07', '2023-05-18 13:33:13', 1, 1),
(148, 'Blog', 2, '', '', '', 'N/A', 'uploads/blog/2/', '', '1684416787b2IQt.jpg', 'jpg', '[\"Actual size\"]', '32.62 KB', '510x600', 0, '2023-05-18 19:33:07', '2023-05-18 13:33:17', 1, 1),
(149, 'Blog', 1, '', '', '', 'N/A', 'uploads/blog/1/', '', '1684417329FJ4eg.jpg', 'jpg', '[\"Actual size\"]', '154.01 KB', '1920x790', 0, '2023-05-18 19:42:09', '2023-05-18 13:42:12', 1, 1),
(150, 'Blog', 1, '', '', '', 'N/A', 'uploads/blog/1/', '', '1684417329gmLws.jpg', 'jpg', '[\"Actual size\"]', '44.35 KB', '510x600', 0, '2023-05-18 19:42:09', '2023-05-18 13:42:14', 1, 1),
(151, 'Blog', 3, '', '', '', 'N/A', 'uploads/blog/3/', '', '1684417345QQ3iE.jpg', 'jpg', '[\"Actual size\"]', '154.01 KB', '1920x790', 0, '2023-05-18 19:42:25', '2023-05-18 13:42:28', 1, 1),
(152, 'Blog', 3, '', '', '', 'N/A', 'uploads/blog/3/', '', '168441734507dj6.jpg', 'jpg', '[\"Actual size\"]', '31.69 KB', '510x600', 0, '2023-05-18 19:42:25', '2023-05-18 13:42:31', 1, 1),
(153, 'Blog', 4, '', '', '', 'N/A', 'uploads/blog/4/', '', '1684417361iPwgq.jpg', 'jpg', '[\"Actual size\"]', '154.01 KB', '1920x790', 0, '2023-05-18 19:42:42', '2023-05-18 13:42:46', 1, 1),
(154, 'Blog', 4, '', '', '', 'N/A', 'uploads/blog/4/', '', '1684417361WGtvc.jpg', 'jpg', '[\"Actual size\"]', '72.07 KB', '510x600', 0, '2023-05-18 19:42:42', '2023-05-18 13:42:47', 1, 1),
(156, 'PagePost', 5, '', '', '', 'N/A', 'uploads/page/portfolio/', '', '1684417687YwB5U.jpg', 'jpg', '[\"Actual size\"]', '22.57 KB', '510x600', 0, '2023-05-18 19:48:07', '2023-05-18 13:48:14', 1, 1),
(158, 'PagePost', 6, '', '', '', 'N/A', 'uploads/page/portfolio/', '', '16844180571HscU.jpg', 'jpg', '[\"Actual size\"]', '36.91 KB', '510x600', 0, '2023-05-18 19:54:17', '2023-05-18 13:54:21', 1, 1),
(159, 'PagePost', 11, '', '', '', 'N/A', 'uploads/page/portfolio/', '', '16844180714BIbi.jpg', 'jpg', '[\"Actual size\"]', '42.70 KB', '510x600', 0, '2023-05-18 19:54:31', '2023-05-18 13:54:34', 1, 1),
(160, 'PagePost', 12, '', '', '', 'N/A', 'uploads/page/portfolio/', '', '1684418081mBRrH.jpg', 'jpg', '[\"Actual size\"]', '35.29 KB', '510x600', 0, '2023-05-18 19:54:41', '2023-05-18 13:54:44', 1, 1),
(162, 'ProductPost', 23, '', '', NULL, 'N/A', 'uploads/product/software-development/', '', '16844142896adfa.svg', 'svg', '[\"Actual size\"]', '14.60 KB', 'x', 4, '2023-05-18 18:51:29', '2023-05-18 12:55:34', 1, 1),
(163, 'ProductPost', 23, '', '', NULL, 'N/A', 'uploads/product/software-development/', '', '1684414289RyhdC.svg', 'svg', '[\"Actual size\"]', '7.32 KB', 'x', 3, '2023-05-18 18:51:29', '2023-05-18 12:55:34', 1, 1),
(164, 'ProductPost', 23, '', '', NULL, 'N/A', 'uploads/product/software-development/', '', '1684414289ccZe0.svg', 'svg', '[\"Actual size\"]', '10.40 KB', 'x', 6, '2023-05-18 18:51:29', '2023-05-20 13:12:35', 1, 1),
(165, 'ProductPost', 23, '', '', NULL, 'N/A', 'uploads/product/software-development/', '', '1684414289lmzvR.svg', 'svg', '[\"Actual size\"]', '6.81 KB', 'x', 8, '2023-05-18 18:51:29', '2023-05-18 12:55:34', 1, 1),
(166, 'ProductPost', 23, '', '', NULL, 'N/A', 'uploads/product/software-development/', '', '1684414289NZJQg.svg', 'svg', '[\"Actual size\"]', '11.47 KB', 'x', 5, '2023-05-18 18:51:29', '2023-05-18 12:55:34', 1, 1),
(167, 'ProductPost', 23, '', '', NULL, 'N/A', 'uploads/product/software-development/', '', '1684414298f75Cg.svg', 'svg', '[\"Actual size\"]', '5.05 KB', 'x', 1, '2023-05-18 18:51:38', '2023-05-20 13:12:31', 1, 1),
(168, 'ProductPost', 23, '', '', NULL, 'N/A', 'uploads/product/software-development/', '', '1684414298M1tUN.svg', 'svg', '[\"Actual size\"]', '10.49 KB', 'x', 2, '2023-05-18 18:51:38', '2023-05-20 13:12:29', 1, 1),
(169, 'ProductPost', 23, '', '', NULL, 'N/A', 'uploads/product/software-development/', '', '1684414298bOoMg.svg', 'svg', '[\"Actual size\"]', '9.96 KB', 'x', 7, '2023-05-18 18:51:38', '2023-05-20 13:12:26', 1, 1),
(170, 'ProductPost', 23, '', '', NULL, 'N/A', 'uploads/product/software-development/', '', '1684414298XG8Ro.svg', 'svg', '[\"Actual size\"]', '13.59 KB', 'x', 9, '2023-05-18 18:51:38', '2023-05-20 13:12:24', 1, 1),
(171, 'ProductPost', 23, '', '', NULL, 'N/A', 'uploads/product/software-development/', '', '1684414508MSfqL.svg', 'svg', '[\"Actual size\"]', '3.10 KB', 'x', 12, '2023-05-18 18:55:08', '2023-05-20 13:12:22', 1, 1),
(172, 'ProductPost', 23, '', '', NULL, 'N/A', 'uploads/product/software-development/', '', '1684414508PV8Sp.svg', 'svg', '[\"Actual size\"]', '3.34 KB', 'x', 11, '2023-05-18 18:55:08', '2023-05-20 13:12:20', 1, 1),
(173, 'ProductPost', 23, '', '', NULL, 'N/A', 'uploads/product/software-development/', '', '1684414508hJQq6.svg', 'svg', '[\"Actual size\"]', '5.47 KB', 'x', 10, '2023-05-18 18:55:08', '2023-05-20 13:12:18', 1, 1),
(174, 'ProductPost', 19, '', '', NULL, 'N/A', 'uploads/product/software-development/', '', '16844142896adfa.svg', 'svg', '[\"Actual size\"]', '14.60 KB', 'x', 4, '2023-05-18 18:51:29', '2023-05-20 13:15:55', 1, 1),
(175, 'ProductPost', 19, '', '', NULL, 'N/A', 'uploads/product/software-development/', '', '1684414289RyhdC.svg', 'svg', '[\"Actual size\"]', '7.32 KB', 'x', 3, '2023-05-18 18:51:29', '2023-05-20 13:15:55', 1, 1),
(176, 'ProductPost', 19, '', '', NULL, 'N/A', 'uploads/product/software-development/', '', '1684414289ccZe0.svg', 'svg', '[\"Actual size\"]', '10.40 KB', 'x', 6, '2023-05-18 18:51:29', '2023-05-20 13:15:55', 1, 1),
(177, 'ProductPost', 19, '', '', NULL, 'N/A', 'uploads/product/software-development/', '', '1684414289lmzvR.svg', 'svg', '[\"Actual size\"]', '6.81 KB', 'x', 8, '2023-05-18 18:51:29', '2023-05-20 13:15:55', 1, 1),
(178, 'ProductPost', 19, '', '', NULL, 'N/A', 'uploads/product/software-development/', '', '1684414289NZJQg.svg', 'svg', '[\"Actual size\"]', '11.47 KB', 'x', 5, '2023-05-18 18:51:29', '2023-05-20 13:15:55', 1, 1),
(179, 'ProductPost', 19, '', '', NULL, 'N/A', 'uploads/product/software-development/', '', '1684414298f75Cg.svg', 'svg', '[\"Actual size\"]', '5.05 KB', 'x', 1, '2023-05-18 18:51:38', '2023-05-20 13:15:55', 1, 1),
(180, 'ProductPost', 19, '', '', NULL, 'N/A', 'uploads/product/software-development/', '', '1684414298M1tUN.svg', 'svg', '[\"Actual size\"]', '10.49 KB', 'x', 2, '2023-05-18 18:51:38', '2023-05-20 13:15:55', 1, 1),
(181, 'ProductPost', 19, '', '', NULL, 'N/A', 'uploads/product/software-development/', '', '1684414298bOoMg.svg', 'svg', '[\"Actual size\"]', '9.96 KB', 'x', 7, '2023-05-18 18:51:38', '2023-05-20 13:15:55', 1, 1),
(182, 'ProductPost', 19, '', '', NULL, 'N/A', 'uploads/product/software-development/', '', '1684414298XG8Ro.svg', 'svg', '[\"Actual size\"]', '13.59 KB', 'x', 9, '2023-05-18 18:51:38', '2023-05-20 13:15:55', 1, 1),
(183, 'ProductPost', 19, '', '', NULL, 'N/A', 'uploads/product/software-development/', '', '1684414508MSfqL.svg', 'svg', '[\"Actual size\"]', '3.10 KB', 'x', 12, '2023-05-18 18:55:08', '2023-05-20 13:15:55', 1, 1),
(184, 'ProductPost', 19, '', '', NULL, 'N/A', 'uploads/product/software-development/', '', '1684414508PV8Sp.svg', 'svg', '[\"Actual size\"]', '3.34 KB', 'x', 11, '2023-05-18 18:55:08', '2023-05-20 13:15:55', 1, 1),
(185, 'ProductPost', 19, '', '', NULL, 'N/A', 'uploads/product/software-development/', '', '1684414508hJQq6.svg', 'svg', '[\"Actual size\"]', '5.47 KB', 'x', 10, '2023-05-18 18:55:08', '2023-05-20 13:15:55', 1, 1),
(186, 'ProductPost', 15, '', '', NULL, 'N/A', 'uploads/product/software-development/', '', '16844142896adfa.svg', 'svg', '[\"Actual size\"]', '14.60 KB', 'x', 4, '2023-05-18 18:51:29', '2023-05-20 13:17:38', 1, 1),
(187, 'ProductPost', 15, '', '', NULL, 'N/A', 'uploads/product/software-development/', '', '1684414289RyhdC.svg', 'svg', '[\"Actual size\"]', '7.32 KB', 'x', 3, '2023-05-18 18:51:29', '2023-05-20 13:17:38', 1, 1),
(188, 'ProductPost', 15, '', '', NULL, 'N/A', 'uploads/product/software-development/', '', '1684414289ccZe0.svg', 'svg', '[\"Actual size\"]', '10.40 KB', 'x', 6, '2023-05-18 18:51:29', '2023-05-20 13:17:38', 1, 1),
(189, 'ProductPost', 15, '', '', NULL, 'N/A', 'uploads/product/software-development/', '', '1684414289lmzvR.svg', 'svg', '[\"Actual size\"]', '6.81 KB', 'x', 8, '2023-05-18 18:51:29', '2023-05-20 13:17:38', 1, 1),
(190, 'ProductPost', 15, '', '', NULL, 'N/A', 'uploads/product/software-development/', '', '1684414289NZJQg.svg', 'svg', '[\"Actual size\"]', '11.47 KB', 'x', 5, '2023-05-18 18:51:29', '2023-05-20 13:17:38', 1, 1),
(191, 'ProductPost', 15, '', '', NULL, 'N/A', 'uploads/product/software-development/', '', '1684414298f75Cg.svg', 'svg', '[\"Actual size\"]', '5.05 KB', 'x', 1, '2023-05-18 18:51:38', '2023-05-20 13:17:38', 1, 1),
(192, 'ProductPost', 15, '', '', NULL, 'N/A', 'uploads/product/software-development/', '', '1684414298M1tUN.svg', 'svg', '[\"Actual size\"]', '10.49 KB', 'x', 2, '2023-05-18 18:51:38', '2023-05-20 13:17:38', 1, 1),
(193, 'ProductPost', 15, '', '', NULL, 'N/A', 'uploads/product/software-development/', '', '1684414298bOoMg.svg', 'svg', '[\"Actual size\"]', '9.96 KB', 'x', 7, '2023-05-18 18:51:38', '2023-05-20 13:17:38', 1, 1),
(194, 'ProductPost', 15, '', '', NULL, 'N/A', 'uploads/product/software-development/', '', '1684414298XG8Ro.svg', 'svg', '[\"Actual size\"]', '13.59 KB', 'x', 9, '2023-05-18 18:51:38', '2023-05-20 13:17:38', 1, 1),
(195, 'ProductPost', 15, '', '', NULL, 'N/A', 'uploads/product/software-development/', '', '1684414508MSfqL.svg', 'svg', '[\"Actual size\"]', '3.10 KB', 'x', 12, '2023-05-18 18:55:08', '2023-05-20 13:17:38', 1, 1),
(196, 'ProductPost', 15, '', '', NULL, 'N/A', 'uploads/product/software-development/', '', '1684414508PV8Sp.svg', 'svg', '[\"Actual size\"]', '3.34 KB', 'x', 11, '2023-05-18 18:55:08', '2023-05-20 13:17:38', 1, 1),
(197, 'ProductPost', 15, '', '', NULL, 'N/A', 'uploads/product/software-development/', '', '1684414508hJQq6.svg', 'svg', '[\"Actual size\"]', '5.47 KB', 'x', 10, '2023-05-18 18:55:08', '2023-05-20 13:17:38', 1, 1),
(198, 'ProductPost', 11, '', '', NULL, 'N/A', 'uploads/product/software-development/', '', '16844142896adfa.svg', 'svg', '[\"Actual size\"]', '14.60 KB', 'x', 4, '2023-05-18 18:51:29', '2023-05-20 13:17:38', 1, 1),
(199, 'ProductPost', 11, '', '', NULL, 'N/A', 'uploads/product/software-development/', '', '1684414289RyhdC.svg', 'svg', '[\"Actual size\"]', '7.32 KB', 'x', 3, '2023-05-18 18:51:29', '2023-05-20 13:18:46', 1, 1),
(200, 'ProductPost', 11, '', '', NULL, 'N/A', 'uploads/product/software-development/', '', '1684414289ccZe0.svg', 'svg', '[\"Actual size\"]', '10.40 KB', 'x', 6, '2023-05-18 18:51:29', '2023-05-20 13:18:46', 1, 1),
(201, 'ProductPost', 11, '', '', NULL, 'N/A', 'uploads/product/software-development/', '', '1684414289lmzvR.svg', 'svg', '[\"Actual size\"]', '6.81 KB', 'x', 8, '2023-05-18 18:51:29', '2023-05-20 13:18:46', 1, 1),
(202, 'ProductPost', 11, '', '', NULL, 'N/A', 'uploads/product/software-development/', '', '1684414289NZJQg.svg', 'svg', '[\"Actual size\"]', '11.47 KB', 'x', 5, '2023-05-18 18:51:29', '2023-05-20 13:18:46', 1, 1),
(203, 'ProductPost', 11, '', '', NULL, 'N/A', 'uploads/product/software-development/', '', '1684414298f75Cg.svg', 'svg', '[\"Actual size\"]', '5.05 KB', 'x', 1, '2023-05-18 18:51:38', '2023-05-20 13:18:46', 1, 1),
(204, 'ProductPost', 11, '', '', NULL, 'N/A', 'uploads/product/software-development/', '', '1684414298M1tUN.svg', 'svg', '[\"Actual size\"]', '10.49 KB', 'x', 2, '2023-05-18 18:51:38', '2023-05-20 13:18:46', 1, 1),
(205, 'ProductPost', 11, '', '', NULL, 'N/A', 'uploads/product/software-development/', '', '1684414298bOoMg.svg', 'svg', '[\"Actual size\"]', '9.96 KB', 'x', 7, '2023-05-18 18:51:38', '2023-05-20 13:18:46', 1, 1),
(206, 'ProductPost', 11, '', '', NULL, 'N/A', 'uploads/product/software-development/', '', '1684414298XG8Ro.svg', 'svg', '[\"Actual size\"]', '13.59 KB', 'x', 9, '2023-05-18 18:51:38', '2023-05-20 13:18:46', 1, 1),
(207, 'ProductPost', 11, '', '', NULL, 'N/A', 'uploads/product/software-development/', '', '1684414508MSfqL.svg', 'svg', '[\"Actual size\"]', '3.10 KB', 'x', 12, '2023-05-18 18:55:08', '2023-05-20 13:18:46', 1, 1),
(208, 'ProductPost', 11, '', '', NULL, 'N/A', 'uploads/product/software-development/', '', '1684414508PV8Sp.svg', 'svg', '[\"Actual size\"]', '3.34 KB', 'x', 11, '2023-05-18 18:55:08', '2023-05-20 13:18:46', 1, 1),
(209, 'ProductPost', 11, '', '', NULL, 'N/A', 'uploads/product/software-development/', '', '1684414508hJQq6.svg', 'svg', '[\"Actual size\"]', '5.47 KB', 'x', 10, '2023-05-18 18:55:08', '2023-05-20 13:18:46', 1, 1),
(210, 'ProductPost', 7, '', '', NULL, 'N/A', 'uploads/product/software-development/', '', '16844142896adfa.svg', 'svg', '[\"Actual size\"]', '14.60 KB', 'x', 4, '2023-05-18 18:51:29', '2023-05-20 13:17:38', 1, 1),
(211, 'ProductPost', 7, '', '', NULL, 'N/A', 'uploads/product/software-development/', '', '1684414289RyhdC.svg', 'svg', '[\"Actual size\"]', '7.32 KB', 'x', 3, '2023-05-18 18:51:29', '2023-05-20 13:20:34', 1, 1),
(212, 'ProductPost', 7, '', '', NULL, 'N/A', 'uploads/product/software-development/', '', '1684414289ccZe0.svg', 'svg', '[\"Actual size\"]', '10.40 KB', 'x', 6, '2023-05-18 18:51:29', '2023-05-20 13:20:34', 1, 1),
(213, 'ProductPost', 7, '', '', NULL, 'N/A', 'uploads/product/software-development/', '', '1684414289lmzvR.svg', 'svg', '[\"Actual size\"]', '6.81 KB', 'x', 8, '2023-05-18 18:51:29', '2023-05-20 13:20:34', 1, 1),
(214, 'ProductPost', 7, '', '', NULL, 'N/A', 'uploads/product/software-development/', '', '1684414289NZJQg.svg', 'svg', '[\"Actual size\"]', '11.47 KB', 'x', 5, '2023-05-18 18:51:29', '2023-05-20 13:20:34', 1, 1),
(215, 'ProductPost', 7, '', '', NULL, 'N/A', 'uploads/product/software-development/', '', '1684414298f75Cg.svg', 'svg', '[\"Actual size\"]', '5.05 KB', 'x', 1, '2023-05-18 18:51:38', '2023-05-20 13:20:34', 1, 1),
(216, 'ProductPost', 7, '', '', NULL, 'N/A', 'uploads/product/software-development/', '', '1684414298M1tUN.svg', 'svg', '[\"Actual size\"]', '10.49 KB', 'x', 2, '2023-05-18 18:51:38', '2023-05-20 13:20:34', 1, 1),
(217, 'ProductPost', 7, '', '', NULL, 'N/A', 'uploads/product/software-development/', '', '1684414298bOoMg.svg', 'svg', '[\"Actual size\"]', '9.96 KB', 'x', 7, '2023-05-18 18:51:38', '2023-05-20 13:20:34', 1, 1),
(218, 'ProductPost', 7, '', '', NULL, 'N/A', 'uploads/product/software-development/', '', '1684414298XG8Ro.svg', 'svg', '[\"Actual size\"]', '13.59 KB', 'x', 9, '2023-05-18 18:51:38', '2023-05-20 13:20:34', 1, 1),
(219, 'ProductPost', 7, '', '', NULL, 'N/A', 'uploads/product/software-development/', '', '1684414508MSfqL.svg', 'svg', '[\"Actual size\"]', '3.10 KB', 'x', 12, '2023-05-18 18:55:08', '2023-05-20 13:20:34', 1, 1),
(220, 'ProductPost', 7, '', '', NULL, 'N/A', 'uploads/product/software-development/', '', '1684414508PV8Sp.svg', 'svg', '[\"Actual size\"]', '3.34 KB', 'x', 11, '2023-05-18 18:55:08', '2023-05-20 13:20:34', 1, 1),
(221, 'ProductPost', 7, '', '', NULL, 'N/A', 'uploads/product/software-development/', '', '1684414508hJQq6.svg', 'svg', '[\"Actual size\"]', '5.47 KB', 'x', 10, '2023-05-18 18:55:08', '2023-05-20 13:20:34', 1, 1),
(222, 'ProductPost', 24, 'https://youtu.be/wT3cpXL7HiE', '', '', 'N/A', 'uploads/product/devops-solution/', '', '1684589673rlgCY.jpg', 'jpg', '[\"Actual size\"]', '72.96 KB', '820x880', 0, '2023-05-20 19:34:33', '2023-05-20 13:34:39', 1, 1),
(223, 'ProductPost', 13, '<h3 class=\"anim fade-up\">John Smith</h3><h4 class=\"anim fade-up\">CEO</h4>', 'Our company has been using this CMS for over a year, and it has truly transformed how we manage our website. Before, making updates to our site was a time-consuming and often frustrating process. But with this CMS, we are able to make changes quickly and easily, saving us valuable time and resources. The platform\'s intuitive interface has also made it easy for our team members to learn and use, even those with little to no technical experience.<br><br>\r\nWe also appreciate the level of support provided by the CMS team. Whenever we have questions or concerns, they have responded quickly and provided solutions. They truly go above and beyond to ensure that we are satisfied with the platform and are able to achieve our website goals.<br><br>\r\nOverall, we highly recommend this CMS to any business looking to streamline its website management process and improve its online presence.', '', 'N/A', 'uploads/product/software-development/', '', '1683803035W3aot.jpg', 'jpg', '[\"Actual size\"]', '20.33 KB', '550x550', 0, '2023-05-11 17:03:55', '2023-05-17 14:08:31', 1, 1),
(224, 'ProductPost', 13, '<h3 class=\"anim fade-up\">Natalie Thompson</h3><h4 class=\"anim fade-up\">CTO</h4>', 'As the CTO of a growing business, I know how important it is to have a website that is both functional and visually appealing. That\'s why we chose this CMS to manage our website, and we couldn\'t be happier with the results.<br><br>\r\nWe also appreciate the level of customization offered by the CMS. We have been able to create a website that is unique to our brand and that truly reflects our values and mission. Additionally, the platform\'s SEO tools have helped us to improve our search engine rankings, resulting in increased website traffic and revenue.<br><br>\r\nOverall, I highly recommend this CMS to any business looking for a comprehensive website management solution that can help them to achieve their online goals.<br>', '', 'N/A', 'uploads/product/software-development/', '', '1684332601IKlCt.jpg', 'jpg', '[\"Actual size\"]', '34.70 KB', '550x550', 0, '2023-05-17 20:10:01', '2023-05-17 14:11:07', 1, 1),
(225, 'ProductPost', 13, '<h3 class=\"anim fade-up\">Brad Simmons</h3><h4 class=\"anim fade-up\">IT Director</h4>', '  Before we switched to this CMS, managing our website was a nightmare. We had to rely on external developers to make even the smallest changes, and the process was slow and expensive. But since we started using this CMS, we have been able to manage our website in-house, saving us both time and money.<br><br>\r\nThe platform\'s automated workflows and approval processes have also helped us to streamline our content creation process. We are now able to get new content up on our site much faster than before, which has helped us to stay ahead of the competition.<br><br>\r\nOverall, we highly recommend this CMS to any business looking to improve its website management process and achieve better online results.<br>', '', 'N/A', 'uploads/product/software-development/', '', '1684332601F6Oqy.jpg', 'jpg', '[\"Actual size\"]', '30.51 KB', '550x550', 0, '2023-05-17 20:10:01', '2023-05-17 14:34:41', 1, 1),
(226, 'ProductPost', 13, '<h3 class=\"anim fade-up\">Sarah Johnson</h3><h4 class=\"anim fade-up\">Content Manager</h4>', 'As a large corporation with multiple websites, we needed a CMS that could handle a high volume of content and traffic. After researching various options, we decided to go with this CMS, and we couldn\'t be happier with our decision. The platform\'s robust features and scalability have allowed us to easily manage all of our websites from one central location.<br><br>\r\nOne of the things we appreciate most about this CMS is its flexibility. We have been able to customize our website to meet our specific needs, and the platform\'s API has allowed us to integrate with other tools and applications seamlessly. Additionally, the CMS\'s analytics and reporting features have provided us with valuable insights into our website\'s performance, allowing us to make data-driven decisions.<br><br>\r\nOverall, we highly recommend this CMS to any business looking for a reliable, enterprise-level solution for their website management needs', '', 'N/A', 'uploads/product/software-development/', '', '1684332601wdyMH.jpg', 'jpg', '[\"Actual size\"]', '26.49 KB', '550x550', 0, '2023-05-17 20:10:01', '2023-05-17 14:34:38', 1, 1),
(227, 'ProductPost', 17, '<h3 class=\"anim fade-up\">John Smith</h3><h4 class=\"anim fade-up\">CEO</h4>', 'Our company has been using this CMS for over a year, and it has truly transformed how we manage our website. Before, making updates to our site was a time-consuming and often frustrating process. But with this CMS, we are able to make changes quickly and easily, saving us valuable time and resources. The platform\'s intuitive interface has also made it easy for our team members to learn and use, even those with little to no technical experience.<br><br>\r\nWe also appreciate the level of support provided by the CMS team. Whenever we have questions or concerns, they have responded quickly and provided solutions. They truly go above and beyond to ensure that we are satisfied with the platform and are able to achieve our website goals.<br><br>\r\nOverall, we highly recommend this CMS to any business looking to streamline its website management process and improve its online presence.', '', 'N/A', 'uploads/product/software-development/', '', '1683803035W3aot.jpg', 'jpg', '[\"Actual size\"]', '20.33 KB', '550x550', 0, '2023-05-11 17:03:55', '2023-05-17 14:08:31', 1, 1),
(228, 'ProductPost', 17, '<h3 class=\"anim fade-up\">Natalie Thompson</h3><h4 class=\"anim fade-up\">CTO</h4>', 'As the CTO of a growing business, I know how important it is to have a website that is both functional and visually appealing. That\'s why we chose this CMS to manage our website, and we couldn\'t be happier with the results.<br><br>\r\nWe also appreciate the level of customization offered by the CMS. We have been able to create a website that is unique to our brand and that truly reflects our values and mission. Additionally, the platform\'s SEO tools have helped us to improve our search engine rankings, resulting in increased website traffic and revenue.<br><br>\r\nOverall, I highly recommend this CMS to any business looking for a comprehensive website management solution that can help them to achieve their online goals.<br>', '', 'N/A', 'uploads/product/software-development/', '', '1684332601IKlCt.jpg', 'jpg', '[\"Actual size\"]', '34.70 KB', '550x550', 0, '2023-05-17 20:10:01', '2023-05-17 14:11:07', 1, 1),
(229, 'ProductPost', 17, '<h3 class=\"anim fade-up\">Brad Simmons</h3><h4 class=\"anim fade-up\">IT Director</h4>', '  Before we switched to this CMS, managing our website was a nightmare. We had to rely on external developers to make even the smallest changes, and the process was slow and expensive. But since we started using this CMS, we have been able to manage our website in-house, saving us both time and money.<br><br>\r\nThe platform\'s automated workflows and approval processes have also helped us to streamline our content creation process. We are now able to get new content up on our site much faster than before, which has helped us to stay ahead of the competition.<br><br>\r\nOverall, we highly recommend this CMS to any business looking to improve its website management process and achieve better online results.<br>', '', 'N/A', 'uploads/product/software-development/', '', '1684332601F6Oqy.jpg', 'jpg', '[\"Actual size\"]', '30.51 KB', '550x550', 0, '2023-05-17 20:10:01', '2023-05-17 14:34:41', 1, 1),
(230, 'ProductPost', 17, '<h3 class=\"anim fade-up\">Sarah Johnson</h3><h4 class=\"anim fade-up\">Content Manager</h4>', 'As a large corporation with multiple websites, we needed a CMS that could handle a high volume of content and traffic. After researching various options, we decided to go with this CMS, and we couldn\'t be happier with our decision. The platform\'s robust features and scalability have allowed us to easily manage all of our websites from one central location.<br><br>\r\nOne of the things we appreciate most about this CMS is its flexibility. We have been able to customize our website to meet our specific needs, and the platform\'s API has allowed us to integrate with other tools and applications seamlessly. Additionally, the CMS\'s analytics and reporting features have provided us with valuable insights into our website\'s performance, allowing us to make data-driven decisions.<br><br>\r\nOverall, we highly recommend this CMS to any business looking for a reliable, enterprise-level solution for their website management needs', '', 'N/A', 'uploads/product/software-development/', '', '1684332601wdyMH.jpg', 'jpg', '[\"Actual size\"]', '26.49 KB', '550x550', 0, '2023-05-17 20:10:01', '2023-05-17 14:34:38', 1, 1);
INSERT INTO `media` (`id`, `identifier_type`, `identifier_id`, `short_title`, `short_desc`, `img_alt`, `color_code`, `path`, `cloud_path`, `img_name`, `ext`, `available_sizes`, `size`, `dimension`, `sort_order`, `created_at`, `updated_at`, `created_by`, `updated_by`) VALUES
(231, 'ProductPost', 21, '<h3 class=\"anim fade-up\">John Smith</h3><h4 class=\"anim fade-up\">CEO</h4>', 'Our company has been using this CMS for over a year, and it has truly transformed how we manage our website. Before, making updates to our site was a time-consuming and often frustrating process. But with this CMS, we are able to make changes quickly and easily, saving us valuable time and resources. The platform\'s intuitive interface has also made it easy for our team members to learn and use, even those with little to no technical experience.<br><br>\r\nWe also appreciate the level of support provided by the CMS team. Whenever we have questions or concerns, they have responded quickly and provided solutions. They truly go above and beyond to ensure that we are satisfied with the platform and are able to achieve our website goals.<br><br>\r\nOverall, we highly recommend this CMS to any business looking to streamline its website management process and improve its online presence.', '', 'N/A', 'uploads/product/software-development/', '', '1683803035W3aot.jpg', 'jpg', '[\"Actual size\"]', '20.33 KB', '550x550', 0, '2023-05-11 17:03:55', '2023-05-17 14:08:31', 1, 1),
(232, 'ProductPost', 21, '<h3 class=\"anim fade-up\">Natalie Thompson</h3><h4 class=\"anim fade-up\">CTO</h4>', 'As the CTO of a growing business, I know how important it is to have a website that is both functional and visually appealing. That\'s why we chose this CMS to manage our website, and we couldn\'t be happier with the results.<br><br>\r\nWe also appreciate the level of customization offered by the CMS. We have been able to create a website that is unique to our brand and that truly reflects our values and mission. Additionally, the platform\'s SEO tools have helped us to improve our search engine rankings, resulting in increased website traffic and revenue.<br><br>\r\nOverall, I highly recommend this CMS to any business looking for a comprehensive website management solution that can help them to achieve their online goals.<br>', '', 'N/A', 'uploads/product/software-development/', '', '1684332601IKlCt.jpg', 'jpg', '[\"Actual size\"]', '34.70 KB', '550x550', 0, '2023-05-17 20:10:01', '2023-05-17 14:11:07', 1, 1),
(233, 'ProductPost', 21, '<h3 class=\"anim fade-up\">Brad Simmons</h3><h4 class=\"anim fade-up\">IT Director</h4>', '  Before we switched to this CMS, managing our website was a nightmare. We had to rely on external developers to make even the smallest changes, and the process was slow and expensive. But since we started using this CMS, we have been able to manage our website in-house, saving us both time and money.<br><br>\r\nThe platform\'s automated workflows and approval processes have also helped us to streamline our content creation process. We are now able to get new content up on our site much faster than before, which has helped us to stay ahead of the competition.<br><br>\r\nOverall, we highly recommend this CMS to any business looking to improve its website management process and achieve better online results.<br>', '', 'N/A', 'uploads/product/software-development/', '', '1684332601F6Oqy.jpg', 'jpg', '[\"Actual size\"]', '30.51 KB', '550x550', 0, '2023-05-17 20:10:01', '2023-05-17 14:34:41', 1, 1),
(234, 'ProductPost', 21, '<h3 class=\"anim fade-up\">Sarah Johnson</h3><h4 class=\"anim fade-up\">Content Manager</h4>', 'As a large corporation with multiple websites, we needed a CMS that could handle a high volume of content and traffic. After researching various options, we decided to go with this CMS, and we couldn\'t be happier with our decision. The platform\'s robust features and scalability have allowed us to easily manage all of our websites from one central location.<br><br>\r\nOne of the things we appreciate most about this CMS is its flexibility. We have been able to customize our website to meet our specific needs, and the platform\'s API has allowed us to integrate with other tools and applications seamlessly. Additionally, the CMS\'s analytics and reporting features have provided us with valuable insights into our website\'s performance, allowing us to make data-driven decisions.<br><br>\r\nOverall, we highly recommend this CMS to any business looking for a reliable, enterprise-level solution for their website management needs', '', 'N/A', 'uploads/product/software-development/', '', '1684332601wdyMH.jpg', 'jpg', '[\"Actual size\"]', '26.49 KB', '550x550', 0, '2023-05-17 20:10:01', '2023-05-17 14:34:38', 1, 1),
(235, 'ProductPost', 12, 'https://youtu.be/wT3cpXL7HiE', '', '', 'N/A', 'uploads/product/ecommerce-develoment/', '', '16845904783LuRA.jpg', 'jpg', '[\"Actual size\"]', '72.96 KB', '820x880', 0, '2023-05-20 19:47:58', '2023-05-20 13:48:08', 1, 1),
(236, 'ProductPost', 8, 'https://youtu.be/wT3cpXL7HiE', '', '', 'N/A', 'uploads/product/website-development/', '', '1684590514yhncO.jpg', 'jpg', '[\"Actual size\"]', '72.96 KB', '820x880', 0, '2023-05-20 19:48:34', '2023-05-20 13:48:42', 1, 1),
(237, 'ProductPost', 16, 'https://youtu.be/wT3cpXL7HiE', '', '', 'N/A', 'uploads/product/mobile-application/', '', '1684590556mlZzH.jpg', 'jpg', '[\"Actual size\"]', '72.96 KB', '820x880', 0, '2023-05-20 19:49:16', '2023-05-20 13:49:20', 1, 1),
(238, 'ProductPost', 20, 'https://youtu.be/wT3cpXL7HiE', '', '', 'N/A', 'uploads/product/technical-support/', '', '1684590610lQm1p.jpg', 'jpg', '[\"Actual size\"]', '72.96 KB', '820x880', 0, '2023-05-20 19:50:10', '2023-05-20 13:50:40', 1, 1),
(239, 'PagePost', 6, '', '', '', 'N/A', 'uploads/page/portfolio/', '', '1684747926vEdNU.jpg', 'jpg', '[\"Actual size\"]', '128.71 KB', '1920x790', 0, '2023-05-22 15:32:07', '2023-05-22 09:32:11', 1, 1),
(240, 'PagePost', 11, '', '', '', 'N/A', 'uploads/page/portfolio/', '', '1684747957rWIlH.jpg', 'jpg', '[\"Actual size\"]', '128.71 KB', '1920x790', 0, '2023-05-22 15:32:37', '2023-05-22 09:33:49', 1, 1),
(241, 'PagePost', 12, '', '', '', 'N/A', 'uploads/page/portfolio/', '', '1684748040dOKEq.jpg', 'jpg', '[\"Actual size\"]', '128.71 KB', '1920x790', 0, '2023-05-22 15:34:00', '2023-05-22 09:34:04', 1, 1),
(242, 'PagePost', 31, '', '', '', 'N/A', 'uploads/page/portfolio/', '', '1684752069GHYOW.jpg', 'jpg', '[\"Actual size\"]', '98.71 KB', '800x1051', 0, '2023-05-22 16:41:09', '2023-05-22 10:41:14', 1, 1),
(243, 'PagePost', 30, '', '', '', 'N/A', 'uploads/page/portfolio/', '', '1684752222bL0Hg.jpg', 'jpg', '[\"Actual size\"]', '66.61 KB', '750x750', 0, '2023-05-22 16:43:42', '2023-05-22 10:43:46', 1, 1),
(245, 'PagePost', 30, '', '', '', 'N/A', 'uploads/page/portfolio/', '', '1684752446Vw6eY.jpg', 'jpg', '[\"Actual size\"]', '128.71 KB', '1920x790', 0, '2023-05-22 16:47:26', '2023-05-22 10:47:30', 1, 1),
(246, 'PagePost', 31, '', '', '', 'N/A', 'uploads/page/portfolio/', '', '1684752463cA5LC.jpg', 'jpg', '[\"Actual size\"]', '128.71 KB', '1920x790', 0, '2023-05-22 16:47:43', '2023-05-22 10:47:46', 1, 1),
(249, 'Blog', 5, '', '', '', 'N/A', 'uploads/blog/5/', '', '1684754518LrHJb.jpg', 'jpg', '[\"Actual size\"]', '154.01 KB', '1920x790', 0, '2023-05-22 17:21:58', '2023-05-22 11:22:03', 1, 1),
(250, 'Blog', 6, '', '', '', 'N/A', 'uploads/blog/6/', '', '1684754561dMW5b.jpg', 'jpg', '[\"Actual size\"]', '154.01 KB', '1920x790', 0, '2023-05-22 17:22:41', '2023-05-22 11:22:45', 1, 1),
(251, 'Gallery', 5, '', '', '', 'N/A', 'uploads/gallery/annual-day-2022/', '', '1684767442qP1QL.jpg', 'jpg', '[\"Actual size\"]', '209.25 KB', '1872x1247', 0, '2023-05-22 20:57:22', '2023-05-22 14:57:27', 1, 1),
(252, 'Gallery', 5, '', '', NULL, 'N/A', 'uploads/gallery/annual-day-2022/', '', '1684767561K28Jp.jpg', 'jpg', '[\"Actual size\"]', '167.23 KB', '2617x1746', 0, '2023-05-22 20:59:21', '2023-05-22 14:59:21', 1, 1),
(253, 'Gallery', 5, '', '', NULL, 'N/A', 'uploads/gallery/annual-day-2022/', '', '1684767561puULI.jpg', 'jpg', '[\"Actual size\"]', '101.21 KB', '1382x922', 0, '2023-05-22 20:59:21', '2023-05-22 14:59:21', 1, 1),
(254, 'Gallery', 5, '', '', NULL, 'N/A', 'uploads/gallery/annual-day-2022/', '', '16847675612LCJB.jpg', 'jpg', '[\"Actual size\"]', '124.70 KB', '1548x1032', 0, '2023-05-22 20:59:21', '2023-05-22 14:59:21', 1, 1),
(255, 'Blog', 5, '', '', '', 'N/A', 'uploads/blog/5/', '', '1684770574LhiOD.jpg', 'jpg', '[\"Actual size\"]', '51.30 KB', '510x600', 0, '2023-05-22 21:49:34', '2023-05-22 15:49:41', 1, 1),
(256, 'Blog', 6, '', '', '', 'N/A', 'uploads/blog/6/', '', '1684770603guYtU.jpg', 'jpg', '[\"Actual size\"]', '33.64 KB', '510x600', 0, '2023-05-22 21:50:03', '2023-05-22 15:50:08', 1, 1),
(258, 'PagePost', 29, '', '', '', 'N/A', 'uploads/page/testimonial/', '', '1685081280ohBiu.jpg', 'jpg', '[\"Actual size\"]', '28.05 KB', '1719x1719', 0, '2023-05-26 12:08:00', '2023-05-27 05:03:10', 1, 1),
(259, 'PagePost', 5, '', '', '', 'N/A', 'uploads/page/portfolio/', '', '1685121542MEyvR.jpg', 'jpg', '[\"Actual size\"]', '77.00 KB', '4218x2375', 0, '2023-05-26 23:19:02', '2023-05-27 05:41:24', 1, 1),
(261, 'Page', 16, '', '', '', 'N/A', 'uploads/page/about-us/', '', '1685121738b5Cyu.jpg', 'jpg', '[\"Actual size\"]', '110.92 KB', '6000x2469', 0, '2023-05-26 23:22:18', '2023-05-27 05:03:05', 1, 1),
(262, 'Page', 10, '', '', '', 'N/A', 'uploads/page/portfolio/', '', '1685121806tGQVd.jpg', 'jpg', '[\"Actual size\"]', '110.92 KB', '6000x2469', 0, '2023-05-26 23:23:26', '2023-05-27 05:04:52', 1, 1),
(263, 'Page', 2, 'Ensuing Trust', 'Discover the story behind our brand and the people who make it happen.', '', 'N/A', 'uploads/page/home/', '', '1685122088W0zTh.jpg', 'jpg', '[\"Actual size\"]', '133.43 KB', '6000x3375', 4, '2023-05-26 23:28:08', '2023-05-27 04:45:07', 1, 1);

-- --------------------------------------------------------

--
-- Table structure for table `media_fields`
--

CREATE TABLE `media_fields` (
  `id` int(11) NOT NULL,
  `media_id` int(11) NOT NULL,
  `field_key` varchar(255) DEFAULT NULL,
  `field_value` varchar(255) DEFAULT NULL
) ENGINE=InnoDB DEFAULT CHARSET=utf8;

--
-- Dumping data for table `media_fields`
--

INSERT INTO `media_fields` (`id`, `media_id`, `field_key`, `field_value`) VALUES
(35, 39, 'banner', 'on'),
(36, 40, 'banner', 'on'),
(37, 41, 'banner', 'on'),
(38, 42, 'banner', 'on'),
(39, 43, 'banner', 'on'),
(43, 45, 'banner', 'on'),
(46, 54, 'thumb', 'on'),
(47, 55, 'background', 'on'),
(49, 59, 'thumb', 'on'),
(50, 60, 'thumb', 'on'),
(51, 61, 'thumb', 'on'),
(52, 62, 'thumb', 'on'),
(62, 72, 'thumb', 'on'),
(63, 73, 'thumb', 'on'),
(64, 74, 'thumb', 'on'),
(65, 80, 'thumb', 'on'),
(66, 79, 'thumb', 'on'),
(67, 78, 'thumb', 'on'),
(68, 77, 'thumb', 'on'),
(69, 76, 'thumb', 'on'),
(70, 75, 'thumb', 'on'),
(71, 81, 'thumb', 'on'),
(72, 82, 'thumb', 'on'),
(73, 83, 'thumb', 'on'),
(74, 84, 'thumb', 'on'),
(75, 85, 'thumb', 'on'),
(76, 86, 'thumb', 'on'),
(81, 91, 'thumb', 'on'),
(82, 92, 'thumb', 'on'),
(83, 93, 'thumb', 'on'),
(84, 94, 'thumb', 'on'),
(88, 98, 'banner', 'on'),
(89, 103, 'banner', 'on'),
(91, 105, 'banner', 'on'),
(93, 107, 'thumb', 'on'),
(97, 108, 'thumb', 'on'),
(98, 109, 'thumb', 'on'),
(99, 110, 'banner', 'on'),
(100, 111, 'thumb', 'on'),
(106, 126, 'banner', 'on'),
(107, 127, 'thumb', 'on'),
(109, 141, 'thumb', 'on'),
(110, 142, 'thumb', 'on'),
(111, 143, 'thumb', 'on'),
(112, 144, 'thumb', 'on'),
(113, 145, 'thumb', 'on'),
(114, 146, 'banner', 'on'),
(115, 147, 'banner', 'on'),
(116, 148, 'thumb', 'on'),
(117, 149, 'banner', 'on'),
(118, 150, 'thumb', 'on'),
(119, 151, 'banner', 'on'),
(120, 152, 'thumb', 'on'),
(121, 153, 'banner', 'on'),
(122, 154, 'thumb', 'on'),
(124, 156, 'thumb', 'on'),
(126, 158, 'thumb', 'on'),
(127, 159, 'thumb', 'on'),
(128, 160, 'thumb', 'on'),
(130, 140, 'thumb', 'on'),
(131, 222, 'thumb', 'on'),
(132, 235, 'thumb', 'on'),
(133, 236, 'thumb', 'on'),
(135, 237, 'thumb', 'on'),
(136, 238, 'thumb', 'on'),
(137, 239, 'banner', 'on'),
(138, 240, 'banner', 'on'),
(140, 241, 'banner', 'on'),
(141, 242, 'thumb', 'on'),
(142, 243, 'thumb', 'on'),
(144, 245, 'banner', 'on'),
(145, 246, 'banner', 'on'),
(148, 249, 'banner', 'on'),
(149, 250, 'banner', 'on'),
(150, 251, 'thumb', 'on'),
(151, 255, 'thumb', 'on'),
(152, 256, 'thumb', 'on'),
(153, 56, 'thumb', 'on'),
(155, 258, 'thumb', 'on'),
(158, 259, 'banner', 'on'),
(159, 261, 'banner', 'on'),
(160, 262, 'banner', 'on');

-- --------------------------------------------------------

--
-- Table structure for table `menu`
--

CREATE TABLE `menu` (
  `id` int(11) NOT NULL,
  `lang` varchar(100) DEFAULT NULL,
  `title` varchar(255) NOT NULL,
  `status` tinyint(4) DEFAULT '0',
  `created_by` int(11) DEFAULT NULL,
  `updated_by` int(11) DEFAULT NULL,
  `created_at` datetime DEFAULT NULL,
  `updated_at` datetime DEFAULT NULL,
  `timestamp` timestamp NOT NULL DEFAULT CURRENT_TIMESTAMP ON UPDATE CURRENT_TIMESTAMP
) ENGINE=InnoDB DEFAULT CHARSET=utf8;

--
-- Dumping data for table `menu`
--

INSERT INTO `menu` (`id`, `lang`, `title`, `status`, `created_by`, `updated_by`, `created_at`, `updated_at`, `timestamp`) VALUES
(1, '', 'Top Menu', 1, NULL, NULL, NULL, NULL, '2023-05-11 14:20:58');

-- --------------------------------------------------------

--
-- Table structure for table `menu_rels`
--

CREATE TABLE `menu_rels` (
  `id` int(11) NOT NULL,
  `menu_id` int(11) DEFAULT NULL,
  `parent_page_id` int(11) DEFAULT NULL,
  `page_id` int(11) DEFAULT NULL,
  `item_title` varchar(255) DEFAULT NULL,
  `item_type` varchar(255) DEFAULT NULL,
  `parent_type` varchar(255) DEFAULT NULL
) ENGINE=InnoDB DEFAULT CHARSET=utf8;

--
-- Dumping data for table `menu_rels`
--

INSERT INTO `menu_rels` (`id`, `menu_id`, `parent_page_id`, `page_id`, `item_title`, `item_type`, `parent_type`) VALUES
(23, 1, 0, 1, 'Home', 'page', 'page'),
(24, 1, 0, 16, 'About Us', 'page', 'page'),
(25, 1, 16, 15, 'Services', 'page', 'page'),
(26, 1, 16, 19, 'FAQ', 'page', 'page'),
(27, 1, 16, 8, 'Testimonial', 'page', 'page'),
(28, 1, 0, 10, 'Portfolio', 'page', 'page'),
(29, 1, 0, 13, 'Gallery', 'page', 'page'),
(30, 1, 0, 14, 'Blog', 'page', 'page'),
(31, 1, 0, 12, 'Career', 'page', 'page'),
(32, 1, 0, 11, 'Contact', 'page', 'page');

-- --------------------------------------------------------

--
-- Table structure for table `migration`
--

CREATE TABLE `migration` (
  `version` varchar(180) NOT NULL,
  `apply_time` int(11) DEFAULT NULL
) ENGINE=InnoDB DEFAULT CHARSET=utf8;

-- --------------------------------------------------------

--
-- Table structure for table `page`
--

CREATE TABLE `page` (
  `id` int(11) NOT NULL,
  `parent_page_id` varchar(100) DEFAULT NULL,
  `page_section` tinyint(4) DEFAULT NULL,
  `type` varchar(255) DEFAULT NULL,
  `title` varchar(255) NOT NULL,
  `slug` varchar(255) NOT NULL,
  `subtitle` varchar(255) DEFAULT NULL,
  `short_desc` text,
  `description` text,
  `image_size` varchar(255) DEFAULT NULL,
  `identifier` varchar(255) DEFAULT NULL,
  `template` varchar(255) DEFAULT NULL,
  `status` int(11) DEFAULT '1',
  `is_archived` tinyint(1) DEFAULT '0',
  `title_tag` varchar(255) DEFAULT NULL,
  `meta_title` varchar(255) DEFAULT NULL,
  `meta_description` text,
  `og_title` varchar(255) DEFAULT NULL,
  `og_description` text,
  `preview` varchar(225) DEFAULT NULL,
  `instructions` text,
  `child_of` int(11) DEFAULT NULL,
  `update_type` varchar(255) DEFAULT NULL,
  `visit_count` int(11) DEFAULT NULL,
  `created_at` datetime DEFAULT NULL,
  `updated_at` timestamp NULL DEFAULT CURRENT_TIMESTAMP ON UPDATE CURRENT_TIMESTAMP,
  `created_by` int(11) DEFAULT NULL,
  `updated_by` int(11) DEFAULT NULL
) ENGINE=InnoDB DEFAULT CHARSET=utf8;

--
-- Dumping data for table `page`
--

INSERT INTO `page` (`id`, `parent_page_id`, `page_section`, `type`, `title`, `slug`, `subtitle`, `short_desc`, `description`, `image_size`, `identifier`, `template`, `status`, `is_archived`, `title_tag`, `meta_title`, `meta_description`, `og_title`, `og_description`, `preview`, `instructions`, `child_of`, `update_type`, `visit_count`, `created_at`, `updated_at`, `created_by`, `updated_by`) VALUES
(1, '0', 1, '', 'Home', 'home', '', '', '', '', 'home', NULL, 1, 0, NULL, NULL, NULL, NULL, NULL, NULL, NULL, NULL, NULL, NULL, '2023-05-07 14:43:21', '2023-05-07 10:46:43', 1, NULL),
(2, '1', 2, NULL, 'Slider', 'slider', '', '', '', '', 'home', 'slider_template', 1, 0, NULL, '', '', '', '', NULL, NULL, NULL, NULL, NULL, '2023-05-07 15:25:33', '2023-05-27 03:21:45', 1, 1),
(3, '1', 2, NULL, 'About CMS', 'home-about-cms', 'About Us', 'Enhancing user experience with the power of intuitive UI elements and seamless animations powered by a multifunctional CMS with an easy-to-use builder scheme and endless possibilities.', '<p>With endless possibilities at your fingertips, you\'ll be able to create the perfect experience for your users - whether it\'s a stunning website, a powerful e-commerce platform, or a mobile application that stands out from the crowd. Our intuitive interface and versatile design make it easy to customize every aspect of your project, from the layout and color scheme to the navigation and animation effects.</p>\r\n<br>\r\n<div class=\"row\">\r\n<div class=\"col-md-6\">\r\n<div class=\"home-about__single anim fade-up\">\r\n<h4><img src=\"https://codecanyon.bestinbd.com/WEBSITE/admin/uploads/editor_image/168353530020220462.svg\" style=\"width: 70px;\"><br></h4><h4>Modern Framework</h4>\r\n<p>Looking for a modern, cutting-edge solution to take your business to the next level? Look no further than our Modern Framework. Our state-of-the-art technology and innovative design ensure that you\'ll stay ahead of the curve, no matter what your industry.</p>\r\n</div>\r\n</div>\r\n<div class=\"col-md-6\">\r\n<div class=\"home-about__single anim fade-up\">\r\n<h4><img src=\"https://codecanyon.bestinbd.com/WEBSITE/admin/uploads/editor_image/1683535313719036583.svg\" style=\"width: 70px;\"><br></h4><h4>Flexible with Endless Scalability</h4>\r\n<p>Our Flexible Framework provides the adaptability you need to stay agile and responsive to changing demands. And with endless scalability, you\'ll never have to worry about outgrowing our platform - we\'re ready to grow with you, every step of the way.</p>\r\n</div>\r\n</div>\r\n</div>', '', 'home', 'about_us_template', 1, 0, NULL, '', '', '', '', NULL, NULL, NULL, NULL, NULL, '2023-05-07 15:48:42', '2023-05-27 04:48:53', 1, 1),
(4, '1', 2, NULL, 'Core Features', 'core-features', 'A robust and dynamic CMS proven for its capabilities', '', '', '', 'home', 'core_feature_template', 1, 0, NULL, '', '', '', '', NULL, NULL, NULL, NULL, NULL, '2023-05-07 16:00:32', '2023-05-14 15:23:18', 1, 1),
(5, '1', 2, NULL, 'Counter', 'counter', 'A robust and dynamic CMS proven for its capabilities', '', '<div class=\"col-md-12 column-1\">\r\n                        <div class=\"counter-one\">\r\n                           <h3 class=\"anim fade-up\">750+\r\n                           </h3>\r\n                           <p class=\"anim fade-up\">Real websites designed, developed and deployed</p>\r\n                        </div>\r\n                     </div>\r\n\r\n                     <div class=\"col-md-6 column-2\">\r\n                        <div class=\"counter-two\">\r\n                           <h3 class=\"anim fade-up\">\r\n                              <span data-count-start=\"0\" data-count-end=\"300\" class=\"countIt\">300</span>+\r\n                           </h3>\r\n                           <p class=\"anim fade-up\">Satisfied customers</p>\r\n                        </div>\r\n                     </div>\r\n\r\n                     <div class=\"col-md-6 column-3\">\r\n                        <div class=\"counter-three\">\r\n                           <h3 class=\"anim fade-up\">55+\r\n                           </h3>\r\n                           <p class=\"anim fade-up\">Product Showcase &amp; E-Commerce</p>\r\n                        </div>\r\n                     </div>\r\n\r\n                     <div class=\"col-md-12 column-4\">\r\n                        <div class=\"counter-four\">\r\n                           <h3 class=\"anim fade-up\">\r\n                              <span data-count-start=\"0\" data-count-end=\"585\" class=\"countIt\">585</span>+\r\n                           </h3>\r\n                           <p class=\"anim fade-up\">Real Estat, Education, Hospital, NGO, Corporate,&nbsp;Tours and Travels, etc.</p>\r\n                        </div>\r\n                     </div>', '', 'home', 'counter_template', 1, 0, NULL, '', '', '', '', NULL, NULL, NULL, NULL, NULL, '2023-05-07 16:01:07', '2023-05-22 09:58:13', 1, 1),
(6, '1', 2, NULL, 'Hassle free development', 'hassle-free-development', 'Hassle free development with curated features', 'Experience the power of hassle-free development with our platform\'s curated features. Our streamlined approach to development removes the frustration and confusion from the process, so you can focus on creating great products and applications.', '', '', 'home', 'portfolio_slide_template', 1, 0, NULL, '', '', '', '', NULL, NULL, NULL, NULL, NULL, '2023-05-07 16:05:55', '2023-05-14 16:15:55', 1, 1),
(7, '1', 2, NULL, 'Unique, Responsive Functional Websites', 'unique-responsive-functional-websites', '<h2>Unique, Responsive</h2><h2>Functional <span>Websites</span></h2><br>', '', '<ul class=\"\">\r\n                           <li class=\"anim fade-up\">\r\n                              <h3 class=\"anim fade-up\">Easy-to-understand CMS</h3>\r\n                              <p class=\"anim fade-up\">\r\n                                 Say goodbye to confusion and frustration with our easy-to-understand CMS. With a user-friendly interface and intuitive controls, you\'ll be able to manage your content and site with ease.\r\n                              </p>\r\n                           </li>\r\n                           <li class=\"anim fade-up\">\r\n                              <h3 class=\"anim fade-up\">Pixel perfect design</h3>\r\n                              <p class=\"anim fade-up\">\r\n                                 Attention to detail is key, and our pixel-perfect design ensures that every aspect of your site looks stunning and functions flawlessly. From layout to typography, we take pride in crafting beautiful and effective designs. Our team of expert designers has years of experience creating visually stunning and user-friendly designs that engage and delight your audience.\r\n                              </p>\r\n                           </li>\r\n                           <li class=\"anim fade-up\">\r\n                              <h3 class=\"anim fade-up\">Convenient and multipurpose development</h3>\r\n                              <p class=\"anim fade-up\">\r\n                                 Our development approach is all about convenience and multipurpose functionality. With tools and features that can be customized to fit your unique needs, you\'ll be able to create applications and products that are versatile and efficient.\r\n                              </p>\r\n                           </li>\r\n                           <li class=\"anim fade-up\">\r\n                              <h3 class=\"anim fade-up\">Unlimited power with endless possibilities</h3>\r\n                              <p class=\"anim fade-up\">\r\n                                 Unleash your creativity and achieve your goals with our powerful platform. With endless customization options, integrations, and tools at your fingertips, the possibilities are truly limitless.\r\n                              </p>\r\n                           </li>\r\n                        </ul>', '', 'home', 'service_template', 1, 0, NULL, '', '', '', '', NULL, NULL, NULL, NULL, NULL, '2023-05-07 16:06:55', '2023-05-14 16:28:27', 1, 1),
(8, '0', 1, '', 'Client & Testimonial', 'testimonial', 'Our clients are the heartbeat of our business', '', '', '', 'testimonial', 'testimonial_template', 1, 0, NULL, '', '', '', '', NULL, NULL, NULL, NULL, NULL, '2023-05-07 16:07:59', '2023-05-14 16:42:36', 1, 1),
(10, '0', 1, '', 'Portfolio', 'portfolio', 'Experience unparalleled efficiency paired with polarizing visuals', '', '', '', 'portfolio', 'portfolio_template', 1, 0, NULL, '', '', '', '', NULL, NULL, NULL, NULL, NULL, '2023-05-07 18:26:40', '2023-05-15 17:48:36', 1, 1),
(11, '0', 1, '', 'Contact', 'contact', 'Catering to all your needs with highly trained customer care', '', '', '', 'contact', 'contact_template', 1, 0, NULL, '', '', '', '', NULL, NULL, NULL, NULL, NULL, '2023-05-08 16:38:39', '2023-05-08 10:56:25', 1, 1),
(12, '0', 1, '', 'Career', 'career', 'We are excited to have you here and look forward to making you a part of our success', 'As the top-ranked company in the IT industry, we offer a wide range of career opportunities across the nation. With operations throughout the country, the possibilities for professional growth and development are virtually boundless.', '<div class=\"col-md-6\">\r\n                  <h4 class=\"anim fade-up\">Limitless Potential</h4>\r\n\r\n                  <p class=\"anim fade-up\">\r\n                     We believe that your career possibilities are endless. We offer opportunities for\r\n                     individuals interested in API integration or safety to build a rewarding career with us. We take\r\n                     pride in the exceptional quality of our workforce, which gives us a valuable competitive edge in\r\n                     the industry.\r\n                  </p>\r\n               </div>\r\n\r\n               <div class=\"col-md-6\">\r\n                  <h4 class=\"anim fade-up\">Endless Possibilities</h4>\r\n\r\n                  <p class=\"anim fade-up\">\r\n                     The world of energy offers limitless opportunities for personal and professional growth. At our\r\n                     company, you can explore your interests, expand your network, and cultivate career-building skills\r\n                     that will propel you forward.\r\n                  </p>\r\n               </div>', '', 'career', 'career_template', 1, 0, NULL, '', '', '', '', NULL, NULL, NULL, NULL, NULL, '2023-05-08 17:41:23', '2023-05-14 20:54:57', 1, 1),
(13, '0', 1, '', 'Gallery', 'gallery', 'Come take a stroll through our gallery and discover the wonders that await you.', '', '', '', 'gallery', 'gallery_template', 1, 0, NULL, '', '', '', '', NULL, NULL, NULL, NULL, NULL, '2023-05-08 18:26:27', '2023-05-14 20:37:58', 1, 1),
(14, '0', 1, '', 'Blog', 'blog', 'Stay up to date with the world of IT', 'Check out other blogs of the same kind', '', '', 'blog', 'blog_listing_template', 1, 0, NULL, '', '', '', '', NULL, NULL, NULL, NULL, NULL, '2023-05-09 16:16:00', '2023-05-18 13:28:15', 1, 1),
(15, '0', 1, '', 'Services', 'services', 'Set sail for success with our curated suite of services', '', '', '', 'services', '', 1, 0, NULL, '', '', '', '', NULL, NULL, NULL, NULL, NULL, '2023-05-09 16:19:20', '2023-05-14 16:18:46', 1, 1),
(16, '0', 1, '', 'About Us', 'about-us', 'From software engineers to UX designers, we are a diverse group of passionate go-getters who love to push boundaries and eat pizza', 'At our company, we believe that the user experience is everything. That\'s why we\'re dedicated to enhancing it through the power of intuitive UI elements and seamless animations. With our multifunctional CMS, we can create websites that are not only visually stunning but also highly functional and easy to navigate.', '<p class=\"anim fade-up\">\r\n                     Our CMS features an easy-to-use builder scheme that empowers our clients to make changes and\r\n                     updates to their websites quickly and easily. With endless possibilities for customization, we can\r\n                     ensure that your website stands out from the competition and meets the unique needs of your\r\n                     business.\r\n                     <br><br>\r\nWith endless possibilities at your fingertips, you\'ll be able to create the perfect experience for your users - whether it\'s a stunning website, a powerful e-commerce platform, or a mobile application that stands out from the crowd. Our intuitive interface and versatile design make it easy to customize every aspect of your project, from the layout and color scheme to the navigation and animation effects.<br><br>\r\n                     Whether you\'re looking for a simple brochure site or a complex e-commerce platform, our team has\r\n                     the expertise and tools to make it happen. We\'re committed to creating websites that not only look\r\n                     great but also drive results for your business. So if you\'re looking to take your online presence\r\n                     to the next level, look no further than our team.\r\n                  </p>', '', 'about-us', 'about_template', 1, 0, NULL, '', '', '', '', NULL, NULL, NULL, NULL, NULL, '2023-05-11 10:29:58', '2023-05-14 20:19:52', 1, 1),
(17, '16', 2, '', 'Mission Vision', 'mission-vision', '', '', '<div class=\"mission__text\">\r\n                     <h2 class=\"anim fade-up\">MISSION</h2>\r\n                     <p class=\"anim fade-up\">\r\n                        To empower people to live their best lives by providing them with the tools and resources they\r\n                        need to succeed.\r\n                     </p>\r\n                  </div>\r\n                  <div class=\"mission__text\">\r\n                     <h2 class=\"anim fade-up\">VISION</h2>\r\n                     <p class=\"anim fade-up\">\r\n                        A world where everyone has access to the resources they need to thrive and achieve their full\r\n                        potential.\r\n                     </p>\r\n                  </div>', '', 'about-us', 'mission_vision_template', 1, 0, NULL, '', '', '', '', NULL, NULL, NULL, NULL, NULL, '2023-05-11 10:42:43', '2023-05-11 06:31:06', 1, 1),
(18, '16', 2, NULL, 'Our Team', 'our-team', '', '', ' <h2 class=\"anim fade-up\">It is with great pleasure that I introduce our latest product, the content management system (CMS). This software represents a major milestone for our company, and we are excited to share it with you.\r\n                  </h2>\r\n<p class=\"anim fade-up\">\r\nOur team has been working tirelessly to create a CMS that is user-friendly, flexible, and customizable to meet the needs of a wide range of industries and businesses. We believe that this product will revolutionize the way you manage your content and streamline your operations. We are committed to innovation, excellence, and customer satisfaction. We understand the importance of staying ahead of the curve in an ever-changing technology landscape, and we are confident that our CMS will set a new standard for content management.<br><br>\r\nWe recognize that our success is largely due to the trust and support of our customers and partners. As such, we remain dedicated to providing exceptional service and support, ensuring that you have everything you need to maximize the benefits of our CMS.<br><br>\r\nThank you for choosing our company as your technology partner, and we look forward to continuing to work together to achieve your business goals.</p>\r\n                  <h3 class=\"anim fade-up\">Antonio Alvarez</h3>\r\n                  <h4 class=\"anim fade-up\">CEO</h4>', '', 'about-us', 'team_template', 1, 0, NULL, '', '', '', '', NULL, NULL, NULL, NULL, NULL, '2023-05-11 12:31:46', '2023-05-14 19:50:54', 1, 1),
(19, '0', 1, '', 'FAQ', 'faq', '', '', '', '', 'faq', 'faq_template', 1, 0, NULL, '', '', '', '', NULL, NULL, NULL, NULL, NULL, '2023-05-11 23:13:12', '2023-05-11 18:45:35', 1, 1);

-- --------------------------------------------------------

--
-- Table structure for table `page_gallery_rel`
--

CREATE TABLE `page_gallery_rel` (
  `id` int(11) NOT NULL,
  `page_id` int(11) NOT NULL,
  `gallery_id` int(11) NOT NULL,
  `sort_order` int(11) DEFAULT '0'
) ENGINE=InnoDB DEFAULT CHARSET=utf8;

--
-- Dumping data for table `page_gallery_rel`
--

INSERT INTO `page_gallery_rel` (`id`, `page_id`, `gallery_id`, `sort_order`) VALUES
(1, 13, 1, 2),
(2, 13, 2, 1),
(5, 13, 5, 0);

-- --------------------------------------------------------

--
-- Table structure for table `page_post`
--

CREATE TABLE `page_post` (
  `id` int(11) NOT NULL,
  `page_id` int(11) NOT NULL,
  `type` varchar(255) DEFAULT NULL,
  `title` varchar(255) NOT NULL,
  `slug` varchar(255) DEFAULT NULL,
  `subtitle` text,
  `short_desc` text,
  `description` text,
  `sort_order` int(11) DEFAULT '0',
  `template` varchar(255) DEFAULT NULL,
  `status` tinyint(4) DEFAULT '1',
  `created_by` int(11) DEFAULT NULL,
  `updated_by` int(11) DEFAULT NULL,
  `created_at` datetime DEFAULT NULL,
  `updated_at` timestamp NULL DEFAULT CURRENT_TIMESTAMP ON UPDATE CURRENT_TIMESTAMP
) ENGINE=InnoDB DEFAULT CHARSET=utf8;

--
-- Dumping data for table `page_post`
--

INSERT INTO `page_post` (`id`, `page_id`, `type`, `title`, `slug`, `subtitle`, `short_desc`, `description`, `sort_order`, `template`, `status`, `created_by`, `updated_by`, `created_at`, `updated_at`) VALUES
(1, 4, '', 'Multi Layer Content', 'manage-complex-content', '', 'Create complex page layouts with ease using our multi-layer content feature. Whether you\'re designing a landing page or a product page, you\'ll have complete control over the look and feel of your content.', '', 2, '', 1, 1, 1, '2023-05-07 17:19:48', '2023-05-22 06:34:34'),
(2, 4, '', 'RESTful API ', 'restful-api', '', 'Connect your CMS to other apps and services with our RESTful API. Our powerful integration capabilities make it easy to streamline your workflow and automate your processes, so you can focus on what matters most.', '', 4, '', 1, 1, 1, '2023-05-07 17:21:47', '2023-05-22 06:34:34'),
(3, 4, '', 'Media Library', 'media-library', '', 'Keep your media assets organized and easily accessible with our media library. Upload, store, and manage all your images and videos in one place, so you can focus on creating great content.', '', 1, '', 1, 1, 1, '2023-05-07 17:22:11', '2023-05-22 06:34:34'),
(4, 4, '', 'SEO Settings', 'seo-settings', '', 'Make sure your website gets noticed with our built-in SEO settings. Optimize your pages for search engines and improve your ranking, so you can drive more traffic and reach more customers.', '', 3, '', 1, 1, 1, '2023-05-07 17:27:06', '2023-05-22 06:34:34'),
(5, 10, '3', 'MJL Bangladesh', 'mjl-bangladesh', '<li>Ecommerce</li> <li>React.js</li>', 'MJL Bangladesh Limited is the country’s top-ranked company in the Lube Oil Industry. The goal was  improving the UX design of the corporate website', '<div class=\"row upper-text\">\n <div class=\"col-md-12\">\n                     <h4>A dynamic functional redesign to enhance user experience</h4>\n</div>\n                  </div>\n                  <div class=\"row\">\n                     <div class=\"col-sm-12\">\n                        <h2>The Project</h2>\n\n                        <p>\n                           Lube Solution is a curated mobile application developed for MJL Bangladesh Limited, the\n                           country’s top-ranked company in the Lube Oil Industry. Currently, MJL BL is the industry\n                           leader and the sole distributor of the global brand Mobil™ in the market for lube oil\n                           products in Bangladesh.\n                           <br><br>\n                           The lube oil industry giant envisioned the mobile application to make accessible all\n                           lube-related services with expert professionals to its customers right at their doorsteps.\n                           MJL BL entrusted Dcastalia, a result-driven software company with intuitive UI/UX design\n                           portfolios, with this project because of our proven expertise in artistically redesigning the\n                           dynamic and interactive MJL website.\n                           <br><br>\n                           The objective was to completely revamp the earlier version of the Lube Solutions mobile\n                           application, into a more, content-driven, modernistic, and aesthetic piece of technology that\n                           would enhance the user experience and at the same time efficiently manage the large amounts\n                           of data in their systems. The assignment was to be completed within 60 days which was an\n                           exceptional feat given the magnitude of the project.\n                        </p>\n\n                        <h2>Scope of Work</h2>\n\n                        <p>\n                           MJL required a stunning, modernistic, functional UI/UX for its mobile application Lube\n                           Solutions, which would increase the customer conversion rate and also establish a very strong\n                           brand presence for MJL in the Lube Oil Industry, within 60 days.\n                           <br><br>\n                           MJL’s previous mobile application did not reflect the desired branding, visual appeal, and\n                           functionality. It was complex as MJL BL maintains a heavy-duty database system with a vast\n                           number of product categories, a large and complex network of retail outlets with enlisted\n                           service providers, and an extensive customer base.\n                        </p>\n\n\n                        <h2>Gallery</h2>\n\n                        <div class=\"gallery\">\n                           <div class=\"row Light\">\n                              <div class=\"col-md-4\">\n                                 <div class=\"img-wrapper\">\n\n                                    <a class=\"img\" href=\"https://codecanyon.bestinbd.com/WEBSITE/admin/uploads/editor_image/16845081441064664788_.jpg\">\n                                       <img class=\"img\" src=\"https://codecanyon.bestinbd.com/WEBSITE/admin/uploads/editor_image/16845081441064664788_.jpg\">\n                                    </a>\n\n                                 </div>\n                              </div>\n                              <div class=\"col-md-4\">\n                                 <div class=\"img-wrapper\">\n                                    <a class=\"img\" href=\"https://codecanyon.bestinbd.com/WEBSITE/admin/uploads/editor_image/16845083321937612471_.jpg\">\n                                       <img class=\"img\" src=\"https://codecanyon.bestinbd.com/WEBSITE/admin/uploads/editor_image/16845083321937612471_.jpg\">\n                                    </a>\n                                 </div>\n                              </div>\n                              <div class=\"col-md-4\">\n                                 <div class=\"img-wrapper\">\n                                    <a class=\"img\" href=\"https://codecanyon.bestinbd.com/WEBSITE/admin/uploads/editor_image/16845083452104250121_.jpg\">\n                                       <img class=\"img\" src=\"https://codecanyon.bestinbd.com/WEBSITE/admin/uploads/editor_image/16845083452104250121_.jpg\">\n                                    </a>\n                                 </div>\n                              </div>\n                              <div class=\"col-md-4\">\n                                 <div class=\"img-wrapper\">\n                                    <a class=\"img\" href=\"https://codecanyon.bestinbd.com/WEBSITE/admin/uploads/editor_image/16845083651716239641_.jpg\">\n                                    <img class=\"img\" src=\"https://codecanyon.bestinbd.com/WEBSITE/admin/uploads/editor_image/16845083651716239641_.jpg\" style=\"width: 420px;\">\n                                    </a>\n                                 </div>\n                              </div>\n                              <div class=\"col-md-4\">\n                                 <div class=\"img-wrapper\">\n                                    <a class=\"img\" href=\"https://codecanyon.bestinbd.com/WEBSITE/admin/uploads/editor_image/16845083771443681144_.jpg\">\n                                       <img class=\"img\" src=\"https://codecanyon.bestinbd.com/WEBSITE/admin/uploads/editor_image/16845083771443681144_.jpg\">\n                                    </a>\n                                 </div>\n                              </div>\n\n                              <div class=\"col-md-4\">\n                                 <div class=\"img-wrapper\">\n                                    <a class=\"img\" href=\"https://codecanyon.bestinbd.com/WEBSITE/admin/uploads/editor_image/168450845596812611_.jpg\">\n                                       <img class=\"img\" src=\"https://codecanyon.bestinbd.com/WEBSITE/admin/uploads/editor_image/168450845596812611_.jpg\">\n                                    </a>\n                                 </div>\n                              </div>\n\n\n                           </div>\n                        </div>\n\n                        <h2>Technologies</h2>\n\n                        <p>\n                           We deployed the most modern technologies in creating this fully functional application with\n                           immense visual appeal. Lube Solutions Application was completely revamped and redesigned from\n                           its earlier version which had operational issues with poor aesthetics, and we re-launched it\n                           as a robust, high-performing information system architecture that is capable of serving\n                           thousands of customers from its database on a daily basis.\n                        </p>\n                     </div>\n\n                     <div class=\"col-md-4\">\n                        <h5>Revamped UI/UX</h5>\n                        <p>\n                           The app’s UI/UX was modernized and refined to reflect the global brand essence for MJL’s\n                           Mobil.\n                        </p>\n                     </div>\n\n                     <div class=\"col-md-4\">\n                        <h5>Seamless Performance</h5>\n                        <p>\n                           The objective of this project was to ensure the implementation of prime performance features\n                           that would enhance the usability.\n                        </p>\n                     </div>\n\n                     <div class=\"col-md-4\">\n                        <h5>Security Seal Repository </h5>\n                        <p>\n                           The app’s UI/UX was modernized and refined to reflect the global brand essence for MJL’s\n                           Mobil.\n                        </p>\n                     </div>\n\n                     <div class=\"col-md-4\">\n                        <h5>Deep Linking</h5>\n                        <p>\n                           The app’s UI/UX was modernized and refined to reflect the global brand essence for MJL’s\n                           Mobil.\n                        </p>\n                     </div>\n\n                     <div class=\"col-md-4\">\n                        <h5>Referral System</h5>\n                        <p>\n                           Implementing the referral system for the app is a significant feature that encourages users\n                           to share the brand with their family and friends, thus, motivating potential customers to\n                           transform into actual users.\n                        </p>\n                     </div>\n\n\n                     <div class=\"col-sm-12 video\">\n                        <div class=\"video-wrapper Light\">\n                           <a href=\"https://youtu.be/wT3cpXL7HiE\"></a>\n\n                           <img class=\"img\" src=\"https://codecanyon.bestinbd.com/WEBSITE/admin/uploads/editor_image/16845092381197661416_.jpg\" alt=\"\">\n\n                           <div class=\"video-icon\">\n                              <div class=\"icon-inner\">\n                                 <svg width=\"60\" height=\"60\" viewBox=\"0 0 60 60\">\n                                    <g id=\"Group_14000\" data-name=\"Group 14000\" transform=\"translate(0.49)\">\n                                       <g id=\"Ellipse_381\" data-name=\"Ellipse 381\" transform=\"translate(-0.49)\" fill=\"#060D34\" stroke=\"none\" stroke-width=\"1\">\n                                          <circle cx=\"30\" cy=\"30\" r=\"30\" stroke=\"none\"></circle>\n                                          <circle class=\"video-hover\" cx=\"30\" cy=\"30\" r=\"30.5\" fill=\"#2BC6EB\"></circle>\n                                       </g>\n                                       <path id=\"Polygon_2\" data-name=\"Polygon 2\" d=\"M8.143,1.429a1,1,0,0,1,1.715,0l7.234,12.056A1,1,0,0,1,16.234,15H1.766a1,1,0,0,1-.857-1.514Z\" transform=\"translate(39.51 21) rotate(90)\" fill=\"#fff\"></path>\n                                    </g>\n                                 </svg>\n                              </div>\n                           </div>\n                        </div>\n                     </div>\n\n           \n\n                     <div class=\"col-md-4 counter\">\n                        <h3 class=\"anim fade-up\">50%</h3>\n                        <p class=\"anim fade-up\">Increase in Product Purchase</p>\n                     </div>\n\n                     <div class=\"col-md-4 counter\">\n                        <h3 class=\"anim fade-up\">+500K</h3>\n                        <p class=\"anim fade-up\">Security Seal IDs served</p>\n                     </div>\n\n                     <div class=\"col-md-4 counter\">\n                        <h3 class=\"anim fade-up\">24/7</h3>\n                        <p class=\"anim fade-up\">Operational Support</p>\n                     </div>\n</div>', 1, '', 1, 1, 1, '2023-05-07 18:26:59', '2023-05-27 05:37:20'),
(6, 10, '3', 'Omera LPG', 'omera-lpg', '<li>Corporate</li> <li>React.js</li>', 'Omera Petroleum Limited has started its LPG venture in Bangladesh with the utmost commitment to convenience, availability, functionality, and safety. ', '<div class=\"row upper-text\">\n <div class=\"col-md-12\">\n                     <h4>A dynamic functional redesign to enhance user experience</h4>\n</div>\n                  </div>\n                  <div class=\"row\">\n                     <div class=\"col-sm-12\">\n                        <h2>The Project</h2>\n\n                        <p>\n                           Lube Solution is a curated mobile application developed for MJL Bangladesh Limited, the\n                           country’s top-ranked company in the Lube Oil Industry. Currently, MJL BL is the industry\n                           leader and the sole distributor of the global brand Mobil™ in the market for lube oil\n                           products in Bangladesh.\n                           <br><br>\n                           The lube oil industry giant envisioned the mobile application to make accessible all\n                           lube-related services with expert professionals to its customers right at their doorsteps.\n                           MJL BL entrusted Dcastalia, a result-driven software company with intuitive UI/UX design\n                           portfolios, with this project because of our proven expertise in artistically redesigning the\n                           dynamic and interactive MJL website.\n                           <br><br>\n                           The objective was to completely revamp the earlier version of the Lube Solutions mobile\n                           application, into a more, content-driven, modernistic, and aesthetic piece of technology that\n                           would enhance the user experience and at the same time efficiently manage the large amounts\n                           of data in their systems. The assignment was to be completed within 60 days which was an\n                           exceptional feat given the magnitude of the project.\n                        </p>\n\n                        <h2>Scope of Work</h2>\n\n                        <p>\n                           MJL required a stunning, modernistic, functional UI/UX for its mobile application Lube\n                           Solutions, which would increase the customer conversion rate and also establish a very strong\n                           brand presence for MJL in the Lube Oil Industry, within 60 days.\n                           <br><br>\n                           MJL’s previous mobile application did not reflect the desired branding, visual appeal, and\n                           functionality. It was complex as MJL BL maintains a heavy-duty database system with a vast\n                           number of product categories, a large and complex network of retail outlets with enlisted\n                           service providers, and an extensive customer base.\n                        </p>\n\n\n                        <h2>Gallery</h2>\n\n                        <div class=\"gallery\">\n                           <div class=\"row Light\">\n                              <div class=\"col-md-4\">\n                                 <div class=\"img-wrapper\">\n\n                                    <a class=\"img\" href=\"https://codecanyon.bestinbd.com/WEBSITE/admin/uploads/editor_image/16845081441064664788_.jpg\">\n                                       <img class=\"img\" src=\"https://codecanyon.bestinbd.com/WEBSITE/admin/uploads/editor_image/16845081441064664788_.jpg\">\n                                    </a>\n\n                                 </div>\n                              </div>\n                              <div class=\"col-md-4\">\n                                 <div class=\"img-wrapper\">\n                                    <a class=\"img\" href=\"https://codecanyon.bestinbd.com/WEBSITE/admin/uploads/editor_image/16845083321937612471_.jpg\">\n                                       <img class=\"img\" src=\"https://codecanyon.bestinbd.com/WEBSITE/admin/uploads/editor_image/16845083321937612471_.jpg\">\n                                    </a>\n                                 </div>\n                              </div>\n                              <div class=\"col-md-4\">\n                                 <div class=\"img-wrapper\">\n                                    <a class=\"img\" href=\"https://codecanyon.bestinbd.com/WEBSITE/admin/uploads/editor_image/16845083452104250121_.jpg\">\n                                       <img class=\"img\" src=\"https://codecanyon.bestinbd.com/WEBSITE/admin/uploads/editor_image/16845083452104250121_.jpg\">\n                                    </a>\n                                 </div>\n                              </div>\n                              <div class=\"col-md-4\">\n                                 <div class=\"img-wrapper\">\n                                    <a class=\"img\" href=\"https://codecanyon.bestinbd.com/WEBSITE/admin/uploads/editor_image/16845083651716239641_.jpg\">\n                                    <img class=\"img\" src=\"https://codecanyon.bestinbd.com/WEBSITE/admin/uploads/editor_image/16845083651716239641_.jpg\" style=\"width: 420px;\">\n                                    </a>\n                                 </div>\n                              </div>\n                              <div class=\"col-md-4\">\n                                 <div class=\"img-wrapper\">\n                                    <a class=\"img\" href=\"https://codecanyon.bestinbd.com/WEBSITE/admin/uploads/editor_image/16845083771443681144_.jpg\">\n                                       <img class=\"img\" src=\"https://codecanyon.bestinbd.com/WEBSITE/admin/uploads/editor_image/16845083771443681144_.jpg\">\n                                    </a>\n                                 </div>\n                              </div>\n\n                              <div class=\"col-md-4\">\n                                 <div class=\"img-wrapper\">\n                                    <a class=\"img\" href=\"https://codecanyon.bestinbd.com/WEBSITE/admin/uploads/editor_image/168450845596812611_.jpg\">\n                                       <img class=\"img\" src=\"https://codecanyon.bestinbd.com/WEBSITE/admin/uploads/editor_image/168450845596812611_.jpg\">\n                                    </a>\n                                 </div>\n                              </div>\n\n\n                           </div>\n                        </div>\n\n                        <h2>Technologies</h2>\n\n                        <p>\n                           We deployed the most modern technologies in creating this fully functional application with\n                           immense visual appeal. Lube Solutions Application was completely revamped and redesigned from\n                           its earlier version which had operational issues with poor aesthetics, and we re-launched it\n                           as a robust, high-performing information system architecture that is capable of serving\n                           thousands of customers from its database on a daily basis.\n                        </p>\n                     </div>\n\n                     <div class=\"col-md-4\">\n                        <h5>Revamped UI/UX</h5>\n                        <p>\n                           The app’s UI/UX was modernized and refined to reflect the global brand essence for MJL’s\n                           Mobil.\n                        </p>\n                     </div>\n\n                     <div class=\"col-md-4\">\n                        <h5>Seamless Performance</h5>\n                        <p>\n                           The objective of this project was to ensure the implementation of prime performance features\n                           that would enhance the usability.\n                        </p>\n                     </div>\n\n                     <div class=\"col-md-4\">\n                        <h5>Security Seal Repository </h5>\n                        <p>\n                           The app’s UI/UX was modernized and refined to reflect the global brand essence for MJL’s\n                           Mobil.\n                        </p>\n                     </div>\n\n                     <div class=\"col-md-4\">\n                        <h5>Deep Linking</h5>\n                        <p>\n                           The app’s UI/UX was modernized and refined to reflect the global brand essence for MJL’s\n                           Mobil.\n                        </p>\n                     </div>\n\n                     <div class=\"col-md-4\">\n                        <h5>Referral System</h5>\n                        <p>\n                           Implementing the referral system for the app is a significant feature that encourages users\n                           to share the brand with their family and friends, thus, motivating potential customers to\n                           transform into actual users.\n                        </p>\n                     </div>\n\n\n                     <div class=\"col-sm-12 video\">\n                        <div class=\"video-wrapper Light\">\n                           <a href=\"https://youtu.be/wT3cpXL7HiE\"></a>\n\n                           <img class=\"img\" src=\"https://codecanyon.bestinbd.com/WEBSITE/admin/uploads/editor_image/16845092381197661416_.jpg\" alt=\"\">\n\n                           <div class=\"video-icon\">\n                              <div class=\"icon-inner\">\n                                 <svg width=\"60\" height=\"60\" viewBox=\"0 0 60 60\">\n                                    <g id=\"Group_14000\" data-name=\"Group 14000\" transform=\"translate(0.49)\">\n                                       <g id=\"Ellipse_381\" data-name=\"Ellipse 381\" transform=\"translate(-0.49)\" fill=\"#060D34\" stroke=\"none\" stroke-width=\"1\">\n                                          <circle cx=\"30\" cy=\"30\" r=\"30\" stroke=\"none\"></circle>\n                                          <circle class=\"video-hover\" cx=\"30\" cy=\"30\" r=\"30.5\" fill=\"#2BC6EB\"></circle>\n                                       </g>\n                                       <path id=\"Polygon_2\" data-name=\"Polygon 2\" d=\"M8.143,1.429a1,1,0,0,1,1.715,0l7.234,12.056A1,1,0,0,1,16.234,15H1.766a1,1,0,0,1-.857-1.514Z\" transform=\"translate(39.51 21) rotate(90)\" fill=\"#fff\"></path>\n                                    </g>\n                                 </svg>\n                              </div>\n                           </div>\n                        </div>\n                     </div>\n\n           \n\n                     <div class=\"col-md-4 counter\">\n                        <h3 class=\"anim fade-up\">50%</h3>\n                        <p class=\"anim fade-up\">Increase in Product Purchase</p>\n                     </div>\n\n                     <div class=\"col-md-4 counter\">\n                        <h3 class=\"anim fade-up\">+500K</h3>\n                        <p class=\"anim fade-up\">Security Seal IDs served</p>\n                     </div>\n\n                     <div class=\"col-md-4 counter\">\n                        <h3 class=\"anim fade-up\">24/7</h3>\n                        <p class=\"anim fade-up\">Operational Support</p>\n                     </div>\n</div>', 3, '', 1, 1, 1, '2023-05-07 18:27:48', '2023-05-27 05:37:38'),
(7, 8, '', 'Sarah Johnson', 'john-doe', 'Content Manager', '', '<p>As a large corporation with multiple websites, we needed a CMS that could handle a high volume of content and traffic. After researching various options, we decided to go with this CMS, and we couldn\'t be happier with our decision. The platform\'s robust features and scalability have allowed us to easily manage all of our websites from one central location.<span class=\"dots\">...</span><br><br>\n<span class=\"more\">\nOne of the things we appreciate most about this CMS is its flexibility. We have been able to customize our website to meet our specific needs, and the platform\'s API has allowed us to integrate with other tools and applications seamlessly. Additionally, the CMS\'s analytics and reporting features have provided us with valuable insights into our website\'s performance, allowing us to make data-driven decisions.</span></p>', 2, '', 1, 1, 1, '2023-05-07 21:03:49', '2023-05-27 05:37:44'),
(8, 8, '', 'Brad Simmons', 'brad-simmons', 'IT Director', '', '<p>    Before we switched to this CMS, managing our website was a nightmare. We had to rely on external developers to make even the smallest changes, and the process was slow and expensive. But since we started using this CMS, we have been able to manage our website in-house, saving us both time and money.<span class=\"dots\">...</span><br><br>\r\n<span class=\"more\">\r\nThe platform\'s automated workflows and approval processes have also helped us to streamline our content creation process. We are now able to get new content up on our site much faster than before, which has helped us to stay ahead of the competition.</span></p>', 3, '', 1, 1, 1, '2023-05-07 21:05:19', '2023-05-22 08:02:24'),
(9, 8, '', 'Natalie Thompson', 'natali-trump', 'CTO', '', '<p>As the CTO of a growing business, I know how important it is to have a website that is both functional and visually appealing. That\'s why we chose this CMS to manage our website, and we couldn\'t be happier with the results.<span class=\"dots\">...</span><br><br>\r\n<span class=\"more\">\r\nWe also appreciate the level of customization offered by the CMS. We have been able to create a website that is unique to our brand and that truly reflects our values and mission. Additionally, the platform\'s SEO tools have helped us to improve our search engine rankings, resulting in increased website traffic and revenue.</span></p>', 4, '', 1, 1, 1, '2023-05-07 21:06:09', '2023-05-22 08:02:58'),
(10, 8, '', 'David Lee', 'lebron-wayde', 'CEO', '', '<p>Our company has been using this CMS for over a year, and it has truly transformed how we manage our website. Before, making updates to our site was a time-consuming and often frustrating process. But with this CMS, we are able to make changes quickly and easily, saving us valuable time and resources. <span class=\"dots\">...</span><br><br>\r\n<span class=\"more\">\r\nWe also appreciate the level of support provided by the CMS team. Whenever we have questions or concerns, they have responded quickly and provided solutions. They truly go above and beyond to ensure that we are satisfied with the platform and are able to achieve our website goals.<br><br>\r\n</span></p>', 1, '', 1, 1, 1, '2023-05-07 21:07:56', '2023-05-22 07:43:05'),
(11, 10, '4', 'Rangs Properties', 'rangs-properties', '<li>UX/UI Design</li> <li>Yii2</li> <li>Technical Support</li>', 'Rangs Properties is a prominent property developer in Bangladesh who exemplifies the best of architecture. The website was to allow users to know about the company and their services from the site.', '<div class=\"row upper-text\">\n <div class=\"col-md-12\">\n                     <h4>A dynamic functional redesign to enhance user experience</h4>\n</div>\n                  </div>\n                  <div class=\"row\">\n                     <div class=\"col-sm-12\">\n                        <h2>The Project</h2>\n\n                        <p>\n                           Lube Solution is a curated mobile application developed for MJL Bangladesh Limited, the\n                           country’s top-ranked company in the Lube Oil Industry. Currently, MJL BL is the industry\n                           leader and the sole distributor of the global brand Mobil™ in the market for lube oil\n                           products in Bangladesh.\n                           <br><br>\n                           The lube oil industry giant envisioned the mobile application to make accessible all\n                           lube-related services with expert professionals to its customers right at their doorsteps.\n                           MJL BL entrusted Dcastalia, a result-driven software company with intuitive UI/UX design\n                           portfolios, with this project because of our proven expertise in artistically redesigning the\n                           dynamic and interactive MJL website.\n                           <br><br>\n                           The objective was to completely revamp the earlier version of the Lube Solutions mobile\n                           application, into a more, content-driven, modernistic, and aesthetic piece of technology that\n                           would enhance the user experience and at the same time efficiently manage the large amounts\n                           of data in their systems. The assignment was to be completed within 60 days which was an\n                           exceptional feat given the magnitude of the project.\n                        </p>\n\n                        <h2>Scope of Work</h2>\n\n                        <p>\n                           MJL required a stunning, modernistic, functional UI/UX for its mobile application Lube\n                           Solutions, which would increase the customer conversion rate and also establish a very strong\n                           brand presence for MJL in the Lube Oil Industry, within 60 days.\n                           <br><br>\n                           MJL’s previous mobile application did not reflect the desired branding, visual appeal, and\n                           functionality. It was complex as MJL BL maintains a heavy-duty database system with a vast\n                           number of product categories, a large and complex network of retail outlets with enlisted\n                           service providers, and an extensive customer base.\n                        </p>\n\n\n                        <h2>Gallery</h2>\n\n                        <div class=\"gallery\">\n                           <div class=\"row Light\">\n                              <div class=\"col-md-4\">\n                                 <div class=\"img-wrapper\">\n\n                                    <a class=\"img\" href=\"https://codecanyon.bestinbd.com/WEBSITE/admin/uploads/editor_image/16845081441064664788_.jpg\">\n                                       <img class=\"img\" src=\"https://codecanyon.bestinbd.com/WEBSITE/admin/uploads/editor_image/16845081441064664788_.jpg\">\n                                    </a>\n\n                                 </div>\n                              </div>\n                              <div class=\"col-md-4\">\n                                 <div class=\"img-wrapper\">\n                                    <a class=\"img\" href=\"https://codecanyon.bestinbd.com/WEBSITE/admin/uploads/editor_image/16845083321937612471_.jpg\">\n                                       <img class=\"img\" src=\"https://codecanyon.bestinbd.com/WEBSITE/admin/uploads/editor_image/16845083321937612471_.jpg\">\n                                    </a>\n                                 </div>\n                              </div>\n                              <div class=\"col-md-4\">\n                                 <div class=\"img-wrapper\">\n                                    <a class=\"img\" href=\"https://codecanyon.bestinbd.com/WEBSITE/admin/uploads/editor_image/16845083452104250121_.jpg\">\n                                       <img class=\"img\" src=\"https://codecanyon.bestinbd.com/WEBSITE/admin/uploads/editor_image/16845083452104250121_.jpg\">\n                                    </a>\n                                 </div>\n                              </div>\n                              <div class=\"col-md-4\">\n                                 <div class=\"img-wrapper\">\n                                    <a class=\"img\" href=\"https://codecanyon.bestinbd.com/WEBSITE/admin/uploads/editor_image/16845083651716239641_.jpg\">\n                                    <img class=\"img\" src=\"https://codecanyon.bestinbd.com/WEBSITE/admin/uploads/editor_image/16845083651716239641_.jpg\" style=\"width: 420px;\">\n                                    </a>\n                                 </div>\n                              </div>\n                              <div class=\"col-md-4\">\n                                 <div class=\"img-wrapper\">\n                                    <a class=\"img\" href=\"https://codecanyon.bestinbd.com/WEBSITE/admin/uploads/editor_image/16845083771443681144_.jpg\">\n                                       <img class=\"img\" src=\"https://codecanyon.bestinbd.com/WEBSITE/admin/uploads/editor_image/16845083771443681144_.jpg\">\n                                    </a>\n                                 </div>\n                              </div>\n\n                              <div class=\"col-md-4\">\n                                 <div class=\"img-wrapper\">\n                                    <a class=\"img\" href=\"https://codecanyon.bestinbd.com/WEBSITE/admin/uploads/editor_image/168450845596812611_.jpg\">\n                                       <img class=\"img\" src=\"https://codecanyon.bestinbd.com/WEBSITE/admin/uploads/editor_image/168450845596812611_.jpg\">\n                                    </a>\n                                 </div>\n                              </div>\n\n\n                           </div>\n                        </div>\n\n                        <h2>Technologies</h2>\n\n                        <p>\n                           We deployed the most modern technologies in creating this fully functional application with\n                           immense visual appeal. Lube Solutions Application was completely revamped and redesigned from\n                           its earlier version which had operational issues with poor aesthetics, and we re-launched it\n                           as a robust, high-performing information system architecture that is capable of serving\n                           thousands of customers from its database on a daily basis.\n                        </p>\n                     </div>\n\n                     <div class=\"col-md-4\">\n                        <h5>Revamped UI/UX</h5>\n                        <p>\n                           The app’s UI/UX was modernized and refined to reflect the global brand essence for MJL’s\n                           Mobil.\n                        </p>\n                     </div>\n\n                     <div class=\"col-md-4\">\n                        <h5>Seamless Performance</h5>\n                        <p>\n                           The objective of this project was to ensure the implementation of prime performance features\n                           that would enhance the usability.\n                        </p>\n                     </div>\n\n                     <div class=\"col-md-4\">\n                        <h5>Security Seal Repository </h5>\n                        <p>\n                           The app’s UI/UX was modernized and refined to reflect the global brand essence for MJL’s\n                           Mobil.\n                        </p>\n                     </div>\n\n                     <div class=\"col-md-4\">\n                        <h5>Deep Linking</h5>\n                        <p>\n                           The app’s UI/UX was modernized and refined to reflect the global brand essence for MJL’s\n                           Mobil.\n                        </p>\n                     </div>\n\n                     <div class=\"col-md-4\">\n                        <h5>Referral System</h5>\n                        <p>\n                           Implementing the referral system for the app is a significant feature that encourages users\n                           to share the brand with their family and friends, thus, motivating potential customers to\n                           transform into actual users.\n                        </p>\n                     </div>\n\n\n                     <div class=\"col-sm-12 video\">\n                        <div class=\"video-wrapper Light\">\n                           <a href=\"https://youtu.be/wT3cpXL7HiE\"></a>\n\n                           <img class=\"img\" src=\"https://codecanyon.bestinbd.com/WEBSITE/admin/uploads/editor_image/16845092381197661416_.jpg\" alt=\"\">\n\n                           <div class=\"video-icon\">\n                              <div class=\"icon-inner\">\n                                 <svg width=\"60\" height=\"60\" viewBox=\"0 0 60 60\">\n                                    <g id=\"Group_14000\" data-name=\"Group 14000\" transform=\"translate(0.49)\">\n                                       <g id=\"Ellipse_381\" data-name=\"Ellipse 381\" transform=\"translate(-0.49)\" fill=\"#060D34\" stroke=\"none\" stroke-width=\"1\">\n                                          <circle cx=\"30\" cy=\"30\" r=\"30\" stroke=\"none\"></circle>\n                                          <circle class=\"video-hover\" cx=\"30\" cy=\"30\" r=\"30.5\" fill=\"#2BC6EB\"></circle>\n                                       </g>\n                                       <path id=\"Polygon_2\" data-name=\"Polygon 2\" d=\"M8.143,1.429a1,1,0,0,1,1.715,0l7.234,12.056A1,1,0,0,1,16.234,15H1.766a1,1,0,0,1-.857-1.514Z\" transform=\"translate(39.51 21) rotate(90)\" fill=\"#fff\"></path>\n                                    </g>\n                                 </svg>\n                              </div>\n                           </div>\n                        </div>\n                     </div>\n\n           \n\n                     <div class=\"col-md-4 counter\">\n                        <h3 class=\"anim fade-up\">50%</h3>\n                        <p class=\"anim fade-up\">Increase in Product Purchase</p>\n                     </div>\n\n                     <div class=\"col-md-4 counter\">\n                        <h3 class=\"anim fade-up\">+500K</h3>\n                        <p class=\"anim fade-up\">Security Seal IDs served</p>\n                     </div>\n\n                     <div class=\"col-md-4 counter\">\n                        <h3 class=\"anim fade-up\">24/7</h3>\n                        <p class=\"anim fade-up\">Operational Support</p>\n                     </div>\n</div>', 4, '', 1, 1, 1, '2023-05-08 15:59:06', '2023-05-27 05:37:53');


-- --------------------------------------------------------

--
-- Table structure for table `page_self_rels`
--

CREATE TABLE `page_self_rels` (
  `id` int(11) NOT NULL,
  `page_id` int(11) DEFAULT NULL,
  `parent_page_id` int(11) DEFAULT '0',
  `page_section` tinyint(4) DEFAULT NULL,
  `sort_order` int(11) DEFAULT '0'
) ENGINE=InnoDB DEFAULT CHARSET=utf8;

--
-- Dumping data for table `page_self_rels`
--

INSERT INTO `page_self_rels` (`id`, `page_id`, `parent_page_id`, `page_section`, `sort_order`) VALUES
(1, 1, 0, 1, 1),
(2, 2, 1, 2, 1),
(3, 3, 1, 2, 2),
(4, 4, 1, 2, 3),
(5, 5, 1, 2, 4),
(6, 6, 1, 2, 5),
(7, 7, 1, 2, 6),
(8, 8, 0, 1, 7),
(10, 10, 0, 1, 4),
(11, 11, 0, 1, 10),
(12, 12, 0, 1, 9),
(13, 13, 0, 1, 6),
(14, 14, 0, 1, 5),
(15, 15, 0, 1, 3),
(16, 16, 0, 1, 2),
(17, 17, 16, 2, 0),
(18, 18, 16, 2, 0),
(19, 19, 0, 1, 8);

-- --------------------------------------------------------

--
-- Table structure for table `product`
--

CREATE TABLE `product` (
  `id` int(11) NOT NULL,
  `category_id` varchar(100) DEFAULT NULL,
  `title` varchar(255) NOT NULL,
  `slug` varchar(255) NOT NULL,
  `subtitle` text,
  `short_desc` text,
  `description` text,
  `price` float(11,2) DEFAULT '0.00',
  `image_size` varchar(255) DEFAULT NULL,
  `is_featured` int(11) DEFAULT '0',
  `is_archived` tinyint(1) DEFAULT '0',
  `is_copy` tinyint(4) DEFAULT '0',
  `identifier` varchar(255) DEFAULT NULL,
  `template` varchar(255) DEFAULT NULL,
  `sort_order` int(11) DEFAULT '0',
  `feature_sort_order` int(11) DEFAULT '0',
  `status` int(11) DEFAULT '1',
  `title_tag` varchar(255) DEFAULT NULL,
  `meta_title` varchar(255) DEFAULT NULL,
  `meta_description` text,
  `og_title` varchar(255) DEFAULT NULL,
  `og_description` text,
  `preview` varchar(225) DEFAULT NULL,
  `instructions` text,
  `created_at` datetime DEFAULT NULL,
  `updated_at` timestamp NULL DEFAULT NULL ON UPDATE CURRENT_TIMESTAMP,
  `created_by` int(11) DEFAULT NULL,
  `updated_by` int(11) DEFAULT NULL
) ENGINE=InnoDB DEFAULT CHARSET=utf8;

--
-- Dumping data for table `product`
--

INSERT INTO `product` (`id`, `category_id`, `title`, `slug`, `subtitle`, `short_desc`, `description`, `price`, `image_size`, `is_featured`, `is_archived`, `is_copy`, `identifier`, `template`, `sort_order`, `feature_sort_order`, `status`, `title_tag`, `meta_title`, `meta_description`, `og_title`, `og_description`, `preview`, `instructions`, `created_at`, `updated_at`, `created_by`, `updated_by`) VALUES
(1, NULL, 'Software Development', 'software-development', 'We develop scalable, stable and secure software solutions', '', '<div class=\"col-sm-12\">\r\n                  <h3 class=\"sec-title anim fade-up\">Overview</h3>\r\n                  <h2 class=\"anim fade-up\">\r\n                     We believe in the power of innovative solutions to transform businesses. Our services are designed to unleash your digital potential, helping you stay ahead in today\'s rapidly evolving technological landscape.\r\n                  </h2>\r\n               </div>\r\n               <div class=\"col-md-8 offset-md-4 anim fade-up\">\r\n                  <p>\r\n                     We understand that every business is unique, and that\'s why our team of seasoned veterans is dedicated to crafting customized solutions that align perfectly with your specific requirements. Whether you need a robust web application, a scalable mobile app, or complex enterprise software, we have the expertise to deliver results that exceed your expectations. From ideation to deployment, we offer end-to-end expertise with a full spectrum of services. Our skilled team works closely with you to understand your vision and translate it into a high-performance, user-friendly solution.\r\n                  </p>\r\n\r\n                  <div class=\"row details\">\r\n                     <div class=\"col-md-6\">\r\n                        <h4>13</h4>\r\n                        <p>Years of Experience</p>\r\n                     </div>\r\n                     <div class=\"col-md-6\">\r\n                        <h4>1,050</h4>\r\n                        <p>Clients Worldwide</p>\r\n                     </div>\r\n                     <div class=\"col-md-6\">\r\n                        <h4>1,250</h4>\r\n                        <p>Completed Projects</p>\r\n                     </div>\r\n                  </div>\r\n               </div>', NULL, '', NULL, 0, 0, 'software-development', '', 0, 0, 1, '', '', '', '', '', NULL, NULL, '2023-05-07 20:24:01', '2023-05-22 11:04:59', 1, 1),
(2, NULL, 'Website Development', 'website-development', 'Create mind-blowing websites with simplicity at its core', '', '<div class=\"col-sm-12\">\r\n                  <h3 class=\"sec-title anim fade-up\">Overview</h3>\r\n                  <h2 class=\"anim fade-up\">\r\n                     Enhancing user experience with the power of intuitive UI elements and seamless animations powered\r\n                     by a multifunctional CMS with an easy-to-use builder scheme and endless possibilities.\r\n                  </h2>\r\n               </div>\r\n               <div class=\"col-md-8 offset-md-4 anim fade-up\">\r\n                  <p>\r\n                     Lorem Ipsum is simply dummy text of the printing and typesetting industry. Lorem Ipsum has been the\r\n                     industry\'s standard dummy text ever since the 1500s, when an unknown printer took a galley of type\r\n                     and scrambled it to make a type specimen book. It has survived not only five centuries, but also\r\n                     the leap into electronic typesetting, remaining essentially unchanged.\r\n                  </p>\r\n\r\n                  <div class=\"row details\">\r\n                     <div class=\"col-md-6\">\r\n                        <h4>13</h4>\r\n                        <p>Years of Experience</p>\r\n                     </div>\r\n                     <div class=\"col-md-6\">\r\n                        <h4>1,050</h4>\r\n                        <p>Clients Worldwide</p>\r\n                     </div>\r\n                     <div class=\"col-md-6\">\r\n                        <h4>1,250</h4>\r\n                        <p>Completed Projects</p>\r\n                     </div>\r\n                  </div>\r\n               </div>', NULL, '', NULL, 0, 0, 'website-development', '', 0, 0, 1, '', '', '', '', '', NULL, NULL, '2023-05-07 20:24:13', '2023-05-22 11:05:06', 1, 1),
(3, NULL, 'Ecommerce Development', 'ecommerce-develoment', 'We make your e-commerce journey satisfying', '', '<div class=\"col-sm-12\">\r\n                  <h3 class=\"sec-title anim fade-up\">Overview</h3>\r\n                  <h2 class=\"anim fade-up\">\r\n                     Enhancing user experience with the power of intuitive UI elements and seamless animations powered\r\n                     by a multifunctional CMS with an easy-to-use builder scheme and endless possibilities.\r\n                  </h2>\r\n               </div>\r\n               <div class=\"col-md-8 offset-md-4 anim fade-up\">\r\n                  <p>\r\n                     Lorem Ipsum is simply dummy text of the printing and typesetting industry. Lorem Ipsum has been the\r\n                     industry\'s standard dummy text ever since the 1500s, when an unknown printer took a galley of type\r\n                     and scrambled it to make a type specimen book. It has survived not only five centuries, but also\r\n                     the leap into electronic typesetting, remaining essentially unchanged.\r\n                  </p>\r\n\r\n                  <div class=\"row details\">\r\n                     <div class=\"col-md-6\">\r\n                        <h4>13</h4>\r\n                        <p>Years of Experience</p>\r\n                     </div>\r\n                     <div class=\"col-md-6\">\r\n                        <h4>1,050</h4>\r\n                        <p>Clients Worldwide</p>\r\n                     </div>\r\n                     <div class=\"col-md-6\">\r\n                        <h4>1,250</h4>\r\n                        <p>Completed Projects</p>\r\n                     </div>\r\n                  </div>\r\n               </div>', NULL, '', NULL, 0, 0, 'ecommerce-develoment', '', 0, 0, 1, '', '', '', '', '', NULL, NULL, '2023-05-07 20:25:01', '2023-05-27 03:22:33', 1, 1),
(4, NULL, 'Mobile Application', 'mobile-application', 'BEST DESTINATION TO DEVELOP YOUR APPLICATIO', '', '<div class=\"col-sm-12\">\r\n                  <h3 class=\"sec-title anim fade-up\">Overview</h3>\r\n                  <h2 class=\"anim fade-up\">\r\n                     Enhancing user experience with the power of intuitive UI elements and seamless animations powered\r\n                     by a multifunctional CMS with an easy-to-use builder scheme and endless possibilities.\r\n                  </h2>\r\n               </div>\r\n               <div class=\"col-md-8 offset-md-4 anim fade-up\">\r\n                  <p>\r\n                     Lorem Ipsum is simply dummy text of the printing and typesetting industry. Lorem Ipsum has been the\r\n                     industry\'s standard dummy text ever since the 1500s, when an unknown printer took a galley of type\r\n                     and scrambled it to make a type specimen book. It has survived not only five centuries, but also\r\n                     the leap into electronic typesetting, remaining essentially unchanged.\r\n                  </p>\r\n\r\n                  <div class=\"row details\">\r\n                     <div class=\"col-md-6\">\r\n                        <h4>13</h4>\r\n                        <p>Years of Experience</p>\r\n                     </div>\r\n                     <div class=\"col-md-6\">\r\n                        <h4>1,050</h4>\r\n                        <p>Clients Worldwide</p>\r\n                     </div>\r\n                     <div class=\"col-md-6\">\r\n                        <h4>1,250</h4>\r\n                        <p>Completed Projects</p>\r\n                     </div>\r\n                  </div>\r\n               </div>', NULL, '', NULL, 0, 0, 'mobile-application', '', 0, 0, 1, '', '', '', '', '', NULL, NULL, '2023-05-07 20:25:41', '2023-05-22 11:05:17', 1, 1),
(5, NULL, 'Technical Support', 'technical-support', 'BEST DESTINATION TO DEVELOP YOUR APPLICATIO', '', '<div class=\"col-sm-12\">\r\n                  <h3 class=\"sec-title anim fade-up\">Overview</h3>\r\n                  <h2 class=\"anim fade-up\">\r\n                     Enhancing user experience with the power of intuitive UI elements and seamless animations powered\r\n                     by a multifunctional CMS with an easy-to-use builder scheme and endless possibilities.\r\n                  </h2>\r\n               </div>\r\n               <div class=\"col-md-8 offset-md-4 anim fade-up\">\r\n                  <p>\r\n                     Lorem Ipsum is simply dummy text of the printing and typesetting industry. Lorem Ipsum has been the\r\n                     industry\'s standard dummy text ever since the 1500s, when an unknown printer took a galley of type\r\n                     and scrambled it to make a type specimen book. It has survived not only five centuries, but also\r\n                     the leap into electronic typesetting, remaining essentially unchanged.\r\n                  </p>\r\n\r\n                  <div class=\"row details\">\r\n                     <div class=\"col-md-6\">\r\n                        <h4>13</h4>\r\n                        <p>Years of Experience</p>\r\n                     </div>\r\n                     <div class=\"col-md-6\">\r\n                        <h4>1,050</h4>\r\n                        <p>Clients Worldwide</p>\r\n                     </div>\r\n                     <div class=\"col-md-6\">\r\n                        <h4>1,250</h4>\r\n                        <p>Completed Projects</p>\r\n                     </div>\r\n                  </div>\r\n               </div>', NULL, '', NULL, 0, 0, 'technical-support', '', 0, 0, 1, '', '', '', '', '', NULL, NULL, '2023-05-07 20:26:06', '2023-05-22 11:05:31', 1, 1),
(6, NULL, 'DevOps Solution', 'devops-solution', 'Providing extensive DevOps service to minimize your cost', '', '<div class=\"col-sm-12\">\r\n                  <h3 class=\"sec-title anim fade-up\">Overview</h3>\r\n                  <h2 class=\"anim fade-up\">\r\n                     Enhancing user experience with the power of intuitive UI elements and seamless animations powered\r\n                     by a multifunctional CMS with an easy-to-use builder scheme and endless possibilities.\r\n                  </h2>\r\n               </div>\r\n               <div class=\"col-md-8 offset-md-4 anim fade-up\">\r\n                  <p>\r\n                     Lorem Ipsum is simply dummy text of the printing and typesetting industry. Lorem Ipsum has been the\r\n                     industry\'s standard dummy text ever since the 1500s, when an unknown printer took a galley of type\r\n                     and scrambled it to make a type specimen book. It has survived not only five centuries, but also\r\n                     the leap into electronic typesetting, remaining essentially unchanged.\r\n                  </p>\r\n\r\n                  <div class=\"row details\">\r\n                     <div class=\"col-md-6\">\r\n                        <h4>13</h4>\r\n                        <p>Years of Experience</p>\r\n                     </div>\r\n                     <div class=\"col-md-6\">\r\n                        <h4>1,050</h4>\r\n                        <p>Clients Worldwide</p>\r\n                     </div>\r\n                     <div class=\"col-md-6\">\r\n                        <h4>1,250</h4>\r\n                        <p>Completed Projects</p>\r\n                     </div>\r\n                  </div>\r\n               </div>', NULL, '', NULL, 0, 0, 'devops-solution', '', 0, 0, 1, '', '', '', '', '', NULL, NULL, '2023-05-11 23:42:54', '2023-05-22 11:05:36', 1, 1);

-- --------------------------------------------------------

--
-- Table structure for table `product_attribute`
--

CREATE TABLE `product_attribute` (
  `id` int(11) NOT NULL,
  `type` varchar(255) DEFAULT NULL,
  `parent` varchar(255) DEFAULT NULL,
  `item_key` varchar(255) DEFAULT NULL,
  `item_value` varchar(255) DEFAULT NULL
) ENGINE=InnoDB DEFAULT CHARSET=utf8;

--
-- Dumping data for table `product_attribute`
--

INSERT INTO `product_attribute` (`id`, `type`, `parent`, `item_key`, `item_value`) VALUES
(1, 'attribute', NULL, 'color', 'Color'),
(2, 'attribute', NULL, 'size', 'Size'),
(3, 'variation', 'color', 'black', 'Black'),
(4, 'variation', 'color', 'blue', 'Blue'),
(5, 'variation', 'size', '14 cm', '14 cm'),
(6, 'attribute', NULL, 'package', 'Package'),
(7, 'variation', 'package', 'package_1', 'Package 1'),
(8, 'variation', 'package', 'package_2', 'Package 2');

-- --------------------------------------------------------

--
-- Table structure for table `product_category_rel`
--

CREATE TABLE `product_category_rel` (
  `id` int(11) NOT NULL,
  `product_id` int(11) NOT NULL,
  `category_id` int(11) NOT NULL,
  `sort_order` int(11) DEFAULT '0'
) ENGINE=InnoDB DEFAULT CHARSET=utf8;

--
-- Dumping data for table `product_category_rel`
--

INSERT INTO `product_category_rel` (`id`, `product_id`, `category_id`, `sort_order`) VALUES
(1, 1, 5, 0),
(2, 2, 5, 0),
(4, 4, 5, 0),
(5, 5, 6, 0),
(6, 6, 6, 0),
(7, 3, 5, 0);

-- --------------------------------------------------------

--
-- Table structure for table `product_gallery_rel`
--

CREATE TABLE `product_gallery_rel` (
  `id` int(11) NOT NULL,
  `product_id` int(11) NOT NULL,
  `gallery_id` int(11) NOT NULL,
  `sort_order` int(11) DEFAULT '0'
) ENGINE=InnoDB DEFAULT CHARSET=utf8;

-- --------------------------------------------------------

--
-- Table structure for table `product_post`
--

CREATE TABLE `product_post` (
  `id` int(11) NOT NULL,
  `product_id` int(11) NOT NULL,
  `title` varchar(255) DEFAULT NULL,
  `slug` varchar(255) DEFAULT NULL,
  `subtitle` text,
  `type` varchar(255) DEFAULT NULL,
  `short_desc` varchar(255) DEFAULT NULL,
  `description` text,
  `template` varchar(255) DEFAULT NULL,
  `sort_order` int(11) DEFAULT '0',
  `status` tinyint(4) DEFAULT '1',
  `created_by` int(11) DEFAULT NULL,
  `updated_by` int(11) DEFAULT NULL,
  `created_at` datetime DEFAULT NULL,
  `updated_at` timestamp NULL DEFAULT CURRENT_TIMESTAMP ON UPDATE CURRENT_TIMESTAMP
) ENGINE=InnoDB DEFAULT CHARSET=utf8;

--
-- Dumping data for table `product_post`
--

INSERT INTO `product_post` (`id`, `product_id`, `title`, `slug`, `subtitle`, `type`, `short_desc`, `description`, `template`, `sort_order`, `status`, `created_by`, `updated_by`, `created_at`, `updated_at`) VALUES
(3, 1, 'Our Clients', 'our-clients', 'Our clients are the heartbeat of our business.', '', NULL, '<p><br></p>', 'product_client_template', 0, 1, 1, 1, '2023-05-11 16:26:13', '2023-05-18 12:55:12'),
(4, 1, 'Frequently Ask Question', 'frequently-ask-question', '', '', NULL, '<div class=\"video-accordion__right-content__single anim fade-up\">\r\n                     <div class=\"video-accordion__right-content__single__title\">\r\n                        <h4>What payment methods do you accept?</h4>\r\n                        <svg id=\"Component_22_1\" data-name=\"Component 22 – 1\" xmlns=\"http://www.w3.org/2000/svg\" width=\"28\" height=\"28\" viewBox=\"0 0 28 28\">\r\n                           <circle class=\"main-btn\" id=\"Ellipse_437\" data-name=\"Ellipse 437\" cx=\"14\" cy=\"14\" r=\"14\" transform=\"translate(0 28) rotate(-90)\" fill=\"#060d34\"></circle>\r\n                           <circle class=\"hover-init-btn\" id=\"Ellipse_438\" data-name=\"Ellipse 438\" cx=\"-14\" cy=\"14\" r=\"14\" transform=\"translate(0 28) rotate(-90)\" fill=\"#2BC6EB\"></circle>\r\n                           <g id=\"Group_14802\" data-name=\"Group 14802\" transform=\"translate(10 16) rotate(-90)\">\r\n                              <line id=\"Line_3789\" data-name=\"Line 3789\" x1=\"4\" y2=\"4\" fill=\"none\" stroke=\"#f8f8f9\" stroke-linecap=\"round\" stroke-width=\"2\"></line>\r\n                              <line id=\"Line_3790\" data-name=\"Line 3790\" x1=\"4\" y1=\"4\" transform=\"translate(0 4)\" fill=\"none\" stroke=\"#f8f8f9\" stroke-linecap=\"round\" stroke-width=\"2\"></line>\r\n                           </g>\r\n                        </svg>\r\n                     </div>\r\n                     <div class=\"video-accordion__right-content__single__content\">\r\n                        <p>\r\n                           We understand that making a payment can be a critical aspect of your buying experience, and\r\n                           we want to make it as easy as possible. That\'s why we accept a variety of payment methods,\r\n                           including major credit cards like Visa, Mastercard, and American Express, as well as PayPal\r\n                           and bank transfers.\r\n                           <br>\r\n                        </p>\r\n                     </div>\r\n                  </div>\r\n\r\n                  <div class=\"video-accordion__right-content__single anim fade-up\">\r\n                     <div class=\"video-accordion__right-content__single__title\">\r\n                        <h4>What is your refund policy?</h4>\r\n\r\n                        <svg id=\"Component_22_1\" data-name=\"Component 22 – 1\" xmlns=\"http://www.w3.org/2000/svg\" width=\"28\" height=\"28\" viewBox=\"0 0 28 28\">\r\n                           <circle class=\"main-btn\" id=\"Ellipse_437\" data-name=\"Ellipse 437\" cx=\"14\" cy=\"14\" r=\"14\" transform=\"translate(0 28) rotate(-90)\" fill=\"#060d34\"></circle>\r\n                           <circle class=\"hover-init-btn\" id=\"Ellipse_438\" data-name=\"Ellipse 438\" cx=\"-14\" cy=\"14\" r=\"14\" transform=\"translate(0 28) rotate(-90)\" fill=\"#2BC6EB\"></circle>\r\n                           <g id=\"Group_14802\" data-name=\"Group 14802\" transform=\"translate(10 16) rotate(-90)\">\r\n                              <line id=\"Line_3789\" data-name=\"Line 3789\" x1=\"4\" y2=\"4\" fill=\"none\" stroke=\"#f8f8f9\" stroke-linecap=\"round\" stroke-width=\"2\"></line>\r\n                              <line id=\"Line_3790\" data-name=\"Line 3790\" x1=\"4\" y1=\"4\" transform=\"translate(0 4)\" fill=\"none\" stroke=\"#f8f8f9\" stroke-linecap=\"round\" stroke-width=\"2\"></line>\r\n                           </g>\r\n                        </svg>\r\n                     </div>\r\n                     <div class=\"video-accordion__right-content__single__content\">\r\n                        <p>\r\n                              centuries, but also the leap into electronic typesetting, remaining essentially unchanged. It\r\n                           was popularised in the 1960s with the release of Letraset sheets containing Lorem Ipsum\r\n                           passages, and more recently with desktop publishing software like Aldus PageMaker including\r\n                           versions of Lorem Ipsum.\r\n                        </p>\r\n                     </div>\r\n                  </div>\r\n\r\n                  <div class=\"video-accordion__right-content__single anim fade-up\">\r\n                     <div class=\"video-accordion__right-content__single__title\">\r\n                        <h4>How long will it take to receive my order?</h4>\r\n                        <svg id=\"Component_22_1\" data-name=\"Component 22 – 1\" xmlns=\"http://www.w3.org/2000/svg\" width=\"28\" height=\"28\" viewBox=\"0 0 28 28\">\r\n                           <circle class=\"main-btn\" id=\"Ellipse_437\" data-name=\"Ellipse 437\" cx=\"14\" cy=\"14\" r=\"14\" transform=\"translate(0 28) rotate(-90)\" fill=\"#060d34\"></circle>\r\n                           <circle class=\"hover-init-btn\" id=\"Ellipse_438\" data-name=\"Ellipse 438\" cx=\"-14\" cy=\"14\" r=\"14\" transform=\"translate(0 28) rotate(-90)\" fill=\"#2BC6EB\"></circle>\r\n                           <g id=\"Group_14802\" data-name=\"Group 14802\" transform=\"translate(10 16) rotate(-90)\">\r\n                              <line id=\"Line_3789\" data-name=\"Line 3789\" x1=\"4\" y2=\"4\" fill=\"none\" stroke=\"#f8f8f9\" stroke-linecap=\"round\" stroke-width=\"2\"></line>\r\n                              <line id=\"Line_3790\" data-name=\"Line 3790\" x1=\"4\" y1=\"4\" transform=\"translate(0 4)\" fill=\"none\" stroke=\"#f8f8f9\" stroke-linecap=\"round\" stroke-width=\"2\"></line>\r\n                           </g>\r\n                        </svg>\r\n                     </div>\r\n                     <div class=\"video-accordion__right-content__single__content\">\r\n                        <p>\r\n                           Lorem Ipsum is simply dummy text of the printing and typesetting industry. Lorem Ipsum has\r\n                           been the industry\'s standard dummy text ever since the 1500s, when an unknown printer took a\r\n                           galley of type and scrambled it to make a type specimen book. It has survived not only five\r\n                           centuries, but also the leap into electronic typesetting, remaining essentially unchanged. \r\n                        </p>\r\n                     </div>\r\n                  </div>\r\n\r\n                  <div class=\"video-accordion__right-content__single anim fade-up\">\r\n                     <div class=\"video-accordion__right-content__single__title\">\r\n                        <h4>Do you offer customization services?</h4>\r\n                        <svg id=\"Component_22_1\" data-name=\"Component 22 – 1\" xmlns=\"http://www.w3.org/2000/svg\" width=\"28\" height=\"28\" viewBox=\"0 0 28 28\">\r\n                           <circle class=\"main-btn\" id=\"Ellipse_437\" data-name=\"Ellipse 437\" cx=\"14\" cy=\"14\" r=\"14\" transform=\"translate(0 28) rotate(-90)\" fill=\"#060d34\"></circle>\r\n                           <circle class=\"hover-init-btn\" id=\"Ellipse_438\" data-name=\"Ellipse 438\" cx=\"-14\" cy=\"14\" r=\"14\" transform=\"translate(0 28) rotate(-90)\" fill=\"#2BC6EB\"></circle>\r\n                           <g id=\"Group_14802\" data-name=\"Group 14802\" transform=\"translate(10 16) rotate(-90)\">\r\n                              <line id=\"Line_3789\" data-name=\"Line 3789\" x1=\"4\" y2=\"4\" fill=\"none\" stroke=\"#f8f8f9\" stroke-linecap=\"round\" stroke-width=\"2\"></line>\r\n                              <line id=\"Line_3790\" data-name=\"Line 3790\" x1=\"4\" y1=\"4\" transform=\"translate(0 4)\" fill=\"none\" stroke=\"#f8f8f9\" stroke-linecap=\"round\" stroke-width=\"2\"></line>\r\n                           </g>\r\n                        </svg>\r\n                     </div>\r\n                     <div class=\"video-accordion__right-content__single__content\">\r\n\r\n                        <p>\r\n                           Lorem Ipsum is simply dummy text of the printing and typesetting industry. Lorem Ipsum has\r\n                           been the industry\'s standard dummy text ever since the 1500s, when an unknown printer took a\r\n                           galley of type and scrambled it to make a type specimen book. It has survived not only five\r\n                           centuries, but also the leap into electronic typesetting, remaining essentially unchanged. \r\n                        </p>\r\n                     </div>\r\n                  </div>\r\n                  ', 'faq_video_template', 0, 1, 1, 1, '2023-05-11 16:29:00', '2023-05-11 11:34:59'),
(5, 1, 'Testimonials', 'testimonials', '', '', NULL, '', 'product_testimonial_template', 0, 1, 1, 1, '2023-05-11 17:03:18', '2023-05-11 11:35:06'),
(6, 1, 'Quotation', 'quotation', '', '', NULL, '<h2 class=\"title anim fade-up\">\r\n                     IT is not just another department in an organization. It’s <span>pervasive</span>, like\r\n                     electricity.\r\n                  </h2>\r\n\r\n                  <p>The Phoenix Project</p>', 'quotation_template', 0, 1, 1, 1, '2023-05-11 17:27:46', '2023-05-11 11:35:10'),
(7, 2, 'Our Clients', 'our-clients', 'Our clients are the heartbeat of our business.', '', NULL, '<p><br></p>', 'product_client_template', 0, 1, 1, 1, '2023-05-11 16:26:13', '2023-05-17 13:57:14'),
(8, 2, 'Frequently Ask Question', 'frequently-ask-question', '', '', NULL, '<div class=\"video-accordion__right-content__single anim fade-up\">\r\n                     <div class=\"video-accordion__right-content__single__title\">\r\n                        <h4>What payment methods do you accept?</h4>\r\n                        <svg id=\"Component_22_1\" data-name=\"Component 22 – 1\" xmlns=\"http://www.w3.org/2000/svg\" width=\"28\" height=\"28\" viewBox=\"0 0 28 28\">\r\n                           <circle class=\"main-btn\" id=\"Ellipse_437\" data-name=\"Ellipse 437\" cx=\"14\" cy=\"14\" r=\"14\" transform=\"translate(0 28) rotate(-90)\" fill=\"#060d34\"></circle>\r\n                           <circle class=\"hover-init-btn\" id=\"Ellipse_438\" data-name=\"Ellipse 438\" cx=\"-14\" cy=\"14\" r=\"14\" transform=\"translate(0 28) rotate(-90)\" fill=\"#2BC6EB\"></circle>\r\n                           <g id=\"Group_14802\" data-name=\"Group 14802\" transform=\"translate(10 16) rotate(-90)\">\r\n                              <line id=\"Line_3789\" data-name=\"Line 3789\" x1=\"4\" y2=\"4\" fill=\"none\" stroke=\"#f8f8f9\" stroke-linecap=\"round\" stroke-width=\"2\"></line>\r\n                              <line id=\"Line_3790\" data-name=\"Line 3790\" x1=\"4\" y1=\"4\" transform=\"translate(0 4)\" fill=\"none\" stroke=\"#f8f8f9\" stroke-linecap=\"round\" stroke-width=\"2\"></line>\r\n                           </g>\r\n                        </svg>\r\n                     </div>\r\n                     <div class=\"video-accordion__right-content__single__content\">\r\n                        <p>\r\n                           We understand that making a payment can be a critical aspect of your buying experience, and\r\n                           we want to make it as easy as possible. That\'s why we accept a variety of payment methods,\r\n                           including major credit cards like Visa, Mastercard, and American Express, as well as PayPal\r\n                           and bank transfers.\r\n                           <br>\r\n                        </p>\r\n                     </div>\r\n                  </div>\r\n\r\n                  <div class=\"video-accordion__right-content__single anim fade-up\">\r\n                     <div class=\"video-accordion__right-content__single__title\">\r\n                        <h4>What is your refund policy?</h4>\r\n\r\n                        <svg id=\"Component_22_1\" data-name=\"Component 22 – 1\" xmlns=\"http://www.w3.org/2000/svg\" width=\"28\" height=\"28\" viewBox=\"0 0 28 28\">\r\n                           <circle class=\"main-btn\" id=\"Ellipse_437\" data-name=\"Ellipse 437\" cx=\"14\" cy=\"14\" r=\"14\" transform=\"translate(0 28) rotate(-90)\" fill=\"#060d34\"></circle>\r\n                           <circle class=\"hover-init-btn\" id=\"Ellipse_438\" data-name=\"Ellipse 438\" cx=\"-14\" cy=\"14\" r=\"14\" transform=\"translate(0 28) rotate(-90)\" fill=\"#2BC6EB\"></circle>\r\n                           <g id=\"Group_14802\" data-name=\"Group 14802\" transform=\"translate(10 16) rotate(-90)\">\r\n                              <line id=\"Line_3789\" data-name=\"Line 3789\" x1=\"4\" y2=\"4\" fill=\"none\" stroke=\"#f8f8f9\" stroke-linecap=\"round\" stroke-width=\"2\"></line>\r\n                              <line id=\"Line_3790\" data-name=\"Line 3790\" x1=\"4\" y1=\"4\" transform=\"translate(0 4)\" fill=\"none\" stroke=\"#f8f8f9\" stroke-linecap=\"round\" stroke-width=\"2\"></line>\r\n                           </g>\r\n                        </svg>\r\n                     </div>\r\n                     <div class=\"video-accordion__right-content__single__content\">\r\n                        <p>\r\n                              centuries, but also the leap into electronic typesetting, remaining essentially unchanged. It\r\n                           was popularised in the 1960s with the release of Letraset sheets containing Lorem Ipsum\r\n                           passages, and more recently with desktop publishing software like Aldus PageMaker including\r\n                           versions of Lorem Ipsum.\r\n                        </p>\r\n                     </div>\r\n                  </div>\r\n\r\n                  <div class=\"video-accordion__right-content__single anim fade-up\">\r\n                     <div class=\"video-accordion__right-content__single__title\">\r\n                        <h4>How long will it take to receive my order?</h4>\r\n                        <svg id=\"Component_22_1\" data-name=\"Component 22 – 1\" xmlns=\"http://www.w3.org/2000/svg\" width=\"28\" height=\"28\" viewBox=\"0 0 28 28\">\r\n                           <circle class=\"main-btn\" id=\"Ellipse_437\" data-name=\"Ellipse 437\" cx=\"14\" cy=\"14\" r=\"14\" transform=\"translate(0 28) rotate(-90)\" fill=\"#060d34\"></circle>\r\n                           <circle class=\"hover-init-btn\" id=\"Ellipse_438\" data-name=\"Ellipse 438\" cx=\"-14\" cy=\"14\" r=\"14\" transform=\"translate(0 28) rotate(-90)\" fill=\"#2BC6EB\"></circle>\r\n                           <g id=\"Group_14802\" data-name=\"Group 14802\" transform=\"translate(10 16) rotate(-90)\">\r\n                              <line id=\"Line_3789\" data-name=\"Line 3789\" x1=\"4\" y2=\"4\" fill=\"none\" stroke=\"#f8f8f9\" stroke-linecap=\"round\" stroke-width=\"2\"></line>\r\n                              <line id=\"Line_3790\" data-name=\"Line 3790\" x1=\"4\" y1=\"4\" transform=\"translate(0 4)\" fill=\"none\" stroke=\"#f8f8f9\" stroke-linecap=\"round\" stroke-width=\"2\"></line>\r\n                           </g>\r\n                        </svg>\r\n                     </div>\r\n                     <div class=\"video-accordion__right-content__single__content\">\r\n                        <p>\r\n                           Lorem Ipsum is simply dummy text of the printing and typesetting industry. Lorem Ipsum has\r\n                           been the industry\'s standard dummy text ever since the 1500s, when an unknown printer took a\r\n                           galley of type and scrambled it to make a type specimen book. It has survived not only five\r\n                           centuries, but also the leap into electronic typesetting, remaining essentially unchanged. \r\n                        </p>\r\n                     </div>\r\n                  </div>\r\n\r\n                  <div class=\"video-accordion__right-content__single anim fade-up\">\r\n                     <div class=\"video-accordion__right-content__single__title\">\r\n                        <h4>Do you offer customization services?</h4>\r\n                        <svg id=\"Component_22_1\" data-name=\"Component 22 – 1\" xmlns=\"http://www.w3.org/2000/svg\" width=\"28\" height=\"28\" viewBox=\"0 0 28 28\">\r\n                           <circle class=\"main-btn\" id=\"Ellipse_437\" data-name=\"Ellipse 437\" cx=\"14\" cy=\"14\" r=\"14\" transform=\"translate(0 28) rotate(-90)\" fill=\"#060d34\"></circle>\r\n                           <circle class=\"hover-init-btn\" id=\"Ellipse_438\" data-name=\"Ellipse 438\" cx=\"-14\" cy=\"14\" r=\"14\" transform=\"translate(0 28) rotate(-90)\" fill=\"#2BC6EB\"></circle>\r\n                           <g id=\"Group_14802\" data-name=\"Group 14802\" transform=\"translate(10 16) rotate(-90)\">\r\n                              <line id=\"Line_3789\" data-name=\"Line 3789\" x1=\"4\" y2=\"4\" fill=\"none\" stroke=\"#f8f8f9\" stroke-linecap=\"round\" stroke-width=\"2\"></line>\r\n                              <line id=\"Line_3790\" data-name=\"Line 3790\" x1=\"4\" y1=\"4\" transform=\"translate(0 4)\" fill=\"none\" stroke=\"#f8f8f9\" stroke-linecap=\"round\" stroke-width=\"2\"></line>\r\n                           </g>\r\n                        </svg>\r\n                     </div>\r\n                     <div class=\"video-accordion__right-content__single__content\">\r\n\r\n                        <p>\r\n                           Lorem Ipsum is simply dummy text of the printing and typesetting industry. Lorem Ipsum has\r\n                           been the industry\'s standard dummy text ever since the 1500s, when an unknown printer took a\r\n                           galley of type and scrambled it to make a type specimen book. It has survived not only five\r\n                           centuries, but also the leap into electronic typesetting, remaining essentially unchanged. \r\n                        </p>\r\n                     </div>\r\n                  </div>\r\n                  ', 'faq_video_template', 0, 1, 1, 1, '2023-05-11 16:29:00', '2023-05-11 11:34:59'),
(9, 2, 'Testimonials', 'testimonials', '', '', NULL, '', 'product_testimonial_template', 0, 1, 1, 1, '2023-05-11 17:03:18', '2023-05-11 11:35:06'),
(10, 2, 'Quotation', 'quotation', '', '', NULL, '<h2 class=\"title anim fade-up\">\r\n                     IT is not just another department in an organization. It’s <span>pervasive</span>, like\r\n                     electricity.\r\n                  </h2>\r\n\r\n                  <p>The Phoenix Project</p>', 'quotation_template', 0, 1, 1, 1, '2023-05-11 17:27:46', '2023-05-17 14:16:47'),
(11, 3, 'Our Clients', 'our-clients', 'Our clients are the heartbeat of our business.', '', NULL, '<p><br></p>', 'product_client_template', 0, 1, 1, 1, '2023-05-11 16:26:13', '2023-05-17 14:17:01'),
(12, 3, 'Frequently Ask Question', 'frequently-ask-question', '', '', NULL, '<div class=\"video-accordion__right-content__single anim fade-up\">\r\n                     <div class=\"video-accordion__right-content__single__title\">\r\n                        <h4>What payment methods do you accept?</h4>\r\n                        <svg id=\"Component_22_1\" data-name=\"Component 22 – 1\" xmlns=\"http://www.w3.org/2000/svg\" width=\"28\" height=\"28\" viewBox=\"0 0 28 28\">\r\n                           <circle class=\"main-btn\" id=\"Ellipse_437\" data-name=\"Ellipse 437\" cx=\"14\" cy=\"14\" r=\"14\" transform=\"translate(0 28) rotate(-90)\" fill=\"#060d34\"></circle>\r\n                           <circle class=\"hover-init-btn\" id=\"Ellipse_438\" data-name=\"Ellipse 438\" cx=\"-14\" cy=\"14\" r=\"14\" transform=\"translate(0 28) rotate(-90)\" fill=\"#2BC6EB\"></circle>\r\n                           <g id=\"Group_14802\" data-name=\"Group 14802\" transform=\"translate(10 16) rotate(-90)\">\r\n                              <line id=\"Line_3789\" data-name=\"Line 3789\" x1=\"4\" y2=\"4\" fill=\"none\" stroke=\"#f8f8f9\" stroke-linecap=\"round\" stroke-width=\"2\"></line>\r\n                              <line id=\"Line_3790\" data-name=\"Line 3790\" x1=\"4\" y1=\"4\" transform=\"translate(0 4)\" fill=\"none\" stroke=\"#f8f8f9\" stroke-linecap=\"round\" stroke-width=\"2\"></line>\r\n                           </g>\r\n                        </svg>\r\n                     </div>\r\n                     <div class=\"video-accordion__right-content__single__content\">\r\n                        <p>\r\n                           We understand that making a payment can be a critical aspect of your buying experience, and\r\n                           we want to make it as easy as possible. That\'s why we accept a variety of payment methods,\r\n                           including major credit cards like Visa, Mastercard, and American Express, as well as PayPal\r\n                           and bank transfers.\r\n                           <br>\r\n                        </p>\r\n                     </div>\r\n                  </div>\r\n\r\n                  <div class=\"video-accordion__right-content__single anim fade-up\">\r\n                     <div class=\"video-accordion__right-content__single__title\">\r\n                        <h4>What is your refund policy?</h4>\r\n\r\n                        <svg id=\"Component_22_1\" data-name=\"Component 22 – 1\" xmlns=\"http://www.w3.org/2000/svg\" width=\"28\" height=\"28\" viewBox=\"0 0 28 28\">\r\n                           <circle class=\"main-btn\" id=\"Ellipse_437\" data-name=\"Ellipse 437\" cx=\"14\" cy=\"14\" r=\"14\" transform=\"translate(0 28) rotate(-90)\" fill=\"#060d34\"></circle>\r\n                           <circle class=\"hover-init-btn\" id=\"Ellipse_438\" data-name=\"Ellipse 438\" cx=\"-14\" cy=\"14\" r=\"14\" transform=\"translate(0 28) rotate(-90)\" fill=\"#2BC6EB\"></circle>\r\n                           <g id=\"Group_14802\" data-name=\"Group 14802\" transform=\"translate(10 16) rotate(-90)\">\r\n                              <line id=\"Line_3789\" data-name=\"Line 3789\" x1=\"4\" y2=\"4\" fill=\"none\" stroke=\"#f8f8f9\" stroke-linecap=\"round\" stroke-width=\"2\"></line>\r\n                              <line id=\"Line_3790\" data-name=\"Line 3790\" x1=\"4\" y1=\"4\" transform=\"translate(0 4)\" fill=\"none\" stroke=\"#f8f8f9\" stroke-linecap=\"round\" stroke-width=\"2\"></line>\r\n                           </g>\r\n                        </svg>\r\n                     </div>\r\n                     <div class=\"video-accordion__right-content__single__content\">\r\n                        <p>\r\n                              centuries, but also the leap into electronic typesetting, remaining essentially unchanged. It\r\n                           was popularised in the 1960s with the release of Letraset sheets containing Lorem Ipsum\r\n                           passages, and more recently with desktop publishing software like Aldus PageMaker including\r\n                           versions of Lorem Ipsum.\r\n                        </p>\r\n                     </div>\r\n                  </div>\r\n\r\n                  <div class=\"video-accordion__right-content__single anim fade-up\">\r\n                     <div class=\"video-accordion__right-content__single__title\">\r\n                        <h4>How long will it take to receive my order?</h4>\r\n                        <svg id=\"Component_22_1\" data-name=\"Component 22 – 1\" xmlns=\"http://www.w3.org/2000/svg\" width=\"28\" height=\"28\" viewBox=\"0 0 28 28\">\r\n                           <circle class=\"main-btn\" id=\"Ellipse_437\" data-name=\"Ellipse 437\" cx=\"14\" cy=\"14\" r=\"14\" transform=\"translate(0 28) rotate(-90)\" fill=\"#060d34\"></circle>\r\n                           <circle class=\"hover-init-btn\" id=\"Ellipse_438\" data-name=\"Ellipse 438\" cx=\"-14\" cy=\"14\" r=\"14\" transform=\"translate(0 28) rotate(-90)\" fill=\"#2BC6EB\"></circle>\r\n                           <g id=\"Group_14802\" data-name=\"Group 14802\" transform=\"translate(10 16) rotate(-90)\">\r\n                              <line id=\"Line_3789\" data-name=\"Line 3789\" x1=\"4\" y2=\"4\" fill=\"none\" stroke=\"#f8f8f9\" stroke-linecap=\"round\" stroke-width=\"2\"></line>\r\n                              <line id=\"Line_3790\" data-name=\"Line 3790\" x1=\"4\" y1=\"4\" transform=\"translate(0 4)\" fill=\"none\" stroke=\"#f8f8f9\" stroke-linecap=\"round\" stroke-width=\"2\"></line>\r\n                           </g>\r\n                        </svg>\r\n                     </div>\r\n                     <div class=\"video-accordion__right-content__single__content\">\r\n                        <p>\r\n                           Lorem Ipsum is simply dummy text of the printing and typesetting industry. Lorem Ipsum has\r\n                           been the industry\'s standard dummy text ever since the 1500s, when an unknown printer took a\r\n                           galley of type and scrambled it to make a type specimen book. It has survived not only five\r\n                           centuries, but also the leap into electronic typesetting, remaining essentially unchanged. \r\n                        </p>\r\n                     </div>\r\n                  </div>\r\n\r\n                  <div class=\"video-accordion__right-content__single anim fade-up\">\r\n                     <div class=\"video-accordion__right-content__single__title\">\r\n                        <h4>Do you offer customization services?</h4>\r\n                        <svg id=\"Component_22_1\" data-name=\"Component 22 – 1\" xmlns=\"http://www.w3.org/2000/svg\" width=\"28\" height=\"28\" viewBox=\"0 0 28 28\">\r\n                           <circle class=\"main-btn\" id=\"Ellipse_437\" data-name=\"Ellipse 437\" cx=\"14\" cy=\"14\" r=\"14\" transform=\"translate(0 28) rotate(-90)\" fill=\"#060d34\"></circle>\r\n                           <circle class=\"hover-init-btn\" id=\"Ellipse_438\" data-name=\"Ellipse 438\" cx=\"-14\" cy=\"14\" r=\"14\" transform=\"translate(0 28) rotate(-90)\" fill=\"#2BC6EB\"></circle>\r\n                           <g id=\"Group_14802\" data-name=\"Group 14802\" transform=\"translate(10 16) rotate(-90)\">\r\n                              <line id=\"Line_3789\" data-name=\"Line 3789\" x1=\"4\" y2=\"4\" fill=\"none\" stroke=\"#f8f8f9\" stroke-linecap=\"round\" stroke-width=\"2\"></line>\r\n                              <line id=\"Line_3790\" data-name=\"Line 3790\" x1=\"4\" y1=\"4\" transform=\"translate(0 4)\" fill=\"none\" stroke=\"#f8f8f9\" stroke-linecap=\"round\" stroke-width=\"2\"></line>\r\n                           </g>\r\n                        </svg>\r\n                     </div>\r\n                     <div class=\"video-accordion__right-content__single__content\">\r\n\r\n                        <p>\r\n                           Lorem Ipsum is simply dummy text of the printing and typesetting industry. Lorem Ipsum has\r\n                           been the industry\'s standard dummy text ever since the 1500s, when an unknown printer took a\r\n                           galley of type and scrambled it to make a type specimen book. It has survived not only five\r\n                           centuries, but also the leap into electronic typesetting, remaining essentially unchanged. \r\n                        </p>\r\n                     </div>\r\n                  </div>\r\n                  ', 'faq_video_template', 0, 1, 1, 1, '2023-05-11 16:29:00', '2023-05-17 14:17:05'),
(13, 3, 'Testimonials', 'testimonials', '', '', NULL, '', 'product_testimonial_template', 0, 1, 1, 1, '2023-05-11 17:03:18', '2023-05-17 14:17:08'),
(14, 3, 'Quotation', 'quotation', '', '', NULL, '<h2 class=\"title anim fade-up\">\r\n                     IT is not just another department in an organization. It’s <span>pervasive</span>, like\r\n                     electricity.\r\n                  </h2>\r\n\r\n                  <p>The Phoenix Project</p>', 'quotation_template', 0, 1, 1, 1, '2023-05-11 17:27:46', '2023-05-17 14:17:11'),
(15, 4, 'Our Clients', 'our-clients', 'Our clients are the heartbeat of our business.', '', NULL, '<p><br></p>', 'product_client_template', 0, 1, 1, 1, '2023-05-11 16:26:13', '2023-05-17 14:17:15'),
(16, 4, 'Frequently Ask Question', 'frequently-ask-question', '', '', NULL, '<div class=\"video-accordion__right-content__single anim fade-up\">\r\n                     <div class=\"video-accordion__right-content__single__title\">\r\n                        <h4>What payment methods do you accept?</h4>\r\n                        <svg id=\"Component_22_1\" data-name=\"Component 22 – 1\" xmlns=\"http://www.w3.org/2000/svg\" width=\"28\" height=\"28\" viewBox=\"0 0 28 28\">\r\n                           <circle class=\"main-btn\" id=\"Ellipse_437\" data-name=\"Ellipse 437\" cx=\"14\" cy=\"14\" r=\"14\" transform=\"translate(0 28) rotate(-90)\" fill=\"#060d34\"></circle>\r\n                           <circle class=\"hover-init-btn\" id=\"Ellipse_438\" data-name=\"Ellipse 438\" cx=\"-14\" cy=\"14\" r=\"14\" transform=\"translate(0 28) rotate(-90)\" fill=\"#2BC6EB\"></circle>\r\n                           <g id=\"Group_14802\" data-name=\"Group 14802\" transform=\"translate(10 16) rotate(-90)\">\r\n                              <line id=\"Line_3789\" data-name=\"Line 3789\" x1=\"4\" y2=\"4\" fill=\"none\" stroke=\"#f8f8f9\" stroke-linecap=\"round\" stroke-width=\"2\"></line>\r\n                              <line id=\"Line_3790\" data-name=\"Line 3790\" x1=\"4\" y1=\"4\" transform=\"translate(0 4)\" fill=\"none\" stroke=\"#f8f8f9\" stroke-linecap=\"round\" stroke-width=\"2\"></line>\r\n                           </g>\r\n                        </svg>\r\n                     </div>\r\n                     <div class=\"video-accordion__right-content__single__content\">\r\n                        <p>\r\n                           We understand that making a payment can be a critical aspect of your buying experience, and\r\n                           we want to make it as easy as possible. That\'s why we accept a variety of payment methods,\r\n                           including major credit cards like Visa, Mastercard, and American Express, as well as PayPal\r\n                           and bank transfers.\r\n                           <br>\r\n                        </p>\r\n                     </div>\r\n                  </div>\r\n\r\n                  <div class=\"video-accordion__right-content__single anim fade-up\">\r\n                     <div class=\"video-accordion__right-content__single__title\">\r\n                        <h4>What is your refund policy?</h4>\r\n\r\n                        <svg id=\"Component_22_1\" data-name=\"Component 22 – 1\" xmlns=\"http://www.w3.org/2000/svg\" width=\"28\" height=\"28\" viewBox=\"0 0 28 28\">\r\n                           <circle class=\"main-btn\" id=\"Ellipse_437\" data-name=\"Ellipse 437\" cx=\"14\" cy=\"14\" r=\"14\" transform=\"translate(0 28) rotate(-90)\" fill=\"#060d34\"></circle>\r\n                           <circle class=\"hover-init-btn\" id=\"Ellipse_438\" data-name=\"Ellipse 438\" cx=\"-14\" cy=\"14\" r=\"14\" transform=\"translate(0 28) rotate(-90)\" fill=\"#2BC6EB\"></circle>\r\n                           <g id=\"Group_14802\" data-name=\"Group 14802\" transform=\"translate(10 16) rotate(-90)\">\r\n                              <line id=\"Line_3789\" data-name=\"Line 3789\" x1=\"4\" y2=\"4\" fill=\"none\" stroke=\"#f8f8f9\" stroke-linecap=\"round\" stroke-width=\"2\"></line>\r\n                              <line id=\"Line_3790\" data-name=\"Line 3790\" x1=\"4\" y1=\"4\" transform=\"translate(0 4)\" fill=\"none\" stroke=\"#f8f8f9\" stroke-linecap=\"round\" stroke-width=\"2\"></line>\r\n                           </g>\r\n                        </svg>\r\n                     </div>\r\n                     <div class=\"video-accordion__right-content__single__content\">\r\n                        <p>\r\n                              centuries, but also the leap into electronic typesetting, remaining essentially unchanged. It\r\n                           was popularised in the 1960s with the release of Letraset sheets containing Lorem Ipsum\r\n                           passages, and more recently with desktop publishing software like Aldus PageMaker including\r\n                           versions of Lorem Ipsum.\r\n                        </p>\r\n                     </div>\r\n                  </div>\r\n\r\n                  <div class=\"video-accordion__right-content__single anim fade-up\">\r\n                     <div class=\"video-accordion__right-content__single__title\">\r\n                        <h4>How long will it take to receive my order?</h4>\r\n                        <svg id=\"Component_22_1\" data-name=\"Component 22 – 1\" xmlns=\"http://www.w3.org/2000/svg\" width=\"28\" height=\"28\" viewBox=\"0 0 28 28\">\r\n                           <circle class=\"main-btn\" id=\"Ellipse_437\" data-name=\"Ellipse 437\" cx=\"14\" cy=\"14\" r=\"14\" transform=\"translate(0 28) rotate(-90)\" fill=\"#060d34\"></circle>\r\n                           <circle class=\"hover-init-btn\" id=\"Ellipse_438\" data-name=\"Ellipse 438\" cx=\"-14\" cy=\"14\" r=\"14\" transform=\"translate(0 28) rotate(-90)\" fill=\"#2BC6EB\"></circle>\r\n                           <g id=\"Group_14802\" data-name=\"Group 14802\" transform=\"translate(10 16) rotate(-90)\">\r\n                              <line id=\"Line_3789\" data-name=\"Line 3789\" x1=\"4\" y2=\"4\" fill=\"none\" stroke=\"#f8f8f9\" stroke-linecap=\"round\" stroke-width=\"2\"></line>\r\n                              <line id=\"Line_3790\" data-name=\"Line 3790\" x1=\"4\" y1=\"4\" transform=\"translate(0 4)\" fill=\"none\" stroke=\"#f8f8f9\" stroke-linecap=\"round\" stroke-width=\"2\"></line>\r\n                           </g>\r\n                        </svg>\r\n                     </div>\r\n                     <div class=\"video-accordion__right-content__single__content\">\r\n                        <p>\r\n                           Lorem Ipsum is simply dummy text of the printing and typesetting industry. Lorem Ipsum has\r\n                           been the industry\'s standard dummy text ever since the 1500s, when an unknown printer took a\r\n                           galley of type and scrambled it to make a type specimen book. It has survived not only five\r\n                           centuries, but also the leap into electronic typesetting, remaining essentially unchanged. \r\n                        </p>\r\n                     </div>\r\n                  </div>\r\n\r\n                  <div class=\"video-accordion__right-content__single anim fade-up\">\r\n                     <div class=\"video-accordion__right-content__single__title\">\r\n                        <h4>Do you offer customization services?</h4>\r\n                        <svg id=\"Component_22_1\" data-name=\"Component 22 – 1\" xmlns=\"http://www.w3.org/2000/svg\" width=\"28\" height=\"28\" viewBox=\"0 0 28 28\">\r\n                           <circle class=\"main-btn\" id=\"Ellipse_437\" data-name=\"Ellipse 437\" cx=\"14\" cy=\"14\" r=\"14\" transform=\"translate(0 28) rotate(-90)\" fill=\"#060d34\"></circle>\r\n                           <circle class=\"hover-init-btn\" id=\"Ellipse_438\" data-name=\"Ellipse 438\" cx=\"-14\" cy=\"14\" r=\"14\" transform=\"translate(0 28) rotate(-90)\" fill=\"#2BC6EB\"></circle>\r\n                           <g id=\"Group_14802\" data-name=\"Group 14802\" transform=\"translate(10 16) rotate(-90)\">\r\n                              <line id=\"Line_3789\" data-name=\"Line 3789\" x1=\"4\" y2=\"4\" fill=\"none\" stroke=\"#f8f8f9\" stroke-linecap=\"round\" stroke-width=\"2\"></line>\r\n                              <line id=\"Line_3790\" data-name=\"Line 3790\" x1=\"4\" y1=\"4\" transform=\"translate(0 4)\" fill=\"none\" stroke=\"#f8f8f9\" stroke-linecap=\"round\" stroke-width=\"2\"></line>\r\n                           </g>\r\n                        </svg>\r\n                     </div>\r\n                     <div class=\"video-accordion__right-content__single__content\">\r\n\r\n                        <p>\r\n                           Lorem Ipsum is simply dummy text of the printing and typesetting industry. Lorem Ipsum has\r\n                           been the industry\'s standard dummy text ever since the 1500s, when an unknown printer took a\r\n                           galley of type and scrambled it to make a type specimen book. It has survived not only five\r\n                           centuries, but also the leap into electronic typesetting, remaining essentially unchanged. \r\n                        </p>\r\n                     </div>\r\n                  </div>\r\n                  ', 'faq_video_template', 0, 1, 1, 1, '2023-05-11 16:29:00', '2023-05-17 14:17:20'),
(17, 4, 'Testimonials', 'testimonials', '', '', NULL, '', 'product_testimonial_template', 0, 1, 1, 1, '2023-05-11 17:03:18', '2023-05-17 14:17:23'),
(18, 4, 'Quotation', 'quotation', '', '', NULL, '<h2 class=\"title anim fade-up\">\r\n                     IT is not just another department in an organization. It’s <span>pervasive</span>, like\r\n                     electricity.\r\n                  </h2>\r\n\r\n                  <p>The Phoenix Project</p>', 'quotation_template', 0, 1, 1, 1, '2023-05-11 17:27:46', '2023-05-17 14:17:26'),
(19, 5, 'Our Clients', 'our-clients', 'Our clients are the heartbeat of our business.', '', NULL, '<p><br></p>', 'product_client_template', 0, 1, 1, 1, '2023-05-11 16:26:13', '2023-05-17 14:18:35'),
(20, 5, 'Frequently Ask Question', 'frequently-ask-question', '', '', NULL, '<div class=\"video-accordion__right-content__single anim fade-up\">\r\n                     <div class=\"video-accordion__right-content__single__title\">\r\n                        <h4>What payment methods do you accept?</h4>\r\n                        <svg id=\"Component_22_1\" data-name=\"Component 22 – 1\" xmlns=\"http://www.w3.org/2000/svg\" width=\"28\" height=\"28\" viewBox=\"0 0 28 28\">\r\n                           <circle class=\"main-btn\" id=\"Ellipse_437\" data-name=\"Ellipse 437\" cx=\"14\" cy=\"14\" r=\"14\" transform=\"translate(0 28) rotate(-90)\" fill=\"#060d34\"></circle>\r\n                           <circle class=\"hover-init-btn\" id=\"Ellipse_438\" data-name=\"Ellipse 438\" cx=\"-14\" cy=\"14\" r=\"14\" transform=\"translate(0 28) rotate(-90)\" fill=\"#2BC6EB\"></circle>\r\n                           <g id=\"Group_14802\" data-name=\"Group 14802\" transform=\"translate(10 16) rotate(-90)\">\r\n                              <line id=\"Line_3789\" data-name=\"Line 3789\" x1=\"4\" y2=\"4\" fill=\"none\" stroke=\"#f8f8f9\" stroke-linecap=\"round\" stroke-width=\"2\"></line>\r\n                              <line id=\"Line_3790\" data-name=\"Line 3790\" x1=\"4\" y1=\"4\" transform=\"translate(0 4)\" fill=\"none\" stroke=\"#f8f8f9\" stroke-linecap=\"round\" stroke-width=\"2\"></line>\r\n                           </g>\r\n                        </svg>\r\n                     </div>\r\n                     <div class=\"video-accordion__right-content__single__content\">\r\n                        <p>\r\n                           We understand that making a payment can be a critical aspect of your buying experience, and\r\n                           we want to make it as easy as possible. That\'s why we accept a variety of payment methods,\r\n                           including major credit cards like Visa, Mastercard, and American Express, as well as PayPal\r\n                           and bank transfers.\r\n                           <br>\r\n                        </p>\r\n                     </div>\r\n                  </div>\r\n\r\n                  <div class=\"video-accordion__right-content__single anim fade-up\">\r\n                     <div class=\"video-accordion__right-content__single__title\">\r\n                        <h4>What is your refund policy?</h4>\r\n\r\n                        <svg id=\"Component_22_1\" data-name=\"Component 22 – 1\" xmlns=\"http://www.w3.org/2000/svg\" width=\"28\" height=\"28\" viewBox=\"0 0 28 28\">\r\n                           <circle class=\"main-btn\" id=\"Ellipse_437\" data-name=\"Ellipse 437\" cx=\"14\" cy=\"14\" r=\"14\" transform=\"translate(0 28) rotate(-90)\" fill=\"#060d34\"></circle>\r\n                           <circle class=\"hover-init-btn\" id=\"Ellipse_438\" data-name=\"Ellipse 438\" cx=\"-14\" cy=\"14\" r=\"14\" transform=\"translate(0 28) rotate(-90)\" fill=\"#2BC6EB\"></circle>\r\n                           <g id=\"Group_14802\" data-name=\"Group 14802\" transform=\"translate(10 16) rotate(-90)\">\r\n                              <line id=\"Line_3789\" data-name=\"Line 3789\" x1=\"4\" y2=\"4\" fill=\"none\" stroke=\"#f8f8f9\" stroke-linecap=\"round\" stroke-width=\"2\"></line>\r\n                              <line id=\"Line_3790\" data-name=\"Line 3790\" x1=\"4\" y1=\"4\" transform=\"translate(0 4)\" fill=\"none\" stroke=\"#f8f8f9\" stroke-linecap=\"round\" stroke-width=\"2\"></line>\r\n                           </g>\r\n                        </svg>\r\n                     </div>\r\n                     <div class=\"video-accordion__right-content__single__content\">\r\n                        <p>\r\n                              centuries, but also the leap into electronic typesetting, remaining essentially unchanged. It\r\n                           was popularised in the 1960s with the release of Letraset sheets containing Lorem Ipsum\r\n                           passages, and more recently with desktop publishing software like Aldus PageMaker including\r\n                           versions of Lorem Ipsum.\r\n                        </p>\r\n                     </div>\r\n                  </div>\r\n\r\n                  <div class=\"video-accordion__right-content__single anim fade-up\">\r\n                     <div class=\"video-accordion__right-content__single__title\">\r\n                        <h4>How long will it take to receive my order?</h4>\r\n                        <svg id=\"Component_22_1\" data-name=\"Component 22 – 1\" xmlns=\"http://www.w3.org/2000/svg\" width=\"28\" height=\"28\" viewBox=\"0 0 28 28\">\r\n                           <circle class=\"main-btn\" id=\"Ellipse_437\" data-name=\"Ellipse 437\" cx=\"14\" cy=\"14\" r=\"14\" transform=\"translate(0 28) rotate(-90)\" fill=\"#060d34\"></circle>\r\n                           <circle class=\"hover-init-btn\" id=\"Ellipse_438\" data-name=\"Ellipse 438\" cx=\"-14\" cy=\"14\" r=\"14\" transform=\"translate(0 28) rotate(-90)\" fill=\"#2BC6EB\"></circle>\r\n                           <g id=\"Group_14802\" data-name=\"Group 14802\" transform=\"translate(10 16) rotate(-90)\">\r\n                              <line id=\"Line_3789\" data-name=\"Line 3789\" x1=\"4\" y2=\"4\" fill=\"none\" stroke=\"#f8f8f9\" stroke-linecap=\"round\" stroke-width=\"2\"></line>\r\n                              <line id=\"Line_3790\" data-name=\"Line 3790\" x1=\"4\" y1=\"4\" transform=\"translate(0 4)\" fill=\"none\" stroke=\"#f8f8f9\" stroke-linecap=\"round\" stroke-width=\"2\"></line>\r\n                           </g>\r\n                        </svg>\r\n                     </div>\r\n                     <div class=\"video-accordion__right-content__single__content\">\r\n                        <p>\r\n                           Lorem Ipsum is simply dummy text of the printing and typesetting industry. Lorem Ipsum has\r\n                           been the industry\'s standard dummy text ever since the 1500s, when an unknown printer took a\r\n                           galley of type and scrambled it to make a type specimen book. It has survived not only five\r\n                           centuries, but also the leap into electronic typesetting, remaining essentially unchanged. \r\n                        </p>\r\n                     </div>\r\n                  </div>\r\n\r\n                  <div class=\"video-accordion__right-content__single anim fade-up\">\r\n                     <div class=\"video-accordion__right-content__single__title\">\r\n                        <h4>Do you offer customization services?</h4>\r\n                        <svg id=\"Component_22_1\" data-name=\"Component 22 – 1\" xmlns=\"http://www.w3.org/2000/svg\" width=\"28\" height=\"28\" viewBox=\"0 0 28 28\">\r\n                           <circle class=\"main-btn\" id=\"Ellipse_437\" data-name=\"Ellipse 437\" cx=\"14\" cy=\"14\" r=\"14\" transform=\"translate(0 28) rotate(-90)\" fill=\"#060d34\"></circle>\r\n                           <circle class=\"hover-init-btn\" id=\"Ellipse_438\" data-name=\"Ellipse 438\" cx=\"-14\" cy=\"14\" r=\"14\" transform=\"translate(0 28) rotate(-90)\" fill=\"#2BC6EB\"></circle>\r\n                           <g id=\"Group_14802\" data-name=\"Group 14802\" transform=\"translate(10 16) rotate(-90)\">\r\n                              <line id=\"Line_3789\" data-name=\"Line 3789\" x1=\"4\" y2=\"4\" fill=\"none\" stroke=\"#f8f8f9\" stroke-linecap=\"round\" stroke-width=\"2\"></line>\r\n                              <line id=\"Line_3790\" data-name=\"Line 3790\" x1=\"4\" y1=\"4\" transform=\"translate(0 4)\" fill=\"none\" stroke=\"#f8f8f9\" stroke-linecap=\"round\" stroke-width=\"2\"></line>\r\n                           </g>\r\n                        </svg>\r\n                     </div>\r\n                     <div class=\"video-accordion__right-content__single__content\">\r\n\r\n                        <p>\r\n                           Lorem Ipsum is simply dummy text of the printing and typesetting industry. Lorem Ipsum has\r\n                           been the industry\'s standard dummy text ever since the 1500s, when an unknown printer took a\r\n                           galley of type and scrambled it to make a type specimen book. It has survived not only five\r\n                           centuries, but also the leap into electronic typesetting, remaining essentially unchanged. \r\n                        </p>\r\n                     </div>\r\n                  </div>\r\n                  ', 'faq_video_template', 0, 1, 1, 1, '2023-05-11 16:29:00', '2023-05-20 13:50:48'),
(21, 5, 'Testimonials', 'testimonials', '', '', NULL, '', 'product_testimonial_template', 0, 1, 1, 1, '2023-05-11 17:03:18', '2023-05-17 14:18:45'),
(22, 5, 'Quotation', 'quotation', '', '', NULL, '<h2 class=\"title anim fade-up\">\r\n                     IT is not just another department in an organization. It’s <span>pervasive</span>, like\r\n                     electricity.\r\n                  </h2>\r\n\r\n                  <p>The Phoenix Project</p>', 'quotation_template', 0, 1, 1, 1, '2023-05-11 17:27:46', '2023-05-17 14:18:48'),
(23, 6, 'Our Clients', 'our-clients', 'Our clients are the heartbeat of our business.', '', NULL, '<p><br></p>', 'product_client_template', 0, 1, 1, 1, '2023-05-11 16:26:13', '2023-05-17 14:18:29');
INSERT INTO `product_post` (`id`, `product_id`, `title`, `slug`, `subtitle`, `type`, `short_desc`, `description`, `template`, `sort_order`, `status`, `created_by`, `updated_by`, `created_at`, `updated_at`) VALUES
(24, 6, 'Frequently Ask Question', 'frequently-ask-question', '', '', NULL, '<div class=\"video-accordion__right-content__single anim fade-up\">\r\n                     <div class=\"video-accordion__right-content__single__title\">\r\n                        <h4>What payment methods do you accept?</h4>\r\n                        <svg id=\"Component_22_1\" data-name=\"Component 22 – 1\" xmlns=\"http://www.w3.org/2000/svg\" width=\"28\" height=\"28\" viewBox=\"0 0 28 28\">\r\n                           <circle class=\"main-btn\" id=\"Ellipse_437\" data-name=\"Ellipse 437\" cx=\"14\" cy=\"14\" r=\"14\" transform=\"translate(0 28) rotate(-90)\" fill=\"#060d34\"></circle>\r\n                           <circle class=\"hover-init-btn\" id=\"Ellipse_438\" data-name=\"Ellipse 438\" cx=\"-14\" cy=\"14\" r=\"14\" transform=\"translate(0 28) rotate(-90)\" fill=\"#2BC6EB\"></circle>\r\n                           <g id=\"Group_14802\" data-name=\"Group 14802\" transform=\"translate(10 16) rotate(-90)\">\r\n                              <line id=\"Line_3789\" data-name=\"Line 3789\" x1=\"4\" y2=\"4\" fill=\"none\" stroke=\"#f8f8f9\" stroke-linecap=\"round\" stroke-width=\"2\"></line>\r\n                              <line id=\"Line_3790\" data-name=\"Line 3790\" x1=\"4\" y1=\"4\" transform=\"translate(0 4)\" fill=\"none\" stroke=\"#f8f8f9\" stroke-linecap=\"round\" stroke-width=\"2\"></line>\r\n                           </g>\r\n                        </svg>\r\n                     </div>\r\n                     <div class=\"video-accordion__right-content__single__content\">\r\n                        <p>\r\n                           We understand that making a payment can be a critical aspect of your buying experience, and\r\n                           we want to make it as easy as possible. That\'s why we accept a variety of payment methods,\r\n                           including major credit cards like Visa, Mastercard, and American Express, as well as PayPal\r\n                           and bank transfers.\r\n                           <br>\r\n                        </p>\r\n                     </div>\r\n                  </div>\r\n\r\n                  <div class=\"video-accordion__right-content__single anim fade-up\">\r\n                     <div class=\"video-accordion__right-content__single__title\">\r\n                        <h4>What is your refund policy?</h4>\r\n\r\n                        <svg id=\"Component_22_1\" data-name=\"Component 22 – 1\" xmlns=\"http://www.w3.org/2000/svg\" width=\"28\" height=\"28\" viewBox=\"0 0 28 28\">\r\n                           <circle class=\"main-btn\" id=\"Ellipse_437\" data-name=\"Ellipse 437\" cx=\"14\" cy=\"14\" r=\"14\" transform=\"translate(0 28) rotate(-90)\" fill=\"#060d34\"></circle>\r\n                           <circle class=\"hover-init-btn\" id=\"Ellipse_438\" data-name=\"Ellipse 438\" cx=\"-14\" cy=\"14\" r=\"14\" transform=\"translate(0 28) rotate(-90)\" fill=\"#2BC6EB\"></circle>\r\n                           <g id=\"Group_14802\" data-name=\"Group 14802\" transform=\"translate(10 16) rotate(-90)\">\r\n                              <line id=\"Line_3789\" data-name=\"Line 3789\" x1=\"4\" y2=\"4\" fill=\"none\" stroke=\"#f8f8f9\" stroke-linecap=\"round\" stroke-width=\"2\"></line>\r\n                              <line id=\"Line_3790\" data-name=\"Line 3790\" x1=\"4\" y1=\"4\" transform=\"translate(0 4)\" fill=\"none\" stroke=\"#f8f8f9\" stroke-linecap=\"round\" stroke-width=\"2\"></line>\r\n                           </g>\r\n                        </svg>\r\n                     </div>\r\n                     <div class=\"video-accordion__right-content__single__content\">\r\n                        <p>\r\n                              centuries, but also the leap into electronic typesetting, remaining essentially unchanged. It\r\n                           was popularised in the 1960s with the release of Letraset sheets containing Lorem Ipsum\r\n                           passages, and more recently with desktop publishing software like Aldus PageMaker including\r\n                           versions of Lorem Ipsum.\r\n                        </p>\r\n                     </div>\r\n                  </div>\r\n\r\n                  <div class=\"video-accordion__right-content__single anim fade-up\">\r\n                     <div class=\"video-accordion__right-content__single__title\">\r\n                        <h4>How long will it take to receive my order?</h4>\r\n                        <svg id=\"Component_22_1\" data-name=\"Component 22 – 1\" xmlns=\"http://www.w3.org/2000/svg\" width=\"28\" height=\"28\" viewBox=\"0 0 28 28\">\r\n                           <circle class=\"main-btn\" id=\"Ellipse_437\" data-name=\"Ellipse 437\" cx=\"14\" cy=\"14\" r=\"14\" transform=\"translate(0 28) rotate(-90)\" fill=\"#060d34\"></circle>\r\n                           <circle class=\"hover-init-btn\" id=\"Ellipse_438\" data-name=\"Ellipse 438\" cx=\"-14\" cy=\"14\" r=\"14\" transform=\"translate(0 28) rotate(-90)\" fill=\"#2BC6EB\"></circle>\r\n                           <g id=\"Group_14802\" data-name=\"Group 14802\" transform=\"translate(10 16) rotate(-90)\">\r\n                              <line id=\"Line_3789\" data-name=\"Line 3789\" x1=\"4\" y2=\"4\" fill=\"none\" stroke=\"#f8f8f9\" stroke-linecap=\"round\" stroke-width=\"2\"></line>\r\n                              <line id=\"Line_3790\" data-name=\"Line 3790\" x1=\"4\" y1=\"4\" transform=\"translate(0 4)\" fill=\"none\" stroke=\"#f8f8f9\" stroke-linecap=\"round\" stroke-width=\"2\"></line>\r\n                           </g>\r\n                        </svg>\r\n                     </div>\r\n                     <div class=\"video-accordion__right-content__single__content\">\r\n                        <p>\r\n                           Lorem Ipsum is simply dummy text of the printing and typesetting industry. Lorem Ipsum has\r\n                           been the industry\'s standard dummy text ever since the 1500s, when an unknown printer took a\r\n                           galley of type and scrambled it to make a type specimen book. It has survived not only five\r\n                           centuries, but also the leap into electronic typesetting, remaining essentially unchanged. \r\n                        </p>\r\n                     </div>\r\n                  </div>\r\n\r\n                  <div class=\"video-accordion__right-content__single anim fade-up\">\r\n                     <div class=\"video-accordion__right-content__single__title\">\r\n                        <h4>Do you offer customization services?</h4>\r\n                        <svg id=\"Component_22_1\" data-name=\"Component 22 – 1\" xmlns=\"http://www.w3.org/2000/svg\" width=\"28\" height=\"28\" viewBox=\"0 0 28 28\">\r\n                           <circle class=\"main-btn\" id=\"Ellipse_437\" data-name=\"Ellipse 437\" cx=\"14\" cy=\"14\" r=\"14\" transform=\"translate(0 28) rotate(-90)\" fill=\"#060d34\"></circle>\r\n                           <circle class=\"hover-init-btn\" id=\"Ellipse_438\" data-name=\"Ellipse 438\" cx=\"-14\" cy=\"14\" r=\"14\" transform=\"translate(0 28) rotate(-90)\" fill=\"#2BC6EB\"></circle>\r\n                           <g id=\"Group_14802\" data-name=\"Group 14802\" transform=\"translate(10 16) rotate(-90)\">\r\n                              <line id=\"Line_3789\" data-name=\"Line 3789\" x1=\"4\" y2=\"4\" fill=\"none\" stroke=\"#f8f8f9\" stroke-linecap=\"round\" stroke-width=\"2\"></line>\r\n                              <line id=\"Line_3790\" data-name=\"Line 3790\" x1=\"4\" y1=\"4\" transform=\"translate(0 4)\" fill=\"none\" stroke=\"#f8f8f9\" stroke-linecap=\"round\" stroke-width=\"2\"></line>\r\n                           </g>\r\n                        </svg>\r\n                     </div>\r\n                     <div class=\"video-accordion__right-content__single__content\">\r\n\r\n                        <p>\r\n                           Lorem Ipsum is simply dummy text of the printing and typesetting industry. Lorem Ipsum has\r\n                           been the industry\'s standard dummy text ever since the 1500s, when an unknown printer took a\r\n                           galley of type and scrambled it to make a type specimen book. It has survived not only five\r\n                           centuries, but also the leap into electronic typesetting, remaining essentially unchanged. \r\n                        </p>\r\n                     </div>\r\n                  </div>\r\n                  ', 'faq_video_template', 0, 1, 1, 1, '2023-05-11 16:29:00', '2023-05-17 14:18:26'),
(25, 6, 'Testimonials', 'testimonials', '', '', NULL, '', 'product_testimonial_template', 0, 1, 1, 1, '2023-05-11 17:03:18', '2023-05-17 14:18:23'),
(26, 6, 'Quotation', 'quotation', '', '', NULL, '<h2 class=\"title anim fade-up\">\r\n                     IT is not just another department in an organization. It’s <span>pervasive</span>, like\r\n                     electricity.\r\n                  </h2>\r\n\r\n                  <p>The Phoenix Project</p>', 'quotation_template', 0, 1, 1, 1, '2023-05-11 17:27:46', '2023-05-17 14:18:20');

-- --------------------------------------------------------

--
-- Table structure for table `specifications`
--

CREATE TABLE `specifications` (
  `id` int(11) NOT NULL,
  `item_title` varchar(255) DEFAULT NULL,
  `item_value` varchar(255) DEFAULT NULL,
  `product_id` int(11) DEFAULT NULL,
  `sort_order` int(11) DEFAULT '0',
  `created_at` datetime DEFAULT NULL,
  `updated_at` timestamp NULL DEFAULT CURRENT_TIMESTAMP ON UPDATE CURRENT_TIMESTAMP,
  `created_by` int(11) DEFAULT NULL,
  `updated_by` int(11) DEFAULT NULL
) ENGINE=InnoDB DEFAULT CHARSET=utf8;

-- --------------------------------------------------------

--
-- Table structure for table `subscription`
--

CREATE TABLE `subscription` (
  `id` int(11) NOT NULL,
  `email` varchar(100) DEFAULT NULL,
  `status` tinyint(2) DEFAULT '1',
  `created_at` timestamp NULL DEFAULT CURRENT_TIMESTAMP
) ENGINE=InnoDB DEFAULT CHARSET=utf8mb4;

-- --------------------------------------------------------

--
-- Table structure for table `templates`
--

CREATE TABLE `templates` (
  `id` int(11) NOT NULL,
  `title` varchar(255) NOT NULL,
  `slug` varchar(255) DEFAULT NULL,
  `in_page` tinyint(1) DEFAULT NULL,
  `in_pagesection` int(11) DEFAULT NULL,
  `in_pagepost` tinyint(1) DEFAULT NULL,
  `in_product` tinyint(1) DEFAULT NULL,
  `in_gallery` tinyint(1) DEFAULT NULL,
  `in_productpost` tinyint(1) DEFAULT NULL,
  `image` text,
  `sort_order` int(11) DEFAULT '0',
  `status` int(11) DEFAULT NULL,
  `created_by` int(11) DEFAULT NULL,
  `updated_by` int(11) DEFAULT NULL,
  `created_at` datetime DEFAULT NULL,
  `updated_at` datetime DEFAULT NULL
) ENGINE=InnoDB DEFAULT CHARSET=utf8;

--
-- Dumping data for table `templates`
--

INSERT INTO `templates` (`id`, `title`, `slug`, `in_page`, `in_pagesection`, `in_pagepost`, `in_product`, `in_gallery`, `in_productpost`, `image`, `sort_order`, `status`, `created_by`, `updated_by`, `created_at`, `updated_at`) VALUES
(1, 'Slider', 'slider_template', 0, 1, 0, 0, 0, 0, '1685125310.jpg', 0, 1, 1, 1, '2023-05-07 15:27:51', '2023-05-27 00:21:50'),
(2, 'About Template', 'about_us_template', 0, 1, 0, 0, 0, 0, '1685125354.jpg', 0, 1, 1, 1, '2023-05-07 16:09:34', '2023-05-27 00:22:34'),
(3, 'Core Feature', 'core_feature_template', 0, 1, 0, 0, 0, 0, '1685125365.jpg', 0, 1, 1, 1, '2023-05-07 16:09:58', '2023-05-27 00:22:45'),
(4, 'Counter', 'counter_template', 0, 1, 0, 0, 0, 0, '1685125373.jpg', 0, 1, 1, 1, '2023-05-07 16:10:21', '2023-05-27 00:22:53'),
(5, 'Portfolio', 'portfolio_template', 1, 0, 0, 0, 0, 0, '1685125380.jpg', 0, 1, 1, 1, '2023-05-07 16:12:04', '2023-05-27 00:23:00'),
(6, 'Service', 'service_template', 0, 1, 0, 0, 0, 0, '1685125391.jpg', 0, 1, 1, 1, '2023-05-07 16:12:36', '2023-05-27 00:23:11'),
(7, 'Client Template', 'client_template', 0, 1, 0, 0, 0, 0, '1685125399.jpg', 0, 1, 1, 1, '2023-05-07 16:40:01', '2023-05-27 00:23:19'),
(8, 'Blog Template', 'blog_slide_template', 0, 1, 0, 0, 0, 0, '1685126060.jpg', 0, 1, 1, 1, '2023-05-07 16:40:38', '2023-05-27 00:34:20'),
(9, 'Form Template', 'form_template', 0, 1, 0, 0, 0, 0, '1685126019.jpg', 0, 1, 1, 1, '2023-05-07 16:41:03', '2023-05-27 00:33:39'),
(10, 'Contact Template', 'contact_template', 1, 0, 0, 0, 0, 0, '1685126379.jpg', 0, 1, 1, 1, '2023-05-08 16:55:56', '2023-05-27 00:39:39'),
(11, 'Career Template', 'career_template', 1, 0, 0, 0, 0, 0, '1685125924.jpg', 0, 1, 1, 1, '2023-05-08 18:15:44', '2023-05-27 00:32:04'),
(12, 'Blog Template', 'blog_listing_template', 1, 0, 0, 0, 0, 0, '1685125860.jpg', 0, 1, 1, 1, '2023-05-09 16:27:39', '2023-05-27 00:33:58'),
(13, 'Gallery Template', 'gallery_template', 1, 0, 0, 0, 0, 0, '1685125852.jpg', 0, 1, 1, 1, '2023-05-09 19:13:34', '2023-05-27 00:30:52'),
(14, 'Portfolio Slide Template', 'portfolio_slide_template', 0, 1, 0, 0, 0, 0, '1685125435.jpg', 0, 1, 1, 1, '2023-05-10 16:49:23', '2023-05-27 00:23:55'),
(15, 'Mission Vision Template ', 'mission_vision_template', 0, 1, 0, 0, 0, 0, '1685125979.jpg', 0, 1, 1, 1, '2023-05-11 10:57:11', '2023-05-27 00:32:59'),
(16, 'About Us Template', 'about_template', 1, 0, 0, 0, 0, 0, '1685126204.jpg', 0, 1, 1, 1, '2023-05-11 11:02:19', '2023-05-27 00:36:44'),
(17, 'Team Template', 'team_template', 0, 1, 0, 0, 0, 0, '1685125852.jpg', 0, 1, 1, 1, '2023-05-11 12:32:20', '2023-05-27 00:30:52'),
(18, 'Color Section Template', 'color_section_template', 0, 0, 0, 0, 0, 1, NULL, 0, 1, 1, 1, '2023-05-11 17:29:47', '2023-05-11 17:29:47'),
(19, 'FAQ Video Template ', 'faq_video_template', 0, 0, 0, 0, 0, 1, '1685125834.jpg', 0, 1, 1, 1, '2023-05-11 17:31:28', '2023-05-27 00:30:34'),
(20, 'Quotation Template', 'quotation_template', 0, 0, 0, 0, 0, 1, NULL, 0, 1, 1, 1, '2023-05-11 17:32:50', '2023-05-11 17:32:50'),
(21, 'Product Testimonial Template', 'product_testimonial_template', 0, 0, 0, 0, 0, 1, '1685126107.jpg', 0, 1, 1, 1, '2023-05-11 17:33:40', '2023-05-27 00:35:07'),
(22, 'Product Client Template', 'product_client_template', 0, 0, 0, 0, 0, 1, NULL, 0, 1, 1, 1, '2023-05-11 17:35:36', '2023-05-11 17:35:36'),
(23, 'Testimonial Template', 'testimonial_template', 1, 0, 0, 0, 0, 0, '1685126407.jpg', 0, 1, 1, 1, '2023-05-12 00:27:31', '2023-05-27 00:40:07'),
(24, 'FAQ Template', 'faq_template', 1, 0, 0, 0, 0, 0, '1685126250.png', 0, 1, 1, 1, '2023-05-12 00:37:56', '2023-05-27 00:37:30');

-- --------------------------------------------------------

--
-- Table structure for table `types`
--

CREATE TABLE `types` (
  `id` int(11) NOT NULL,
  `title` varchar(255) NOT NULL,
  `slug` varchar(255) DEFAULT NULL,
  `in_page` tinyint(1) DEFAULT NULL,
  `in_pagepost` tinyint(1) DEFAULT NULL,
  `in_product` tinyint(1) DEFAULT NULL,
  `in_gallery` tinyint(1) DEFAULT NULL,
  `in_productpost` tinyint(1) DEFAULT NULL,
  `sort_order` int(11) DEFAULT '0',
  `status` tinyint(1) DEFAULT '1',
  `is_archived` int(11) DEFAULT '0',
  `created_at` datetime DEFAULT NULL,
  `updated_at` timestamp NULL DEFAULT CURRENT_TIMESTAMP ON UPDATE CURRENT_TIMESTAMP,
  `created_by` int(11) DEFAULT NULL,
  `updated_by` int(11) DEFAULT NULL
) ENGINE=InnoDB DEFAULT CHARSET=utf8;

--
-- Dumping data for table `types`
--

INSERT INTO `types` (`id`, `title`, `slug`, `in_page`, `in_pagepost`, `in_product`, `in_gallery`, `in_productpost`, `sort_order`, `status`, `is_archived`, `created_at`, `updated_at`, `created_by`, `updated_by`) VALUES
(1, 'Image', 'image', 0, 0, 0, 1, 0, 0, 1, 0, '2023-05-08 20:10:12', '2023-05-08 14:10:12', 1, 1),
(2, 'Video', 'video', 0, 0, 0, 1, 0, 0, 1, 0, '2023-05-08 20:10:21', '2023-05-08 14:10:21', 1, 1),
(3, 'Ecommerce', 'ecommerce', 0, 1, 0, 0, 0, 0, 1, 0, '2023-05-10 16:53:51', '2023-05-10 10:53:51', 1, 1),
(4, 'Real Estate', 'real-estate', 0, 1, 0, 0, 0, 0, 1, 0, '2023-05-10 16:55:12', '2023-05-10 10:55:12', 1, 1);

-- --------------------------------------------------------

--
-- Table structure for table `variations`
--

CREATE TABLE `variations` (
  `id` int(11) NOT NULL,
  `product_id` int(11) DEFAULT NULL,
  `type` varchar(255) DEFAULT NULL,
  `item` varchar(255) DEFAULT NULL,
  `action_type` varchar(255) DEFAULT NULL,
  `amount` decimal(10,2) DEFAULT NULL
) ENGINE=InnoDB DEFAULT CHARSET=utf8;

--
-- Dumping data for table `variations`
--

INSERT INTO `variations` (`id`, `product_id`, `type`, `item`, `action_type`, `amount`) VALUES
(1, 1, 'package', 'package_1', '-', 2000.00),
(2, 1, 'package', 'package_2', '+', 1500.00);

--
-- Indexes for dumped tables
--

--
-- Indexes for table `activity_log`
--
ALTER TABLE `activity_log`
  ADD PRIMARY KEY (`id`);

--
-- Indexes for table `auth_assignment`
--
ALTER TABLE `auth_assignment`
  ADD PRIMARY KEY (`item_name`,`user_id`);

--
-- Indexes for table `auth_item`
--
ALTER TABLE `auth_item`
  ADD PRIMARY KEY (`name`),
  ADD KEY `rule_name` (`rule_name`),
  ADD KEY `type` (`type`);

--
-- Indexes for table `auth_item_child`
--
ALTER TABLE `auth_item_child`
  ADD PRIMARY KEY (`parent`,`child`),
  ADD KEY `child` (`child`);

--
-- Indexes for table `auth_rule`
--
ALTER TABLE `auth_rule`
  ADD PRIMARY KEY (`name`);

--
-- Indexes for table `blog`
--
ALTER TABLE `blog`
  ADD PRIMARY KEY (`id`);

--
-- Indexes for table `category`
--
ALTER TABLE `category`
  ADD PRIMARY KEY (`id`);

--
-- Indexes for table `category_self_rel`
--
ALTER TABLE `category_self_rel`
  ADD PRIMARY KEY (`id`);

--
-- Indexes for table `extra_field`
--
ALTER TABLE `extra_field`
  ADD PRIMARY KEY (`id`);

--
-- Indexes for table `extra_field_values`
--
ALTER TABLE `extra_field_values`
  ADD PRIMARY KEY (`id`);

--
-- Indexes for table `form_fields`
--
ALTER TABLE `form_fields`
  ADD PRIMARY KEY (`id`);

--
-- Indexes for table `form_list`
--
ALTER TABLE `form_list`
  ADD PRIMARY KEY (`id`);

--
-- Indexes for table `form_submitted`
--
ALTER TABLE `form_submitted`
  ADD PRIMARY KEY (`id`);

--
-- Indexes for table `gallery`
--
ALTER TABLE `gallery`
  ADD PRIMARY KEY (`id`);

--
-- Indexes for table `global_settings`
--
ALTER TABLE `global_settings`
  ADD PRIMARY KEY (`id`);

--
-- Indexes for table `jobs`
--
ALTER TABLE `jobs`
  ADD PRIMARY KEY (`id`);

--
-- Indexes for table `mailing_queue`
--
ALTER TABLE `mailing_queue`
  ADD PRIMARY KEY (`id`);

--
-- Indexes for table `media`
--
ALTER TABLE `media`
  ADD PRIMARY KEY (`id`);

--
-- Indexes for table `media_fields`
--
ALTER TABLE `media_fields`
  ADD PRIMARY KEY (`id`);

--
-- Indexes for table `menu`
--
ALTER TABLE `menu`
  ADD PRIMARY KEY (`id`);

--
-- Indexes for table `menu_rels`
--
ALTER TABLE `menu_rels`
  ADD PRIMARY KEY (`id`);

--
-- Indexes for table `migration`
--
ALTER TABLE `migration`
  ADD PRIMARY KEY (`version`);

--
-- Indexes for table `page`
--
ALTER TABLE `page`
  ADD PRIMARY KEY (`id`);

--
-- Indexes for table `page_gallery_rel`
--
ALTER TABLE `page_gallery_rel`
  ADD PRIMARY KEY (`id`);

--
-- Indexes for table `page_post`
--
ALTER TABLE `page_post`
  ADD PRIMARY KEY (`id`);

--
-- Indexes for table `page_self_rels`
--
ALTER TABLE `page_self_rels`
  ADD PRIMARY KEY (`id`);

--
-- Indexes for table `product`
--
ALTER TABLE `product`
  ADD PRIMARY KEY (`id`);

--
-- Indexes for table `product_attribute`
--
ALTER TABLE `product_attribute`
  ADD PRIMARY KEY (`id`);

--
-- Indexes for table `product_category_rel`
--
ALTER TABLE `product_category_rel`
  ADD PRIMARY KEY (`id`);

--
-- Indexes for table `product_gallery_rel`
--
ALTER TABLE `product_gallery_rel`
  ADD PRIMARY KEY (`id`);

--
-- Indexes for table `product_post`
--
ALTER TABLE `product_post`
  ADD PRIMARY KEY (`id`);

--
-- Indexes for table `specifications`
--
ALTER TABLE `specifications`
  ADD PRIMARY KEY (`id`);

--
-- Indexes for table `subscription`
--
ALTER TABLE `subscription`
  ADD PRIMARY KEY (`id`);

--
-- Indexes for table `templates`
--
ALTER TABLE `templates`
  ADD PRIMARY KEY (`id`);

--
-- Indexes for table `types`
--
ALTER TABLE `types`
  ADD PRIMARY KEY (`id`);

--
-- Indexes for table `variations`
--
ALTER TABLE `variations`
  ADD PRIMARY KEY (`id`);

--
-- AUTO_INCREMENT for dumped tables
--

--
-- AUTO_INCREMENT for table `activity_log`
--
ALTER TABLE `activity_log`
  MODIFY `id` int(11) NOT NULL AUTO_INCREMENT, AUTO_INCREMENT=2;

--
-- AUTO_INCREMENT for table `blog`
--
ALTER TABLE `blog`
  MODIFY `id` int(11) NOT NULL AUTO_INCREMENT, AUTO_INCREMENT=7;

--
-- AUTO_INCREMENT for table `category`
--
ALTER TABLE `category`
  MODIFY `id` int(11) NOT NULL AUTO_INCREMENT, AUTO_INCREMENT=9;

--
-- AUTO_INCREMENT for table `category_self_rel`
--
ALTER TABLE `category_self_rel`
  MODIFY `id` int(11) NOT NULL AUTO_INCREMENT, AUTO_INCREMENT=9;

--
-- AUTO_INCREMENT for table `extra_field`
--
ALTER TABLE `extra_field`
  MODIFY `id` int(11) NOT NULL AUTO_INCREMENT, AUTO_INCREMENT=4;

--
-- AUTO_INCREMENT for table `extra_field_values`
--
ALTER TABLE `extra_field_values`
  MODIFY `id` int(11) NOT NULL AUTO_INCREMENT;

--
-- AUTO_INCREMENT for table `form_fields`
--
ALTER TABLE `form_fields`
  MODIFY `id` int(11) NOT NULL AUTO_INCREMENT, AUTO_INCREMENT=26;

--
-- AUTO_INCREMENT for table `form_list`
--
ALTER TABLE `form_list`
  MODIFY `id` int(11) NOT NULL AUTO_INCREMENT, AUTO_INCREMENT=7;

--
-- AUTO_INCREMENT for table `form_submitted`
--
ALTER TABLE `form_submitted`
  MODIFY `id` int(11) NOT NULL AUTO_INCREMENT, AUTO_INCREMENT=3;

--
-- AUTO_INCREMENT for table `gallery`
--
ALTER TABLE `gallery`
  MODIFY `id` int(11) NOT NULL AUTO_INCREMENT, AUTO_INCREMENT=7;

--
-- AUTO_INCREMENT for table `global_settings`
--
ALTER TABLE `global_settings`
  MODIFY `id` int(11) NOT NULL AUTO_INCREMENT, AUTO_INCREMENT=58;

--
-- AUTO_INCREMENT for table `jobs`
--
ALTER TABLE `jobs`
  MODIFY `id` int(11) NOT NULL AUTO_INCREMENT, AUTO_INCREMENT=5;

--
-- AUTO_INCREMENT for table `mailing_queue`
--
ALTER TABLE `mailing_queue`
  MODIFY `id` int(11) NOT NULL AUTO_INCREMENT, AUTO_INCREMENT=2;

--
-- AUTO_INCREMENT for table `media`
--
ALTER TABLE `media`
  MODIFY `id` int(11) NOT NULL AUTO_INCREMENT, AUTO_INCREMENT=266;

--
-- AUTO_INCREMENT for table `media_fields`
--
ALTER TABLE `media_fields`
  MODIFY `id` int(11) NOT NULL AUTO_INCREMENT, AUTO_INCREMENT=161;

--
-- AUTO_INCREMENT for table `menu`
--
ALTER TABLE `menu`
  MODIFY `id` int(11) NOT NULL AUTO_INCREMENT, AUTO_INCREMENT=2;

--
-- AUTO_INCREMENT for table `menu_rels`
--
ALTER TABLE `menu_rels`
  MODIFY `id` int(11) NOT NULL AUTO_INCREMENT, AUTO_INCREMENT=33;

--
-- AUTO_INCREMENT for table `page`
--
ALTER TABLE `page`
  MODIFY `id` int(11) NOT NULL AUTO_INCREMENT, AUTO_INCREMENT=20;

--
-- AUTO_INCREMENT for table `page_gallery_rel`
--
ALTER TABLE `page_gallery_rel`
  MODIFY `id` int(11) NOT NULL AUTO_INCREMENT, AUTO_INCREMENT=6;

--
-- AUTO_INCREMENT for table `page_post`
--
ALTER TABLE `page_post`
  MODIFY `id` int(11) NOT NULL AUTO_INCREMENT, AUTO_INCREMENT=32;

--
-- AUTO_INCREMENT for table `page_self_rels`
--
ALTER TABLE `page_self_rels`
  MODIFY `id` int(11) NOT NULL AUTO_INCREMENT, AUTO_INCREMENT=20;

--
-- AUTO_INCREMENT for table `product`
--
ALTER TABLE `product`
  MODIFY `id` int(11) NOT NULL AUTO_INCREMENT, AUTO_INCREMENT=7;

--
-- AUTO_INCREMENT for table `product_attribute`
--
ALTER TABLE `product_attribute`
  MODIFY `id` int(11) NOT NULL AUTO_INCREMENT, AUTO_INCREMENT=9;

--
-- AUTO_INCREMENT for table `product_category_rel`
--
ALTER TABLE `product_category_rel`
  MODIFY `id` int(11) NOT NULL AUTO_INCREMENT, AUTO_INCREMENT=8;

--
-- AUTO_INCREMENT for table `product_gallery_rel`
--
ALTER TABLE `product_gallery_rel`
  MODIFY `id` int(11) NOT NULL AUTO_INCREMENT, AUTO_INCREMENT=2;

--
-- AUTO_INCREMENT for table `product_post`
--
ALTER TABLE `product_post`
  MODIFY `id` int(11) NOT NULL AUTO_INCREMENT, AUTO_INCREMENT=27;

--
-- AUTO_INCREMENT for table `specifications`
--
ALTER TABLE `specifications`
  MODIFY `id` int(11) NOT NULL AUTO_INCREMENT;

--
-- AUTO_INCREMENT for table `subscription`
--
ALTER TABLE `subscription`
  MODIFY `id` int(11) NOT NULL AUTO_INCREMENT, AUTO_INCREMENT=3;

--
-- AUTO_INCREMENT for table `templates`
--
ALTER TABLE `templates`
  MODIFY `id` int(11) NOT NULL AUTO_INCREMENT, AUTO_INCREMENT=25;

--
-- AUTO_INCREMENT for table `types`
--
ALTER TABLE `types`
  MODIFY `id` int(11) NOT NULL AUTO_INCREMENT, AUTO_INCREMENT=5;

--
-- AUTO_INCREMENT for table `variations`
--
ALTER TABLE `variations`
  MODIFY `id` int(11) NOT NULL AUTO_INCREMENT, AUTO_INCREMENT=3;
COMMIT;

